000
CDUS43 KSGF 260625
CLIUNO


CLIMATE REPORT
NATIONAL WEATHER SERVICE SPRINGFIELD MO
125 AM CDT THU MAR 26 2015


...................................

...THE WEST PLAINS MO CLIMATE SUMMARY FOR MARCH 25 2015...

CLIMATE NORMAL PERIOD 1981 TO 2010
CLIMATE RECORD PERIOD 1947 TO 2015


WEATHER ITEM   OBSERVED TIME   RECORD YEAR NORMAL DEPARTURE LAST
                VALUE   (LST)  VALUE       VALUE  FROM      YEAR
                                                  NORMAL
..................................................................
TEMPERATURE (F)
 YESTERDAY
  MAXIMUM         77    211 PM  79    2012  63     14       44
                                      2007
  MINIMUM         42    611 AM  13    1955  39      3       25
  AVERAGE         60                        51      9       35

PRECIPITATION (IN)
  YESTERDAY        1.21          1.40 2010   0.15   1.06      T
  MONTH TO DATE    3.59                      3.31   0.28     2.68
  SINCE MAR 1      3.59                      3.31   0.28     2.68
  SINCE JAN 1      8.27                      8.87  -0.60     4.53

DEGREE DAYS
 HEATING
  YESTERDAY        5                        14     -9       30
  MONTH TO DATE  455                       466    -11      597
  SINCE MAR 1    455                       466    -11      597
  SINCE JUL 1   4252                      3930    322     4395

 COOLING
  YESTERDAY        0                         0      0        0
  MONTH TO DATE    0                         0      0        0
  SINCE MAR 1      0                         0      0        0
  SINCE JAN 1      0                         0      0        0
..................................................................


WIND (MPH)
  HIGHEST WIND SPEED    29   HIGHEST WIND DIRECTION     W (290)
  HIGHEST GUST SPEED    41   HIGHEST GUST DIRECTION     W (280)
  AVERAGE WIND SPEED     5.9


SKY COVER
  AVERAGE SKY COVER 0.5


WEATHER CONDITIONS
 THE FOLLOWING WEATHER WAS RECORDED YESTERDAY.
  THUNDERSTORM
  HEAVY RAIN
  RAIN
  LIGHT RAIN
  FOG
  FOG W/VISIBILITY <= 1/4 MILE


RELATIVE HUMIDITY (PERCENT)
 HIGHEST   100           700 AM
 LOWEST     23           100 PM
 AVERAGE    62

..........................................................


THE WEST PLAINS MO CLIMATE NORMALS FOR TODAY
                         NORMAL    RECORD    YEAR
 MAXIMUM TEMPERATURE (F)   63        82      1956
 MINIMUM TEMPERATURE (F)   39         7      1955


SUNRISE AND SUNSET
MARCH 26 2015.........SUNRISE   703 AM CDT   SUNSET   725 PM CDT
MARCH 27 2015.........SUNRISE   701 AM CDT   SUNSET   725 PM CDT


-  INDICATES NEGATIVE NUMBERS.
R  INDICATES RECORD WAS SET OR TIED.
MM INDICATES DATA IS MISSING.
T  INDICATES TRACE AMOUNT.




$$
