945
CDUS43 KSGF 150629
CLIUNO


CLIMATE REPORT
NATIONAL WEATHER SERVICE SPRINGFIELD MO
1229 AM CST MON JAN 15 2018


...................................

...THE WEST PLAINS MO CLIMATE SUMMARY FOR JANUARY 14 2018...

CLIMATE NORMAL PERIOD 1981 TO 2010
CLIMATE RECORD PERIOD 1947 TO 2018


WEATHER ITEM   OBSERVED TIME   RECORD YEAR NORMAL DEPARTURE LAST
                VALUE   (LST)  VALUE       VALUE  FROM      YEAR
                                                  NORMAL
..................................................................
TEMPERATURE (F)
 YESTERDAY
  MAXIMUM         25    829 PM  69    1996  44    -19       40
  MINIMUM         14   1209 AM  -3    1979  23     -9       33
  AVERAGE         20                        34    -14       37

PRECIPITATION (IN)
  YESTERDAY        0.04          1.56 1995   0.06  -0.02     0.91
  MONTH TO DATE    0.81                      0.89  -0.08     1.23
  SINCE DEC 1      2.84                      4.53  -1.69     2.25
  SINCE JAN 1      0.81                      0.89  -0.08     1.23

DEGREE DAYS
 HEATING
  YESTERDAY       45                        31     14       28
  MONTH TO DATE  545                       434    111      429
  SINCE DEC 1   1403                      1327     76     1299
  SINCE JUL 1   2066                      2179   -113     1819

 COOLING
  YESTERDAY        0                         0      0        0
  MONTH TO DATE    0                         0      0        0
  SINCE DEC 1      0                         0      0        0
  SINCE JAN 1      0                         0      0        0
..................................................................


WIND (MPH)
  HIGHEST WIND SPEED    14   HIGHEST WIND DIRECTION     S (170)
  HIGHEST GUST SPEED    18   HIGHEST GUST DIRECTION    SE (150)
  AVERAGE WIND SPEED     6.9


SKY COVER
  AVERAGE SKY COVER 0.8


WEATHER CONDITIONS
 THE FOLLOWING WEATHER WAS RECORDED YESTERDAY.
  LIGHT SNOW
  FOG
  HAZE


RELATIVE HUMIDITY (PERCENT)
 HIGHEST    92          1000 PM
 LOWEST     62           300 AM
 AVERAGE    77

..........................................................


THE WEST PLAINS MO CLIMATE NORMALS FOR TODAY
                         NORMAL    RECORD    YEAR
 MAXIMUM TEMPERATURE (F)   44        71      1996
 MINIMUM TEMPERATURE (F)   23        -5      1979


SUNRISE AND SUNSET
JANUARY 15 2018.......SUNRISE   720 AM CST   SUNSET   515 PM CST
JANUARY 16 2018.......SUNRISE   719 AM CST   SUNSET   516 PM CST


-  INDICATES NEGATIVE NUMBERS.
R  INDICATES RECORD WAS SET OR TIED.
MM INDICATES DATA IS MISSING.
T  INDICATES TRACE AMOUNT.




$$
