000
CDUS43 KSGF 242151
CLIUNO


CLIMATE REPORT
NATIONAL WEATHER SERVICE SPRINGFIELD MO
451 PM CDT WED MAY 24 2017


...................................

...THE WEST PLAINS MO CLIMATE SUMMARY FOR MAY 24 2017...
VALID AS OF 0400 PM LOCAL TIME.

CLIMATE NORMAL PERIOD 1981 TO 2010
CLIMATE RECORD PERIOD 1947 TO 2017


WEATHER ITEM   OBSERVED TIME   RECORD YEAR NORMAL DEPARTURE LAST
                VALUE   (LST)  VALUE       VALUE  FROM      YEAR
                                                  NORMAL
..................................................................
TEMPERATURE (F)
 TODAY
  MAXIMUM         64    253 PM  94    2000  78    -14       72
  MINIMUM         49    428 AM  39    1961  57     -8       61
  AVERAGE         57                        68    -11       67

PRECIPITATION (IN)
  TODAY            0.00          1.15 1949   0.12  -0.12     0.95
  MONTH TO DATE    5.09                      4.02   1.07     4.71
  SINCE MAR 1     29.31                     12.79  16.52     9.94
  SINCE JAN 1     33.94                     18.35  15.59    12.58

DEGREE DAYS
 HEATING
  TODAY            8                         2      6        0
  MONTH TO DATE   80                        74      6      112
  SINCE MAR 1    671                       872   -201      692
  SINCE JUL 1   3320                      4336  -1016     3525

 COOLING
  TODAY            0                         4     -4        2
  MONTH TO DATE   60                        61     -1       25
  SINCE MAR 1     88                        89     -1       41
  SINCE JAN 1     89                        89      0       41
..................................................................


WIND (MPH)
  HIGHEST WIND SPEED    18   HIGHEST WIND DIRECTION    NW (320)
  HIGHEST GUST SPEED    26   HIGHEST GUST DIRECTION    NW (320)


SKY COVER
  AVERAGE SKY COVER 0.6


WEATHER CONDITIONS
 THE FOLLOWING WEATHER WAS RECORDED TODAY.
  NO SIGNIFICANT WEATHER WAS OBSERVED.


RELATIVE HUMIDITY (PERCENT)
 HIGHEST    89          1200 AM
 LOWEST     55          1200 PM
 AVERAGE    72

..........................................................


THE WEST PLAINS MO CLIMATE NORMALS FOR TOMORROW
                         NORMAL    RECORD    YEAR
 MAXIMUM TEMPERATURE (F)   79        90      2006
                                             1953
 MINIMUM TEMPERATURE (F)   57        41      1979


SUNRISE AND SUNSET
MAY 24 2017...........SUNRISE   553 AM CDT   SUNSET   816 PM CDT
MAY 25 2017...........SUNRISE   553 AM CDT   SUNSET   817 PM CDT


-  INDICATES NEGATIVE NUMBERS.
R  INDICATES RECORD WAS SET OR TIED.
MM INDICATES DATA IS MISSING.
T  INDICATES TRACE AMOUNT.




$$
