000
CDUS43 KSGF 210640
CLIUNO


CLIMATE REPORT
NATIONAL WEATHER SERVICE SPRINGFIELD MO
1238 AM CST TUE NOV 21 2017


...................................

...THE WEST PLAINS MO CLIMATE SUMMARY FOR NOVEMBER 20 2017...

CLIMATE NORMAL PERIOD 1981 TO 2010
CLIMATE RECORD PERIOD 1947 TO 2017


WEATHER ITEM   OBSERVED TIME   RECORD YEAR NORMAL DEPARTURE LAST
                VALUE   (LST)  VALUE       VALUE  FROM      YEAR
                                                  NORMAL
..................................................................
TEMPERATURE (F)
 YESTERDAY
  MAXIMUM         58    305 PM  75    1982  55      3       52
  MINIMUM         31    156 AM  16    1951  35     -4       26
  AVERAGE         45                        45      0       39

PRECIPITATION (IN)
  YESTERDAY        0.00          1.90 1956   0.16  -0.16     0.00
  MONTH TO DATE    0.45                      3.01  -2.56     0.40
  SINCE SEP 1      2.66                     10.94  -8.28     3.81
  SINCE JAN 1     44.85                     41.01   3.84    35.93

DEGREE DAYS
 HEATING
  YESTERDAY       20                        20      0       26
  MONTH TO DATE  288                       325    -37      209
  SINCE SEP 1    515                       627   -112      321
  SINCE JUL 1    516                       628   -112      321

 COOLING
  YESTERDAY        0                         0      0        0
  MONTH TO DATE    6                         0      6       16
  SINCE SEP 1    288                       180    108      315
  SINCE JAN 1   1389                      1352     37     1604
..................................................................


WIND (MPH)
  HIGHEST WIND SPEED    17   HIGHEST WIND DIRECTION     S (170)
  HIGHEST GUST SPEED    22   HIGHEST GUST DIRECTION     S (170)
  AVERAGE WIND SPEED     8.2


SKY COVER
  AVERAGE SKY COVER 0.0


WEATHER CONDITIONS
 THE FOLLOWING WEATHER WAS RECORDED YESTERDAY.
  NO SIGNIFICANT WEATHER WAS OBSERVED.


RELATIVE HUMIDITY (PERCENT)
 HIGHEST    63           200 AM
 LOWEST     28           200 PM
 AVERAGE    46

..........................................................


THE WEST PLAINS MO CLIMATE NORMALS FOR TODAY
                         NORMAL    RECORD    YEAR
 MAXIMUM TEMPERATURE (F)   54        77      1989
 MINIMUM TEMPERATURE (F)   35        10      1964


SUNRISE AND SUNSET
NOVEMBER 21 2017......SUNRISE   652 AM CST   SUNSET   454 PM CST
NOVEMBER 22 2017......SUNRISE   653 AM CST   SUNSET   454 PM CST


-  INDICATES NEGATIVE NUMBERS.
R  INDICATES RECORD WAS SET OR TIED.
MM INDICATES DATA IS MISSING.
T  INDICATES TRACE AMOUNT.




$$
