600
CDUS43 KSGF 190634
CLIUNO


CLIMATE REPORT
NATIONAL WEATHER SERVICE SPRINGFIELD MO
133 AM CDT FRI MAY 19 2017


...................................

...THE WEST PLAINS MO CLIMATE SUMMARY FOR MAY 18 2017...

CLIMATE NORMAL PERIOD 1981 TO 2010
CLIMATE RECORD PERIOD 1947 TO 2017


WEATHER ITEM   OBSERVED TIME   RECORD YEAR NORMAL DEPARTURE LAST
                VALUE   (LST)  VALUE       VALUE  FROM      YEAR
                                                  NORMAL
..................................................................
TEMPERATURE (F)
 YESTERDAY
  MAXIMUM         83    319 PM  89    2001  77      6       67
  MINIMUM         66    412 AM  37    2002  55     11       48
  AVERAGE         75                        66      9       58

PRECIPITATION (IN)
  YESTERDAY        0.00          1.78 1981   0.14  -0.14     0.00
  MONTH TO DATE    3.31                      3.22   0.09     3.45
  SINCE MAR 1     27.53                     11.99  15.54     8.68
  SINCE JAN 1     32.16                     17.55  14.61    11.32

DEGREE DAYS
 HEATING
  YESTERDAY        0                         2     -2        7
  MONTH TO DATE   63                        62      1       96
  SINCE MAR 1    654                       860   -206      676
  SINCE JUL 1   3303                      4324  -1021     3509

 COOLING
  YESTERDAY       10                         3      7        0
  MONTH TO DATE   51                        38     13       23
  SINCE MAR 1     79                        66     13       39
  SINCE JAN 1     80                        66     14       39
..................................................................


WIND (MPH)
  HIGHEST WIND SPEED    17   HIGHEST WIND DIRECTION     S (170)
  HIGHEST GUST SPEED    22   HIGHEST GUST DIRECTION     S (180)
  AVERAGE WIND SPEED     8.4


SKY COVER
  AVERAGE SKY COVER 0.4


WEATHER CONDITIONS
 THE FOLLOWING WEATHER WAS RECORDED YESTERDAY.
  FOG


RELATIVE HUMIDITY (PERCENT)
 HIGHEST    97           700 AM
 LOWEST     58           100 PM
 AVERAGE    78

..........................................................


THE WEST PLAINS MO CLIMATE NORMALS FOR TODAY
                         NORMAL    RECORD    YEAR
 MAXIMUM TEMPERATURE (F)   77        91      1987
 MINIMUM TEMPERATURE (F)   55        38      2002


SUNRISE AND SUNSET
MAY 19 2017...........SUNRISE   557 AM CDT   SUNSET   812 PM CDT
MAY 20 2017...........SUNRISE   556 AM CDT   SUNSET   813 PM CDT


-  INDICATES NEGATIVE NUMBERS.
R  INDICATES RECORD WAS SET OR TIED.
MM INDICATES DATA IS MISSING.
T  INDICATES TRACE AMOUNT.




$$
