000
CDUS43 KSGF 180628
CLIUNO


CLIMATE REPORT
NATIONAL WEATHER SERVICE SPRINGFIELD MO
127 AM CDT SAT OCT 18 2014


...................................

...THE WEST PLAINS MO CLIMATE SUMMARY FOR OCTOBER 17 2014...

CLIMATE NORMAL PERIOD 1981 TO 2010
CLIMATE RECORD PERIOD 1947 TO 2014


WEATHER ITEM   OBSERVED TIME   RECORD YEAR NORMAL DEPARTURE LAST
                VALUE   (LST)  VALUE       VALUE  FROM      YEAR
                                                  NORMAL
..................................................................
TEMPERATURE (F)
 YESTERDAY
  MAXIMUM         76    221 PM  88    1953  69      7       65
  MINIMUM         50   1150 PM  29    1948  45      5       43
                                      1991
                                      2001
  AVERAGE         63                        57      6       54

PRECIPITATION (IN)
  YESTERDAY        0.00          1.94 1967   0.13  -0.13     0.01
  MONTH TO DATE    7.08                      2.05   5.03     1.60
  SINCE SEP 1      9.28                      6.14   3.14     3.25
  SINCE JAN 1     30.90                     36.21  -5.31    45.48

DEGREE DAYS
 HEATING
  YESTERDAY        2                         9     -7       11
  MONTH TO DATE   93                       113    -20       80
  SINCE SEP 1    137                       154    -17       96
  SINCE JUL 1    139                       155    -16      100

 COOLING
  YESTERDAY        0                         0      0        0
  MONTH TO DATE   24                        20      4       34
  SINCE SEP 1    164                       176    -12      230
  SINCE JAN 1   1219                      1348   -129     1072
..................................................................


WIND (MPH)
  HIGHEST WIND SPEED    17   HIGHEST WIND DIRECTION     W (280)
  HIGHEST GUST SPEED    23   HIGHEST GUST DIRECTION    NW (300)
  AVERAGE WIND SPEED     6.1


SKY COVER
  AVERAGE SKY COVER 0.0


WEATHER CONDITIONS
 THE FOLLOWING WEATHER WAS RECORDED YESTERDAY.
  NO SIGNIFICANT WEATHER WAS OBSERVED.


RELATIVE HUMIDITY (PERCENT)
 HIGHEST    89           300 AM
 LOWEST     31           300 PM
 AVERAGE    60

..........................................................


THE WEST PLAINS MO CLIMATE NORMALS FOR TODAY
                         NORMAL    RECORD    YEAR
 MAXIMUM TEMPERATURE (F)   69        89      1953
 MINIMUM TEMPERATURE (F)   44        24      1948
                                             1976


SUNRISE AND SUNSET
OCTOBER 18 2014.......SUNRISE   718 AM CDT   SUNSET   627 PM CDT
OCTOBER 19 2014.......SUNRISE   719 AM CDT   SUNSET   626 PM CDT


-  INDICATES NEGATIVE NUMBERS.
R  INDICATES RECORD WAS SET OR TIED.
MM INDICATES DATA IS MISSING.
T  INDICATES TRACE AMOUNT.




$$
