000
CDUS43 KSGF 270630
CLIUNO


CLIMATE REPORT
NATIONAL WEATHER SERVICE SPRINGFIELD MO
130 AM CDT SAT JUN 27 2015


...................................

...THE WEST PLAINS MO CLIMATE SUMMARY FOR JUNE 26 2015...

CLIMATE NORMAL PERIOD 1981 TO 2010
CLIMATE RECORD PERIOD 1947 TO 2015


WEATHER ITEM   OBSERVED TIME   RECORD YEAR NORMAL DEPARTURE LAST
                VALUE   (LST)  VALUE       VALUE  FROM      YEAR
                                                  NORMAL
..................................................................
TEMPERATURE (F)
 YESTERDAY
  MAXIMUM         80    851 AM 102    1954  87     -7       84
  MINIMUM         69   1159 PM  48    1974  66      3       66
  AVERAGE         75                        76     -1       75

PRECIPITATION (IN)
  YESTERDAY        0.10          1.20 1953   0.14  -0.04     0.00
  MONTH TO DATE    4.69                      3.49   1.20     3.64
  SINCE JUN 1      4.69                      3.49   1.20     3.64
  SINCE JAN 1     22.30                     22.76  -0.46    15.62

DEGREE DAYS
 HEATING
  YESTERDAY        0                         0      0        0
  MONTH TO DATE    5                         4      1        2
  SINCE JUN 1      5                         4      1        2
  SINCE JUL 1   4642                      4346    296     4859

 COOLING
  YESTERDAY       10                        11     -1       10
  MONTH TO DATE  282                       220     62      217
  SINCE JUN 1    282                       220     62      217
  SINCE JAN 1    404                       342     62      367
..................................................................


WIND (MPH)
  HIGHEST WIND SPEED    16   HIGHEST WIND DIRECTION    NE (40)
  HIGHEST GUST SPEED    20   HIGHEST GUST DIRECTION     N (20)
  AVERAGE WIND SPEED     5.1


SKY COVER
  AVERAGE SKY COVER 0.4


WEATHER CONDITIONS
 THE FOLLOWING WEATHER WAS RECORDED YESTERDAY.
  THUNDERSTORM
  RAIN
  LIGHT RAIN
  FOG


RELATIVE HUMIDITY (PERCENT)
 HIGHEST    97           800 PM
 LOWEST     62           900 AM
 AVERAGE    80

..........................................................


THE WEST PLAINS MO CLIMATE NORMALS FOR TODAY
                         NORMAL    RECORD    YEAR
 MAXIMUM TEMPERATURE (F)   87       101      1952
 MINIMUM TEMPERATURE (F)   66        49      2003
                                             1958


SUNRISE AND SUNSET
JUNE 27 2015..........SUNRISE   550 AM CDT   SUNSET   831 PM CDT
JUNE 28 2015..........SUNRISE   551 AM CDT   SUNSET   831 PM CDT


-  INDICATES NEGATIVE NUMBERS.
R  INDICATES RECORD WAS SET OR TIED.
MM INDICATES DATA IS MISSING.
T  INDICATES TRACE AMOUNT.




$$
