000
CDUS43 KSGF 092226
CLIUNO


CLIMATE REPORT
NATIONAL WEATHER SERVICE SPRINGFIELD MO
426 PM CST FRI FEB 9 2018


...................................

...THE WEST PLAINS MO CLIMATE SUMMARY FOR FEBRUARY 9 2018...
VALID AS OF 0400 PM LOCAL TIME.

CLIMATE NORMAL PERIOD 1981 TO 2010
CLIMATE RECORD PERIOD 1947 TO 2018


WEATHER ITEM   OBSERVED TIME   RECORD YEAR NORMAL DEPARTURE LAST
                VALUE   (LST)  VALUE       VALUE  FROM      YEAR
                                                  NORMAL
..................................................................
TEMPERATURE (F)
 TODAY
  MAXIMUM         60    343 PM  73    1954  48     12       42
  MINIMUM         32    438 AM  -4    1979  25      7       18
  AVERAGE         46                        36     10       30

PRECIPITATION (IN)
  TODAY            0.00          5.14 1966   0.11  -0.11     0.00
  MONTH TO DATE    0.05                      0.86  -0.81     0.00
  SINCE DEC 1      4.10                      7.22  -3.12     3.06
  SINCE JAN 1      2.07                      3.58  -1.51     2.04

DEGREE DAYS
 HEATING
  TODAY           19                        29    -10       35
  MONTH TO DATE  307                       265     42      213
  SINCE DEC 1   2197                      2117     80     1872
  SINCE JUL 1   2860                      2969   -109     2392

 COOLING
  TODAY            0                         0      0        0
  MONTH TO DATE    0                         0      0        0
  SINCE DEC 1      0                         0      0        0
  SINCE JAN 1      0                         0      0        0
..................................................................


WIND (MPH)
  HIGHEST WIND SPEED    16   HIGHEST WIND DIRECTION    SW (210)
  HIGHEST GUST SPEED    23   HIGHEST GUST DIRECTION    SW (220)


SKY COVER
  AVERAGE SKY COVER 0.1


WEATHER CONDITIONS
 THE FOLLOWING WEATHER WAS RECORDED TODAY.
  NO SIGNIFICANT WEATHER WAS OBSERVED.


RELATIVE HUMIDITY (PERCENT)
 HIGHEST    75           400 AM
 LOWEST     46          1100 AM
 AVERAGE    61

..........................................................


THE WEST PLAINS MO CLIMATE NORMALS FOR TOMORROW
                         NORMAL    RECORD    YEAR
 MAXIMUM TEMPERATURE (F)   48        76      1976
 MINIMUM TEMPERATURE (F)   25        -2      2011


SUNRISE AND SUNSET
FEBRUARY  9 2018......SUNRISE   702 AM CST   SUNSET   542 PM CST
FEBRUARY 10 2018......SUNRISE   701 AM CST   SUNSET   543 PM CST


-  INDICATES NEGATIVE NUMBERS.
R  INDICATES RECORD WAS SET OR TIED.
MM INDICATES DATA IS MISSING.
T  INDICATES TRACE AMOUNT.




$$
