000
CDUS43 KSGF 090627
CLIUNO


CLIMATE REPORT
NATIONAL WEATHER SERVICE SPRINGFIELD MO
126 AM CDT MON OCT 9 2017


...................................

...THE WEST PLAINS MO CLIMATE SUMMARY FOR OCTOBER 8 2017...

CLIMATE NORMAL PERIOD 1981 TO 2010
CLIMATE RECORD PERIOD 1947 TO 2017


WEATHER ITEM   OBSERVED TIME   RECORD YEAR NORMAL DEPARTURE LAST
                VALUE   (LST)  VALUE       VALUE  FROM      YEAR
                                                  NORMAL
..................................................................
TEMPERATURE (F)
 YESTERDAY
  MAXIMUM         80    140 PM  91    1979  72      8       71
  MINIMUM         54    447 AM  27    1991  47      7       44
  AVERAGE         67                        60      7       58

PRECIPITATION (IN)
  YESTERDAY        0.00          2.48 2009   0.11  -0.11     0.00
  MONTH TO DATE    0.15                      0.95  -0.80     0.53
  SINCE SEP 1      0.66                      5.04  -4.38     1.88
  SINCE JAN 1     42.85                     35.11   7.74    34.00

DEGREE DAYS
 HEATING
  YESTERDAY        0                         6     -6        7
  MONTH TO DATE    0                        44    -44       19
  SINCE SEP 1      5                        85    -80       29
  SINCE JUL 1      6                        86    -80       29

 COOLING
  YESTERDAY        2                         1      1        0
  MONTH TO DATE   48                        12     36       13
  SINCE SEP 1    257                       168     89      239
  SINCE JAN 1   1358                      1340     18     1528
..................................................................


WIND (MPH)
  HIGHEST WIND SPEED    13   HIGHEST WIND DIRECTION     E (100)
  HIGHEST GUST SPEED    17   HIGHEST GUST DIRECTION    SE (150)
  AVERAGE WIND SPEED     5.1


SKY COVER
  AVERAGE SKY COVER 0.2


WEATHER CONDITIONS
 THE FOLLOWING WEATHER WAS RECORDED YESTERDAY.
  FOG


RELATIVE HUMIDITY (PERCENT)
 HIGHEST   100           100 AM
 LOWEST     50          1000 AM
 AVERAGE    75

..........................................................


THE WEST PLAINS MO CLIMATE NORMALS FOR TODAY
                         NORMAL    RECORD    YEAR
 MAXIMUM TEMPERATURE (F)   72        90      1980
 MINIMUM TEMPERATURE (F)   47        28      2000


SUNRISE AND SUNSET
OCTOBER  9 2017.......SUNRISE   710 AM CDT   SUNSET   639 PM CDT
OCTOBER 10 2017.......SUNRISE   711 AM CDT   SUNSET   638 PM CDT


-  INDICATES NEGATIVE NUMBERS.
R  INDICATES RECORD WAS SET OR TIED.
MM INDICATES DATA IS MISSING.
T  INDICATES TRACE AMOUNT.




$$
