000
CDUS43 KSGF 180629
CLIUNO


CLIMATE REPORT
NATIONAL WEATHER SERVICE SPRINGFIELD MO
129 AM CDT SUN SEP 18 2016


...................................

...THE WEST PLAINS MO CLIMATE SUMMARY FOR SEPTEMBER 17 2016...

CLIMATE NORMAL PERIOD 1981 TO 2010
CLIMATE RECORD PERIOD 1947 TO 2016


WEATHER ITEM   OBSERVED TIME   RECORD YEAR NORMAL DEPARTURE LAST
                VALUE   (LST)  VALUE       VALUE  FROM      YEAR
                                                  NORMAL
..................................................................
TEMPERATURE (F)
 YESTERDAY
  MAXIMUM         83    350 PM  97    1953  80      3       88
  MINIMUM         66   1150 PM  39    1993  56     10       65
  AVERAGE         75                        68      7       77

PRECIPITATION (IN)
  YESTERDAY        0.00          1.13 2011   0.11  -0.11     0.00
  MONTH TO DATE    1.29                      2.41  -1.12     0.97
  SINCE SEP 1      1.29                      2.41  -1.12     0.97
  SINCE JAN 1     33.41                     32.48   0.93    36.68

DEGREE DAYS
 HEATING
  YESTERDAY        0                         1     -1        0
  MONTH TO DATE    0                         5     -5       12
  SINCE SEP 1      0                         5     -5       12
  SINCE JUL 1      0                         6     -6       12

 COOLING
  YESTERDAY       10                         4      6       12
  MONTH TO DATE  157                       119     38      145
  SINCE SEP 1    157                       119     38      145
  SINCE JAN 1   1446                      1291    155     1302
..................................................................


WIND (MPH)
  HIGHEST WIND SPEED     9   HIGHEST WIND DIRECTION     W (280)
  HIGHEST GUST SPEED    14   HIGHEST GUST DIRECTION     W (290)
  AVERAGE WIND SPEED     2.6


SKY COVER
  AVERAGE SKY COVER 0.6


WEATHER CONDITIONS
 THE FOLLOWING WEATHER WAS RECORDED YESTERDAY.
  FOG


RELATIVE HUMIDITY (PERCENT)
 HIGHEST    93          1200 AM
 LOWEST     54           400 PM
 AVERAGE    74

..........................................................


THE WEST PLAINS MO CLIMATE NORMALS FOR TODAY
                         NORMAL    RECORD    YEAR
 MAXIMUM TEMPERATURE (F)   80        96      1972
 MINIMUM TEMPERATURE (F)   56        41      1981


SUNRISE AND SUNSET
SEPTEMBER 18 2016.....SUNRISE   653 AM CDT   SUNSET   710 PM CDT
SEPTEMBER 19 2016.....SUNRISE   653 AM CDT   SUNSET   708 PM CDT


-  INDICATES NEGATIVE NUMBERS.
R  INDICATES RECORD WAS SET OR TIED.
MM INDICATES DATA IS MISSING.
T  INDICATES TRACE AMOUNT.




$$
