000
CDUS43 KSGF 280707
CLIUNO


CLIMATE REPORT
NATIONAL WEATHER SERVICE SPRINGFIELD MO
206 AM CDT FRI AUG 28 2015


...................................

...THE WEST PLAINS MO CLIMATE SUMMARY FOR AUGUST 27 2015...

CLIMATE NORMAL PERIOD 1981 TO 2010
CLIMATE RECORD PERIOD 1947 TO 2015


WEATHER ITEM   OBSERVED TIME   RECORD YEAR NORMAL DEPARTURE LAST
                VALUE   (LST)  VALUE       VALUE  FROM      YEAR
                                                  NORMAL
..................................................................
TEMPERATURE (F)
 YESTERDAY
  MAXIMUM         78    328 PM 103    1954  88    -10       96
  MINIMUM         53    548 AM  52    2010  64    -11       68
                                      1967
  AVERAGE         66                        76    -10       82

PRECIPITATION (IN)
  YESTERDAY        0.00          2.20 1982   0.11  -0.11      T
  MONTH TO DATE    4.35                      2.81   1.54     2.75
  SINCE JUN 1     17.93                     10.38   7.55     9.61
  SINCE JAN 1     35.54                     29.65   5.89    21.59

DEGREE DAYS
 HEATING
  YESTERDAY        0                         0      0        0
  MONTH TO DATE    0                         0      0        0
  SINCE JUN 1      5                         5      0        4
  SINCE JUL 1      0                         0      0        2

 COOLING
  YESTERDAY        1                        11    -10       17
  MONTH TO DATE  243                       337    -94      353
  SINCE JUN 1   1002                      1008     -6      852
  SINCE JAN 1   1124                      1130     -6     1002
..................................................................


WIND (MPH)
  HIGHEST WIND SPEED     9   HIGHEST WIND DIRECTION    SE (120)
  HIGHEST GUST SPEED    13   HIGHEST GUST DIRECTION     W (270)
  AVERAGE WIND SPEED     2.3


SKY COVER
  AVERAGE SKY COVER 0.0


WEATHER CONDITIONS
 THE FOLLOWING WEATHER WAS RECORDED YESTERDAY.
  NO SIGNIFICANT WEATHER WAS OBSERVED.


RELATIVE HUMIDITY (PERCENT)
 HIGHEST    93           200 AM
 LOWEST     45           300 PM
 AVERAGE    69

..........................................................


THE WEST PLAINS MO CLIMATE NORMALS FOR TODAY
                         NORMAL    RECORD    YEAR
 MAXIMUM TEMPERATURE (F)   87       102      2000
 MINIMUM TEMPERATURE (F)   64        46      1967
                                             1986


SUNRISE AND SUNSET
AUGUST 28 2015........SUNRISE   635 AM CDT   SUNSET   742 PM CDT
AUGUST 29 2015........SUNRISE   636 AM CDT   SUNSET   741 PM CDT


-  INDICATES NEGATIVE NUMBERS.
R  INDICATES RECORD WAS SET OR TIED.
MM INDICATES DATA IS MISSING.
T  INDICATES TRACE AMOUNT.




$$
