000
CDUS43 KSGF 190629
CLIUNO


CLIMATE REPORT
NATIONAL WEATHER SERVICE SPRINGFIELD MO
129 AM CDT WED JUL 19 2017


...................................

...THE WEST PLAINS MO CLIMATE SUMMARY FOR JULY 18 2017...

CLIMATE NORMAL PERIOD 1981 TO 2010
CLIMATE RECORD PERIOD 1947 TO 2017


WEATHER ITEM   OBSERVED TIME   RECORD YEAR NORMAL DEPARTURE LAST
                VALUE   (LST)  VALUE       VALUE  FROM      YEAR
                                                  NORMAL
..................................................................
TEMPERATURE (F)
 YESTERDAY
  MAXIMUM         92    335 PM 102    1980  90      2       94
  MINIMUM         71    454 AM  54    2009  67      4       70
                                      1985
  AVERAGE         82                        78      4       82

PRECIPITATION (IN)
  YESTERDAY        0.00          2.09 2002   0.12  -0.12     0.00
  MONTH TO DATE    2.13                      2.17  -0.04     2.93
  SINCE JUN 1      3.80                      6.19  -2.39     7.34
  SINCE JAN 1     39.21                     25.46  13.75    22.08

DEGREE DAYS
 HEATING
  YESTERDAY        0                         0      0        0
  MONTH TO DATE    0                         0      0        0
  SINCE JUN 1      0                         5     -5        0
  SINCE JUL 1      0                         0      0        0

 COOLING
  YESTERDAY       17                        13      4       17
  MONTH TO DATE  243                       230     13      238
  SINCE JUN 1    497                       496      1      588
  SINCE JAN 1    619                       618      1      681
..................................................................


WIND (MPH)
  HIGHEST WIND SPEED    10   HIGHEST WIND DIRECTION    SE (150)
  HIGHEST GUST SPEED    14   HIGHEST GUST DIRECTION     W (250)
  AVERAGE WIND SPEED     3.3


SKY COVER
  AVERAGE SKY COVER 0.0


WEATHER CONDITIONS
 THE FOLLOWING WEATHER WAS RECORDED YESTERDAY.
  NO SIGNIFICANT WEATHER WAS OBSERVED.


RELATIVE HUMIDITY (PERCENT)
 HIGHEST    93           100 AM
 LOWEST     41           300 PM
 AVERAGE    67

..........................................................


THE WEST PLAINS MO CLIMATE NORMALS FOR TODAY
                         NORMAL    RECORD    YEAR
 MAXIMUM TEMPERATURE (F)   90       105      2012
 MINIMUM TEMPERATURE (F)   67        54      2014
                                             2009


SUNRISE AND SUNSET
JULY 19 2017..........SUNRISE   603 AM CDT   SUNSET   824 PM CDT
JULY 20 2017..........SUNRISE   604 AM CDT   SUNSET   824 PM CDT


-  INDICATES NEGATIVE NUMBERS.
R  INDICATES RECORD WAS SET OR TIED.
MM INDICATES DATA IS MISSING.
T  INDICATES TRACE AMOUNT.




$$
