000
CDUS43 KSGF 160629
CLIUNO


CLIMATE REPORT
NATIONAL WEATHER SERVICE SPRINGFIELD MO
129 AM CDT SAT AUG 16 2014


...................................

...THE WEST PLAINS MO CLIMATE SUMMARY FOR AUGUST 15 2014...

CLIMATE NORMAL PERIOD 1981 TO 2010
CLIMATE RECORD PERIOD 1947 TO 2014


WEATHER ITEM   OBSERVED TIME   RECORD YEAR NORMAL DEPARTURE LAST
                VALUE   (LST)  VALUE       VALUE  FROM      YEAR
                                                  NORMAL
..................................................................
TEMPERATURE (F)
 YESTERDAY
  MAXIMUM         86    356 PM 105    1954  90     -4       74
  MINIMUM         60    520 AM  50    2013  65     -5       50
  AVERAGE         73                        78     -5       62

PRECIPITATION (IN)
  YESTERDAY        0.00          2.37 1981   0.09  -0.09     0.00
  MONTH TO DATE    2.75                      1.49   1.26    10.61
  SINCE JUN 1      9.61                      9.06   0.55    20.40
  SINCE JAN 1     21.59                     28.33  -6.74    42.22

DEGREE DAYS
 HEATING
  YESTERDAY        0                         0      0        3
  MONTH TO DATE    0                         0      0        3
  SINCE JUN 1      4                         5     -1       12
  SINCE JUL 1      2                         0      2        3

 COOLING
  YESTERDAY        8                        13     -5        0
  MONTH TO DATE  151                       195    -44      127
  SINCE JUN 1    650                       866   -216      549
  SINCE JAN 1    800                       988   -188      661
..................................................................


WIND (MPH)
  HIGHEST WIND SPEED    10   HIGHEST WIND DIRECTION     S (200)
  HIGHEST GUST SPEED    15   HIGHEST GUST DIRECTION    SW (220)
  AVERAGE WIND SPEED     4.1


SKY COVER
  AVERAGE SKY COVER 0.0


WEATHER CONDITIONS
 THE FOLLOWING WEATHER WAS RECORDED YESTERDAY.
  NO SIGNIFICANT WEATHER WAS OBSERVED.


RELATIVE HUMIDITY (PERCENT)
 HIGHEST    97           300 AM
 LOWEST     42           400 PM
 AVERAGE    70

..........................................................


THE WEST PLAINS MO CLIMATE NORMALS FOR TODAY
                         NORMAL    RECORD    YEAR
 MAXIMUM TEMPERATURE (F)   90       106      1954
 MINIMUM TEMPERATURE (F)   65        50      1994
                                             2004


SUNRISE AND SUNSET
AUGUST 16 2014........SUNRISE   625 AM CDT   SUNSET   758 PM CDT
AUGUST 17 2014........SUNRISE   626 AM CDT   SUNSET   756 PM CDT


-  INDICATES NEGATIVE NUMBERS.
R  INDICATES RECORD WAS SET OR TIED.
MM INDICATES DATA IS MISSING.
T  INDICATES TRACE AMOUNT.




$$
