000
CDUS43 KSGF 120628
CLIUNO


CLIMATE REPORT
NATIONAL WEATHER SERVICE SPRINGFIELD MO
127 AM CDT TUE SEP 12 2017


...................................

...THE WEST PLAINS MO CLIMATE SUMMARY FOR SEPTEMBER 11 2017...

CLIMATE NORMAL PERIOD 1981 TO 2010
CLIMATE RECORD PERIOD 1947 TO 2017


WEATHER ITEM   OBSERVED TIME   RECORD YEAR NORMAL DEPARTURE LAST
                VALUE   (LST)  VALUE       VALUE  FROM      YEAR
                                                  NORMAL
..................................................................
TEMPERATURE (F)
 YESTERDAY
  MAXIMUM         82    256 PM  96    1953  83     -1       79
  MINIMUM         47    300 AM  40    1976  59    -12       52
  AVERAGE         65                        71     -6       66

PRECIPITATION (IN)
  YESTERDAY        0.00          2.57 1975   0.15  -0.15     0.00
  MONTH TO DATE    T                         1.62  -1.62     1.26
  SINCE SEP 1      T                         1.62  -1.62     1.26
  SINCE JAN 1     42.19                     31.69  10.50    33.38

DEGREE DAYS
 HEATING
  YESTERDAY        0                         0      0        0
  MONTH TO DATE    5                         0      5        0
  SINCE SEP 1      5                         0      5        0
  SINCE JUL 1      6                         1      5        0

 COOLING
  YESTERDAY        0                         6     -6        1
  MONTH TO DATE   45                        88    -43      101
  SINCE SEP 1     45                        88    -43      101
  SINCE JAN 1   1146                      1260   -114     1390
..................................................................


WIND (MPH)
  HIGHEST WIND SPEED    16   HIGHEST WIND DIRECTION     E (70)
  HIGHEST GUST SPEED    23   HIGHEST GUST DIRECTION    NE (60)
  AVERAGE WIND SPEED     6.9


SKY COVER
  AVERAGE SKY COVER 0.0


WEATHER CONDITIONS
 THE FOLLOWING WEATHER WAS RECORDED YESTERDAY.
  NO SIGNIFICANT WEATHER WAS OBSERVED.


RELATIVE HUMIDITY (PERCENT)
 HIGHEST    93           300 AM
 LOWEST     26           300 PM
 AVERAGE    60

..........................................................


THE WEST PLAINS MO CLIMATE NORMALS FOR TODAY
                         NORMAL    RECORD    YEAR
 MAXIMUM TEMPERATURE (F)   82        96      1980
 MINIMUM TEMPERATURE (F)   59        45      1959


SUNRISE AND SUNSET
SEPTEMBER 12 2017.....SUNRISE   648 AM CDT   SUNSET   719 PM CDT
SEPTEMBER 13 2017.....SUNRISE   648 AM CDT   SUNSET   718 PM CDT


-  INDICATES NEGATIVE NUMBERS.
R  INDICATES RECORD WAS SET OR TIED.
MM INDICATES DATA IS MISSING.
T  INDICATES TRACE AMOUNT.




$$
