000
CDUS43 KSGF 250652
CLIUNO


CLIMATE REPORT
NATIONAL WEATHER SERVICE SPRINGFIELD MO
1252 AM CST FRI NOV 25 2016


...................................

...THE WEST PLAINS MO CLIMATE SUMMARY FOR NOVEMBER 24 2016...

CLIMATE NORMAL PERIOD 1981 TO 2010
CLIMATE RECORD PERIOD 1947 TO 2016


WEATHER ITEM   OBSERVED TIME   RECORD YEAR NORMAL DEPARTURE LAST
                VALUE   (LST)  VALUE       VALUE  FROM      YEAR
                                                  NORMAL
..................................................................
TEMPERATURE (F)
 YESTERDAY
  MAXIMUM         46    234 PM  73    1966  53     -7       61
  MINIMUM         40    907 AM   6    1950  33      7       33
  AVERAGE         43                        43      0       47

PRECIPITATION (IN)
  YESTERDAY        T             4.01 1973   0.16  -0.16     0.00
  MONTH TO DATE    0.71                      3.63  -2.92     8.32
  SINCE SEP 1      4.12                     11.56  -7.44    10.54
  SINCE JAN 1     36.24                     41.63  -5.39    46.25

DEGREE DAYS
 HEATING
  YESTERDAY       22                        22      0       18
  MONTH TO DATE  284                       410   -126      332
  SINCE SEP 1    396                       712   -316      530
  SINCE JUL 1    396                       713   -317      530

 COOLING
  YESTERDAY        0                         0      0        0
  MONTH TO DATE   16                         0     16        0
  SINCE SEP 1    315                       180    135      209
  SINCE JAN 1   1604                      1352    252     1366
..................................................................


WIND (MPH)
  HIGHEST WIND SPEED    12   HIGHEST WIND DIRECTION    NW (320)
  HIGHEST GUST SPEED    14   HIGHEST GUST DIRECTION    NW (320)
  AVERAGE WIND SPEED     5.5


SKY COVER
  AVERAGE SKY COVER 1.0


WEATHER CONDITIONS
 THE FOLLOWING WEATHER WAS RECORDED YESTERDAY.
  LIGHT RAIN
  FOG


RELATIVE HUMIDITY (PERCENT)
 HIGHEST    96           100 AM
 LOWEST     76           300 PM
 AVERAGE    86

..........................................................


THE WEST PLAINS MO CLIMATE NORMALS FOR TODAY
                         NORMAL    RECORD    YEAR
 MAXIMUM TEMPERATURE (F)   53        75      1990
 MINIMUM TEMPERATURE (F)   33         5      1950


SUNRISE AND SUNSET
NOVEMBER 25 2016......SUNRISE   657 AM CST   SUNSET   453 PM CST
NOVEMBER 26 2016......SUNRISE   658 AM CST   SUNSET   452 PM CST


-  INDICATES NEGATIVE NUMBERS.
R  INDICATES RECORD WAS SET OR TIED.
MM INDICATES DATA IS MISSING.
T  INDICATES TRACE AMOUNT.




$$
