000
CDUS43 KSGF 250631
CLIUNO


CLIMATE REPORT
NATIONAL WEATHER SERVICE SPRINGFIELD MO
130 AM CDT MON MAY 25 2015


...................................

...THE WEST PLAINS MO CLIMATE SUMMARY FOR MAY 24 2015...

CLIMATE NORMAL PERIOD 1981 TO 2010
CLIMATE RECORD PERIOD 1947 TO 2015


WEATHER ITEM   OBSERVED TIME   RECORD YEAR NORMAL DEPARTURE LAST
                VALUE   (LST)  VALUE       VALUE  FROM      YEAR
                                                  NORMAL
..................................................................
TEMPERATURE (F)
 YESTERDAY
  MAXIMUM         79   1257 PM  94    2000  78      1       79
  MINIMUM         64    430 AM  39    1961  57      7       63
  AVERAGE         72                        68      4       71

PRECIPITATION (IN)
  YESTERDAY        0.27          1.15 1949   0.12   0.15     0.10
  MONTH TO DATE    4.99                      4.02   0.97     2.78
  SINCE MAR 1     10.35                     12.79  -2.44    10.10
  SINCE JAN 1     15.03                     18.35  -3.32    11.95

DEGREE DAYS
 HEATING
  YESTERDAY        0                         2     -2        0
  MONTH TO DATE   71                        74     -3      105
  SINCE MAR 1    839                       872    -33     1059
  SINCE JUL 1   4636                      4336    300     4857

 COOLING
  YESTERDAY        7                         4      3        6
  MONTH TO DATE   65                        61      4       91
  SINCE MAR 1     81                        89     -8      100
  SINCE JAN 1     81                        89     -8      100
..................................................................


WIND (MPH)
  HIGHEST WIND SPEED    22   HIGHEST WIND DIRECTION     S (160)
  HIGHEST GUST SPEED    30   HIGHEST GUST DIRECTION     S (170)
  AVERAGE WIND SPEED    10.8


SKY COVER
  AVERAGE SKY COVER 0.5


WEATHER CONDITIONS
 THE FOLLOWING WEATHER WAS RECORDED YESTERDAY.
  THUNDERSTORM
  RAIN
  LIGHT RAIN
  FOG
  HAZE


RELATIVE HUMIDITY (PERCENT)
 HIGHEST    93          1000 PM
 LOWEST     63          1200 AM
 AVERAGE    78

..........................................................


THE WEST PLAINS MO CLIMATE NORMALS FOR TODAY
                         NORMAL    RECORD    YEAR
 MAXIMUM TEMPERATURE (F)   79        90      2006
                                             1953
 MINIMUM TEMPERATURE (F)   57        41      1979


SUNRISE AND SUNSET
MAY 25 2015...........SUNRISE   553 AM CDT   SUNSET   816 PM CDT
MAY 26 2015...........SUNRISE   553 AM CDT   SUNSET   817 PM CDT


-  INDICATES NEGATIVE NUMBERS.
R  INDICATES RECORD WAS SET OR TIED.
MM INDICATES DATA IS MISSING.
T  INDICATES TRACE AMOUNT.




$$
