000
CDUS43 KSGF 142227
CLIUNO


CLIMATE REPORT
NATIONAL WEATHER SERVICE SPRINGFIELD MO
527 PM CDT TUE MAR 14 2017


...................................

...THE WEST PLAINS MO CLIMATE SUMMARY FOR MARCH 14 2017...
VALID TODAY AS OF 0500 PM LOCAL TIME.

CLIMATE NORMAL PERIOD 1981 TO 2010
CLIMATE RECORD PERIOD 1947 TO 2017


WEATHER ITEM   OBSERVED TIME   RECORD YEAR NORMAL DEPARTURE LAST
                VALUE   (LST)  VALUE       VALUE  FROM      YEAR
                                                  NORMAL
..................................................................
TEMPERATURE (F)
 TODAY
  MAXIMUM         34    130 PM  81    2012  59    -25       75
  MINIMUM         30    252 PM  11    1993  35     -5       48
  AVERAGE         32                        47    -15       62

PRECIPITATION (IN)
  TODAY            0.01          1.50 1982   0.14  -0.13     0.00
  MONTH TO DATE    2.56                      1.73   0.83     2.37
  SINCE MAR 1      2.56                      1.73   0.83     2.37
  SINCE JAN 1      7.19                      7.29  -0.10     5.01

DEGREE DAYS
 COOLING
  TODAY            0                         0      0        0
  MONTH TO DATE    0                         0      0        0
  SINCE MAR 1      0                         0      0        0
  SINCE JAN 1      1                         0      1        0
..................................................................


WIND (MPH)
  HIGHEST WIND SPEED    15   HIGHEST WIND DIRECTION     N (350)
  HIGHEST GUST SPEED    20   HIGHEST GUST DIRECTION     N (360)


SKY COVER
  AVERAGE SKY COVER 1.0


WEATHER CONDITIONS
 THE FOLLOWING WEATHER WAS RECORDED TODAY.
  LIGHT SNOW
  FOG
  HAZE


RELATIVE HUMIDITY (PERCENT)
 HIGHEST    89          1200 AM
 LOWEST     69          1000 AM
 AVERAGE    79

..........................................................


THE WEST PLAINS MO CLIMATE NORMALS FOR TOMORROW
                         NORMAL    RECORD    YEAR
 MAXIMUM TEMPERATURE (F)   59        86      2016
 MINIMUM TEMPERATURE (F)   35         4      1984


SUNRISE AND SUNSET
MARCH 14 2017.........SUNRISE   720 AM CDT   SUNSET   714 PM CDT
MARCH 15 2017.........SUNRISE   718 AM CDT   SUNSET   715 PM CDT


-  INDICATES NEGATIVE NUMBERS.
R  INDICATES RECORD WAS SET OR TIED.
MM INDICATES DATA IS MISSING.
T  INDICATES TRACE AMOUNT.




$$
