000
CDUS43 KSGF 240626
CLIUNO


CLIMATE REPORT
NATIONAL WEATHER SERVICE SPRINGFIELD MO
126 AM CDT SUN SEP 24 2017


...................................

...THE WEST PLAINS MO CLIMATE SUMMARY FOR SEPTEMBER 23 2017...

CLIMATE NORMAL PERIOD 1981 TO 2010
CLIMATE RECORD PERIOD 1947 TO 2017


WEATHER ITEM   OBSERVED TIME   RECORD YEAR NORMAL DEPARTURE LAST
                VALUE   (LST)  VALUE       VALUE  FROM      YEAR
                                                  NORMAL
..................................................................
TEMPERATURE (F)
 YESTERDAY
  MAXIMUM         91    315 PM  94    2005  78     13       87
  MINIMUM         63    616 AM  34    1995  54      9       60
  AVERAGE         77                        66     11       74

PRECIPITATION (IN)
  YESTERDAY        0.00          1.82 1996   0.11  -0.11     0.00
  MONTH TO DATE    0.47                      3.12  -2.65     1.29
  SINCE SEP 1      0.47                      3.12  -2.65     1.29
  SINCE JAN 1     42.66                     33.19   9.47    33.41

DEGREE DAYS
 HEATING
  YESTERDAY        0                         2     -2        0
  MONTH TO DATE    5                        15    -10        0
  SINCE SEP 1      5                        15    -10        0
  SINCE JUL 1      6                        16    -10        0

 COOLING
  YESTERDAY       12                         3      9        9
  MONTH TO DATE  164                       140     24      204
  SINCE SEP 1    164                       140     24      204
  SINCE JAN 1   1265                      1312    -47     1493
..................................................................


WIND (MPH)
  HIGHEST WIND SPEED    13   HIGHEST WIND DIRECTION     E (90)
  HIGHEST GUST SPEED    17   HIGHEST GUST DIRECTION     E (100)
  AVERAGE WIND SPEED     2.6


SKY COVER
  AVERAGE SKY COVER 0.1


WEATHER CONDITIONS
 THE FOLLOWING WEATHER WAS RECORDED YESTERDAY.
  FOG


RELATIVE HUMIDITY (PERCENT)
 HIGHEST    93           200 AM
 LOWEST     36           300 PM
 AVERAGE    65

..........................................................


THE WEST PLAINS MO CLIMATE NORMALS FOR TODAY
                         NORMAL    RECORD    YEAR
 MAXIMUM TEMPERATURE (F)   77        90      1961
 MINIMUM TEMPERATURE (F)   53        34      1989
                                             1995


SUNRISE AND SUNSET
SEPTEMBER 24 2017.....SUNRISE   657 AM CDT   SUNSET   701 PM CDT
SEPTEMBER 25 2017.....SUNRISE   658 AM CDT   SUNSET   700 PM CDT


-  INDICATES NEGATIVE NUMBERS.
R  INDICATES RECORD WAS SET OR TIED.
MM INDICATES DATA IS MISSING.
T  INDICATES TRACE AMOUNT.




$$
