000
CDUS43 KSGF 250626
CLIUNO


CLIMATE REPORT
NATIONAL WEATHER SERVICE SPRINGFIELD MO
125 AM CDT TUE APR 25 2017


...................................

...THE WEST PLAINS MO CLIMATE SUMMARY FOR APRIL 24 2017...

CLIMATE NORMAL PERIOD 1981 TO 2010
CLIMATE RECORD PERIOD 1947 TO 2017


WEATHER ITEM   OBSERVED TIME   RECORD YEAR NORMAL DEPARTURE LAST
                VALUE   (LST)  VALUE       VALUE  FROM      YEAR
                                                  NORMAL
..................................................................
TEMPERATURE (F)
 YESTERDAY
  MAXIMUM         75    413 PM  87    1965  72      3       78
  MINIMUM         39    532 AM  30    2005  48     -9       48
  AVERAGE         57                        60     -3       63

PRECIPITATION (IN)
  YESTERDAY        0.00          4.40 2004   0.17  -0.17     0.00
  MONTH TO DATE    6.57                      3.50   3.07     0.99
  SINCE MAR 1     12.86                      7.79   5.07     4.92
  SINCE JAN 1     17.49                     13.35   4.14     7.56

DEGREE DAYS
 HEATING
  YESTERDAY        8                         6      2        2
  MONTH TO DATE  134                       220    -86      176
  SINCE MAR 1    563                       766   -203      570
  SINCE JUL 1   3212                      4230  -1018     3403

 COOLING
  YESTERDAY        0                         1     -1        0
  MONTH TO DATE   20                        19      1        0
  SINCE MAR 1     24                        23      1        4
  SINCE JAN 1     25                        23      2        4
..................................................................


WIND (MPH)
  HIGHEST WIND SPEED    13   HIGHEST WIND DIRECTION     S (170)
  HIGHEST GUST SPEED    17   HIGHEST GUST DIRECTION    SE (150)
  AVERAGE WIND SPEED     4.4


SKY COVER
  AVERAGE SKY COVER 0.0


WEATHER CONDITIONS
 THE FOLLOWING WEATHER WAS RECORDED YESTERDAY.
  NO SIGNIFICANT WEATHER WAS OBSERVED.


RELATIVE HUMIDITY (PERCENT)
 HIGHEST    70           600 AM
 LOWEST     20           200 PM
 AVERAGE    45

..........................................................


THE WEST PLAINS MO CLIMATE NORMALS FOR TODAY
                         NORMAL    RECORD    YEAR
 MAXIMUM TEMPERATURE (F)   72        88      2012
 MINIMUM TEMPERATURE (F)   48        31      2013
                                             1968


SUNRISE AND SUNSET
APRIL 25 2017.........SUNRISE   620 AM CDT   SUNSET   751 PM CDT
APRIL 26 2017.........SUNRISE   619 AM CDT   SUNSET   752 PM CDT


-  INDICATES NEGATIVE NUMBERS.
R  INDICATES RECORD WAS SET OR TIED.
MM INDICATES DATA IS MISSING.
T  INDICATES TRACE AMOUNT.




$$
