000
CDUS43 KSGF 270627
CLIUNO


CLIMATE REPORT
NATIONAL WEATHER SERVICE SPRINGFIELD MO
1227 AM CST SUN NOV 27 2016


...................................

...THE WEST PLAINS MO CLIMATE SUMMARY FOR NOVEMBER 26 2016...

CLIMATE NORMAL PERIOD 1981 TO 2010
CLIMATE RECORD PERIOD 1947 TO 2016


WEATHER ITEM   OBSERVED TIME   RECORD YEAR NORMAL DEPARTURE LAST
                VALUE   (LST)  VALUE       VALUE  FROM      YEAR
                                                  NORMAL
..................................................................
TEMPERATURE (F)
 YESTERDAY
  MAXIMUM         42    441 PM  77    1965  52    -10       63
  MINIMUM         33    630 AM  11    1977  33      0       54
  AVERAGE         38                        42     -4       59

PRECIPITATION (IN)
  YESTERDAY        0.00          2.14 1984   0.16  -0.16      T
  MONTH TO DATE    0.71                      3.96  -3.25     8.32
  SINCE SEP 1      4.12                     11.89  -7.77    10.54
  SINCE JAN 1     36.24                     41.96  -5.72    46.25

DEGREE DAYS
 HEATING
  YESTERDAY       27                        23      4        6
  MONTH TO DATE  330                       455   -125      354
  SINCE SEP 1    442                       757   -315      552
  SINCE JUL 1    442                       758   -316      552

 COOLING
  YESTERDAY        0                         0      0        0
  MONTH TO DATE   16                         0     16        0
  SINCE SEP 1    315                       180    135      209
  SINCE JAN 1   1604                      1352    252     1366
..................................................................


WIND (MPH)
  HIGHEST WIND SPEED     9   HIGHEST WIND DIRECTION     S (180)
  HIGHEST GUST SPEED    13   HIGHEST GUST DIRECTION    SW (220)
  AVERAGE WIND SPEED     4.1


SKY COVER
  AVERAGE SKY COVER 0.9


WEATHER CONDITIONS
 THE FOLLOWING WEATHER WAS RECORDED YESTERDAY.
  LIGHT SNOW
  FOG
  FOG W/VISIBILITY <= 1/4 MILE


RELATIVE HUMIDITY (PERCENT)
 HIGHEST   100           100 AM
 LOWEST     92           900 PM
 AVERAGE    96

..........................................................


THE WEST PLAINS MO CLIMATE NORMALS FOR TODAY
                         NORMAL    RECORD    YEAR
 MAXIMUM TEMPERATURE (F)   52        74      1960
 MINIMUM TEMPERATURE (F)   32         8      1975


SUNRISE AND SUNSET
NOVEMBER 27 2016......SUNRISE   659 AM CST   SUNSET   452 PM CST
NOVEMBER 28 2016......SUNRISE   700 AM CST   SUNSET   452 PM CST


-  INDICATES NEGATIVE NUMBERS.
R  INDICATES RECORD WAS SET OR TIED.
MM INDICATES DATA IS MISSING.
T  INDICATES TRACE AMOUNT.




$$
