000
CDUS43 KSGF 150645
CLIUNO


CLIMATE REPORT
NATIONAL WEATHER SERVICE SPRINGFIELD MO
145 AM CDT THU JUN 15 2017


...................................

...THE WEST PLAINS MO CLIMATE SUMMARY FOR JUNE 14 2017...

CLIMATE NORMAL PERIOD 1981 TO 2010
CLIMATE RECORD PERIOD 1947 TO 2017


WEATHER ITEM   OBSERVED TIME   RECORD YEAR NORMAL DEPARTURE LAST
                VALUE   (LST)  VALUE       VALUE  FROM      YEAR
                                                  NORMAL
..................................................................
TEMPERATURE (F)
 YESTERDAY
  MAXIMUM         88    323 PM  99    1952  84      4       87
  MINIMUM         72    540 AM  47    1985  63      9       70
  AVERAGE         80                        74      6       79

PRECIPITATION (IN)
  YESTERDAY        0.00          2.77 1963   0.13  -0.13     0.00
  MONTH TO DATE    0.37                      1.84  -1.47     3.69
  SINCE JUN 1      0.37                      1.84  -1.47     3.69
  SINCE JAN 1     35.78                     21.11  14.67    18.43

DEGREE DAYS
 HEATING
  YESTERDAY        0                         0      0        0
  MONTH TO DATE    0                         4     -4        0
  SINCE JUN 1      0                         4     -4        0
  SINCE JUL 1   3324                      4346  -1022     3525

 COOLING
  YESTERDAY       15                         9      6       14
  MONTH TO DATE  102                        99      3      112
  SINCE JUN 1    102                        99      3      112
  SINCE JAN 1    224                       221      3      205
..................................................................


WIND (MPH)
  HIGHEST WIND SPEED    17   HIGHEST WIND DIRECTION     S (200)
  HIGHEST GUST SPEED    24   HIGHEST GUST DIRECTION     S (190)
  AVERAGE WIND SPEED     7.9


SKY COVER
  AVERAGE SKY COVER 0.3


WEATHER CONDITIONS
 THE FOLLOWING WEATHER WAS RECORDED YESTERDAY.
  NO SIGNIFICANT WEATHER WAS OBSERVED.


RELATIVE HUMIDITY (PERCENT)
 HIGHEST    93           200 AM
 LOWEST     55           300 PM
 AVERAGE    74

..........................................................


THE WEST PLAINS MO CLIMATE NORMALS FOR TODAY
                         NORMAL    RECORD    YEAR
 MAXIMUM TEMPERATURE (F)   84        99      1952
 MINIMUM TEMPERATURE (F)   63        45      1955


SUNRISE AND SUNSET
JUNE 15 2017..........SUNRISE   548 AM CDT   SUNSET   829 PM CDT
JUNE 16 2017..........SUNRISE   548 AM CDT   SUNSET   829 PM CDT


-  INDICATES NEGATIVE NUMBERS.
R  INDICATES RECORD WAS SET OR TIED.
MM INDICATES DATA IS MISSING.
T  INDICATES TRACE AMOUNT.




$$
