000
CDUS43 KSGF 232130
CLIUNO


CLIMATE REPORT
NATIONAL WEATHER SERVICE SPRINGFIELD MO
429 PM CDT THU JUL 23 2015


...................................

...THE WEST PLAINS MO CLIMATE SUMMARY FOR JULY 23 2015...
VALID AS OF 0400 PM LOCAL TIME.

CLIMATE NORMAL PERIOD 1981 TO 2010
CLIMATE RECORD PERIOD 1947 TO 2015


WEATHER ITEM   OBSERVED TIME   RECORD YEAR NORMAL DEPARTURE LAST
                VALUE   (LST)  VALUE       VALUE  FROM      YEAR
                                                  NORMAL
..................................................................
TEMPERATURE (F)
 TODAY
  MAXIMUM         88    242 PM 100    2001  90     -2       93
  MINIMUM         73    534 AM  54    2007  67      6       67
  AVERAGE         81                        78      3       80

PRECIPITATION (IN)
  TODAY            0.68          2.37 1963   0.12   0.56     0.08
  MONTH TO DATE    7.84                      2.76   5.08     1.62
  SINCE JUN 1     13.56                      6.78   6.78     6.85
  SINCE JAN 1     31.17                     26.05   5.12    18.83

DEGREE DAYS
 HEATING
  TODAY            0                         0      0        0
  MONTH TO DATE    0                         0      0        2
  SINCE JUN 1      5                         5      0        4
  SINCE JUL 1      0                         0      0        2

 COOLING
  TODAY           16                        13      3       15
  MONTH TO DATE  314                       295     19      169
  SINCE JUN 1    629                       561     68      434
  SINCE JAN 1    751                       683     68      584
..................................................................


WIND (MPH)
  HIGHEST WIND SPEED    13   HIGHEST WIND DIRECTION     W (260)
  HIGHEST GUST SPEED    17   HIGHEST GUST DIRECTION     W (270)


SKY COVER
  AVERAGE SKY COVER 0.6


WEATHER CONDITIONS
 THE FOLLOWING WEATHER WAS RECORDED TODAY.
  THUNDERSTORM
  HEAVY RAIN
  RAIN
  LIGHT RAIN
  FOG


RELATIVE HUMIDITY (PERCENT)
 HIGHEST    94          1200 AM
 LOWEST     63           300 PM
 AVERAGE    79

..........................................................


THE WEST PLAINS MO CLIMATE NORMALS FOR TOMORROW
                         NORMAL    RECORD    YEAR
 MAXIMUM TEMPERATURE (F)   90       100      2012
 MINIMUM TEMPERATURE (F)   66        55      2000
                                             2007


SUNRISE AND SUNSET
JULY 23 2015..........SUNRISE   606 AM CDT   SUNSET   822 PM CDT
JULY 24 2015..........SUNRISE   607 AM CDT   SUNSET   821 PM CDT


-  INDICATES NEGATIVE NUMBERS.
R  INDICATES RECORD WAS SET OR TIED.
MM INDICATES DATA IS MISSING.
T  INDICATES TRACE AMOUNT.




$$
