000
CDUS43 KSGF 130629
CLIUNO


CLIMATE REPORT
NATIONAL WEATHER SERVICE SPRINGFIELD MO
129 AM CDT SAT MAY 13 2017


...................................

...THE WEST PLAINS MO CLIMATE SUMMARY FOR MAY 12 2017...

CLIMATE NORMAL PERIOD 1981 TO 2010
CLIMATE RECORD PERIOD 1947 TO 2017


WEATHER ITEM   OBSERVED TIME   RECORD YEAR NORMAL DEPARTURE LAST
                VALUE   (LST)  VALUE       VALUE  FROM      YEAR
                                                  NORMAL
..................................................................
TEMPERATURE (F)
 YESTERDAY
  MAXIMUM         72    322 PM  87    2005  76     -4       75
                                      1956
  MINIMUM         53   1136 PM  30    1960  53      0       50
  AVERAGE         63                        64     -1       63

PRECIPITATION (IN)
  YESTERDAY        0.31          1.68 1967   0.16   0.15     0.31
  MONTH TO DATE    3.31                      2.34   0.97     2.44
  SINCE MAR 1     27.53                     11.11  16.42     7.67
  SINCE JAN 1     32.16                     16.67  15.49    10.31

DEGREE DAYS
 HEATING
  YESTERDAY        2                         3     -1        2
  MONTH TO DATE   62                        45     17       39
  SINCE MAR 1    653                       843   -190      619
  SINCE JUL 1   3302                      4307  -1005     3452

 COOLING
  YESTERDAY        0                         2     -2        0
  MONTH TO DATE   24                        20      4       23
  SINCE MAR 1     52                        48      4       39
  SINCE JAN 1     53                        48      5       39
..................................................................


WIND (MPH)
  HIGHEST WIND SPEED    17   HIGHEST WIND DIRECTION    NE (40)
  HIGHEST GUST SPEED    25   HIGHEST GUST DIRECTION    NE (40)
  AVERAGE WIND SPEED     9.1


SKY COVER
  AVERAGE SKY COVER 0.7


WEATHER CONDITIONS
 THE FOLLOWING WEATHER WAS RECORDED YESTERDAY.
  RAIN
  LIGHT RAIN
  FOG


RELATIVE HUMIDITY (PERCENT)
 HIGHEST    97           600 AM
 LOWEST     53           500 PM
 AVERAGE    75

..........................................................


THE WEST PLAINS MO CLIMATE NORMALS FOR TODAY
                         NORMAL    RECORD    YEAR
 MAXIMUM TEMPERATURE (F)   76        90      1984
 MINIMUM TEMPERATURE (F)   53        33      1960


SUNRISE AND SUNSET
MAY 13 2017...........SUNRISE   601 AM CDT   SUNSET   807 PM CDT
MAY 14 2017...........SUNRISE   600 AM CDT   SUNSET   808 PM CDT


-  INDICATES NEGATIVE NUMBERS.
R  INDICATES RECORD WAS SET OR TIED.
MM INDICATES DATA IS MISSING.
T  INDICATES TRACE AMOUNT.




$$
