000
CDUS43 KSGF 230627
CLIUNO


CLIMATE REPORT
NATIONAL WEATHER SERVICE SPRINGFIELD MO
1227 AM CST SUN NOV 23 2014


...................................

...THE WEST PLAINS MO CLIMATE SUMMARY FOR NOVEMBER 22 2014...

CLIMATE NORMAL PERIOD 1981 TO 2010
CLIMATE RECORD PERIOD 1947 TO 2014


WEATHER ITEM   OBSERVED TIME   RECORD YEAR NORMAL DEPARTURE LAST
                VALUE   (LST)  VALUE       VALUE  FROM      YEAR
                                                  NORMAL
..................................................................
TEMPERATURE (F)
 YESTERDAY
  MAXIMUM         54   1026 AM  75    1973  54      0       51
  MINIMUM         40   1203 AM   8    1964  34      6       32
  AVERAGE         47                        44      3       42

PRECIPITATION (IN)
  YESTERDAY        0.43          4.42 1963   0.16   0.27     0.00
  MONTH TO DATE    1.19                      3.32  -2.13     4.49
  SINCE SEP 1     10.68                     11.25  -0.57     9.65
  SINCE JAN 1     32.30                     41.32  -9.02    51.88

DEGREE DAYS
 HEATING
  YESTERDAY       18                        21     -3       23
  MONTH TO DATE  579                       367    212      383
  SINCE SEP 1    849                       669    180      652
  SINCE JUL 1    851                       670    181      656

 COOLING
  YESTERDAY        0                         0      0        0
  MONTH TO DATE    0                         0      0        0
  SINCE SEP 1    176                       180     -4      231
  SINCE JAN 1   1231                      1352   -121     1073
..................................................................


WIND (MPH)
  HIGHEST WIND SPEED    20   HIGHEST WIND DIRECTION     S (160)
  HIGHEST GUST SPEED    24   HIGHEST GUST DIRECTION    SE (150)
  AVERAGE WIND SPEED    10.1


SKY COVER
  AVERAGE SKY COVER 0.8


WEATHER CONDITIONS
 THE FOLLOWING WEATHER WAS RECORDED YESTERDAY.
  THUNDERSTORM
  HEAVY RAIN
  RAIN
  LIGHT RAIN
  FOG


RELATIVE HUMIDITY (PERCENT)
 HIGHEST    92          1200 AM
 LOWEST     71          1000 AM
 AVERAGE    82

..........................................................


THE WEST PLAINS MO CLIMATE NORMALS FOR TODAY
                         NORMAL    RECORD    YEAR
 MAXIMUM TEMPERATURE (F)   53        70      1965
 MINIMUM TEMPERATURE (F)   34        12      1950


SUNRISE AND SUNSET
NOVEMBER 23 2014......SUNRISE   654 AM CST   SUNSET   454 PM CST
NOVEMBER 24 2014......SUNRISE   655 AM CST   SUNSET   453 PM CST


-  INDICATES NEGATIVE NUMBERS.
R  INDICATES RECORD WAS SET OR TIED.
MM INDICATES DATA IS MISSING.
T  INDICATES TRACE AMOUNT.




$$
