000
CDUS43 KSGF 152226
CLIUNO


CLIMATE REPORT
NATIONAL WEATHER SERVICE SPRINGFIELD MO
526 PM CDT WED MAR 15 2017


...................................

...THE WEST PLAINS MO CLIMATE SUMMARY FOR MARCH 15 2017...
VALID TODAY AS OF 0500 PM LOCAL TIME.

CLIMATE NORMAL PERIOD 1981 TO 2010
CLIMATE RECORD PERIOD 1947 TO 2017


WEATHER ITEM   OBSERVED TIME   RECORD YEAR NORMAL DEPARTURE LAST
                VALUE   (LST)  VALUE       VALUE  FROM      YEAR
                                                  NORMAL
..................................................................
TEMPERATURE (F)
 TODAY
  MAXIMUM         43    349 PM  86    2016  59    -16       86
  MINIMUM         17    653 AM   4    1984  35    -18       52
  AVERAGE         30                        47    -17       69

PRECIPITATION (IN)
  TODAY            0.00          1.48 1990   0.15  -0.15     0.00
  MONTH TO DATE    2.56                      1.88   0.68     2.37
  SINCE MAR 1      2.56                      1.88   0.68     2.37
  SINCE JAN 1      7.19                      7.44  -0.25     5.01

DEGREE DAYS
 COOLING
  TODAY            0                         0      0        4
  MONTH TO DATE    0                         0      0        4
  SINCE MAR 1      0                         0      0        4
  SINCE JAN 1      1                         0      1        4
..................................................................


WIND (MPH)
  HIGHEST WIND SPEED    10   HIGHEST WIND DIRECTION     S (190)
  HIGHEST GUST SPEED    13   HIGHEST GUST DIRECTION     S (160)


SKY COVER
  AVERAGE SKY COVER 0.0


WEATHER CONDITIONS
 THE FOLLOWING WEATHER WAS RECORDED TODAY.
  NO SIGNIFICANT WEATHER WAS OBSERVED.


RELATIVE HUMIDITY (PERCENT)
 HIGHEST    84           100 AM
 LOWEST     28           300 PM
 AVERAGE    56

..........................................................


THE WEST PLAINS MO CLIMATE NORMALS FOR TOMORROW
                         NORMAL    RECORD    YEAR
 MAXIMUM TEMPERATURE (F)   60        82      1982
 MINIMUM TEMPERATURE (F)   36        16      1988


SUNRISE AND SUNSET
MARCH 15 2017.........SUNRISE   718 AM CDT   SUNSET   715 PM CDT
MARCH 16 2017.........SUNRISE   717 AM CDT   SUNSET   716 PM CDT


-  INDICATES NEGATIVE NUMBERS.
R  INDICATES RECORD WAS SET OR TIED.
MM INDICATES DATA IS MISSING.
T  INDICATES TRACE AMOUNT.




$$
