000
CDUS43 KSGF 172231
CLIUNO


CLIMATE REPORT
NATIONAL WEATHER SERVICE SPRINGFIELD MO
430 PM CST MON NOV 17 2014


...................................

...THE WEST PLAINS MO CLIMATE SUMMARY FOR NOVEMBER 17 2014...
VALID AS OF 0400 PM LOCAL TIME.

CLIMATE NORMAL PERIOD 1981 TO 2010
CLIMATE RECORD PERIOD 1947 TO 2014


WEATHER ITEM   OBSERVED TIME   RECORD YEAR NORMAL DEPARTURE LAST
                VALUE   (LST)  VALUE       VALUE  FROM      YEAR
                                                  NORMAL
..................................................................
TEMPERATURE (F)
 TODAY
  MAXIMUM         31    101 PM  78    2013  56    -25       78
  MINIMUM         18    700 AM   8    1959  36    -18       52
  AVERAGE         25                        46    -21       65

PRECIPITATION (IN)
  TODAY            0.00          1.95 2003   0.16  -0.16     0.00
  MONTH TO DATE    0.76                      2.53  -1.77     1.48
  SINCE SEP 1     10.25                     10.46  -0.21     6.64
  SINCE JAN 1     31.87                     40.53  -8.66    48.87

DEGREE DAYS
 HEATING
  TODAY           40                        19     21        0
  MONTH TO DATE  435                       266    169      286
  SINCE SEP 1    705                       568    137      555
  SINCE JUL 1    707                       569    138      559

 COOLING
  TODAY            0                         0      0        0
  MONTH TO DATE    0                         0      0        0
  SINCE SEP 1    176                       180     -4      231
  SINCE JAN 1   1231                      1352   -121     1073
..................................................................


WIND (MPH)
  HIGHEST WIND SPEED    22   HIGHEST WIND DIRECTION    NW (310)
  HIGHEST GUST SPEED    30   HIGHEST GUST DIRECTION     W (290)


SKY COVER
  AVERAGE SKY COVER 0.5


WEATHER CONDITIONS
 THE FOLLOWING WEATHER WAS RECORDED TODAY.
  NO SIGNIFICANT WEATHER WAS OBSERVED.


RELATIVE HUMIDITY (PERCENT)
 HIGHEST    74          1200 AM
 LOWEST     42           200 PM
 AVERAGE    58

..........................................................


THE WEST PLAINS MO CLIMATE NORMALS FOR TOMORROW
                         NORMAL    RECORD    YEAR
 MAXIMUM TEMPERATURE (F)   56        74      2001
 MINIMUM TEMPERATURE (F)   36        12      1959


SUNRISE AND SUNSET
NOVEMBER 17 2014......SUNRISE   648 AM CST   SUNSET   457 PM CST
NOVEMBER 18 2014......SUNRISE   649 AM CST   SUNSET   456 PM CST


-  INDICATES NEGATIVE NUMBERS.
R  INDICATES RECORD WAS SET OR TIED.
MM INDICATES DATA IS MISSING.
T  INDICATES TRACE AMOUNT.




$$
