045
CDUS43 KSGF 210626
CLIUNO


CLIMATE REPORT
NATIONAL WEATHER SERVICE SPRINGFIELD MO
125 AM CDT THU SEP 21 2017


...................................

...THE WEST PLAINS MO CLIMATE SUMMARY FOR SEPTEMBER 20 2017...

CLIMATE NORMAL PERIOD 1981 TO 2010
CLIMATE RECORD PERIOD 1947 TO 2017


WEATHER ITEM   OBSERVED TIME   RECORD YEAR NORMAL DEPARTURE LAST
                VALUE   (LST)  VALUE       VALUE  FROM      YEAR
                                                  NORMAL
..................................................................
TEMPERATURE (F)
 YESTERDAY
  MAXIMUM         91    423 PM  97    1954  79     12       87
  MINIMUM         71    604 AM  35    1991  55     16       63
  AVERAGE         81                        67     14       75

PRECIPITATION (IN)
  YESTERDAY        0.00          1.51 1967   0.12  -0.12     0.00
  MONTH TO DATE    0.47                      2.76  -2.29     1.29
  SINCE SEP 1      0.47                      2.76  -2.29     1.29
  SINCE JAN 1     42.66                     32.83   9.83    33.41

DEGREE DAYS
 HEATING
  YESTERDAY        0                         2     -2        0
  MONTH TO DATE    5                         9     -4        0
  SINCE SEP 1      5                         9     -4        0
  SINCE JUL 1      6                        10     -4        0

 COOLING
  YESTERDAY       16                         4     12       10
  MONTH TO DATE  121                       131    -10      177
  SINCE SEP 1    121                       131    -10      177
  SINCE JAN 1   1222                      1303    -81     1466
..................................................................


WIND (MPH)
  HIGHEST WIND SPEED    16   HIGHEST WIND DIRECTION     S (190)
  HIGHEST GUST SPEED    23   HIGHEST GUST DIRECTION     S (190)
  AVERAGE WIND SPEED     7.8


SKY COVER
  AVERAGE SKY COVER 0.1


WEATHER CONDITIONS
 THE FOLLOWING WEATHER WAS RECORDED YESTERDAY.
  FOG


RELATIVE HUMIDITY (PERCENT)
 HIGHEST    93           200 AM
 LOWEST     47           400 PM
 AVERAGE    70

..........................................................


THE WEST PLAINS MO CLIMATE NORMALS FOR TODAY
                         NORMAL    RECORD    YEAR
 MAXIMUM TEMPERATURE (F)   79        95      1955
 MINIMUM TEMPERATURE (F)   55        35      1991


SUNRISE AND SUNSET
SEPTEMBER 21 2017.....SUNRISE   655 AM CDT   SUNSET   706 PM CDT
SEPTEMBER 22 2017.....SUNRISE   656 AM CDT   SUNSET   704 PM CDT


-  INDICATES NEGATIVE NUMBERS.
R  INDICATES RECORD WAS SET OR TIED.
MM INDICATES DATA IS MISSING.
T  INDICATES TRACE AMOUNT.




$$
