000
CDUS43 KSGF 090641
CLIUNO


CLIMATE REPORT
NATIONAL WEATHER SERVICE SPRINGFIELD MO
1240 AM CST THU FEB 9 2017


...................................

...THE WEST PLAINS MO CLIMATE SUMMARY FOR FEBRUARY 8 2017...

CLIMATE NORMAL PERIOD 1981 TO 2010
CLIMATE RECORD PERIOD 1947 TO 2017


WEATHER ITEM   OBSERVED TIME   RECORD YEAR NORMAL DEPARTURE LAST
                VALUE   (LST)  VALUE       VALUE  FROM      YEAR
                                                  NORMAL
..................................................................
TEMPERATURE (F)
 YESTERDAY
  MAXIMUM         53   1214 PM  69    2015  47      6       41
  MINIMUM         24   1138 PM   0    1985  25     -1       26
  AVERAGE         39                        36      3       34

PRECIPITATION (IN)
  YESTERDAY        0.00          0.91 1956   0.10  -0.10      T
  MONTH TO DATE    0.00                      0.75  -0.75     0.42
  SINCE DEC 1      3.06                      7.11  -4.05    10.39
  SINCE JAN 1      2.04                      3.47  -1.43     1.35

DEGREE DAYS
 HEATING
  YESTERDAY       26                        29     -3       31
  MONTH TO DATE  178                       236    -58      188
  SINCE DEC 1   1837                      2088   -251     1722
  SINCE JUL 1   2357                      2940   -583     2357

 COOLING
  YESTERDAY        0                         0      0        0
  MONTH TO DATE    0                         0      0        0
  SINCE DEC 1      0                         0      0        0
  SINCE JAN 1      0                         0      0        0
..................................................................


WIND (MPH)
  HIGHEST WIND SPEED    21   HIGHEST WIND DIRECTION    NW (320)
  HIGHEST GUST SPEED    27   HIGHEST GUST DIRECTION     N (340)
  AVERAGE WIND SPEED    10.2


SKY COVER
  AVERAGE SKY COVER 0.4


WEATHER CONDITIONS
 THE FOLLOWING WEATHER WAS RECORDED YESTERDAY.
  FOG
  HAZE


RELATIVE HUMIDITY (PERCENT)
 HIGHEST    85           600 AM
 LOWEST     56           100 PM
 AVERAGE    71

..........................................................


THE WEST PLAINS MO CLIMATE NORMALS FOR TODAY
                         NORMAL    RECORD    YEAR
 MAXIMUM TEMPERATURE (F)   48        73      1954
 MINIMUM TEMPERATURE (F)   25        -4      1979


SUNRISE AND SUNSET
FEBRUARY  9 2017......SUNRISE   702 AM CST   SUNSET   542 PM CST
FEBRUARY 10 2017......SUNRISE   701 AM CST   SUNSET   543 PM CST


-  INDICATES NEGATIVE NUMBERS.
R  INDICATES RECORD WAS SET OR TIED.
MM INDICATES DATA IS MISSING.
T  INDICATES TRACE AMOUNT.




$$
