000
CDUS43 KSGF 180626
CLIUNO


CLIMATE REPORT
NATIONAL WEATHER SERVICE SPRINGFIELD MO
126 AM CDT FRI JUL 18 2014


...................................

...THE WEST PLAINS MO CLIMATE SUMMARY FOR JULY 17 2014...

CLIMATE NORMAL PERIOD 1981 TO 2010
CLIMATE RECORD PERIOD 1947 TO 2014


WEATHER ITEM   OBSERVED TIME   RECORD YEAR NORMAL DEPARTURE LAST
                VALUE   (LST)  VALUE       VALUE  FROM      YEAR
                                                  NORMAL
..................................................................
TEMPERATURE (F)
 YESTERDAY
  MAXIMUM         74    224 PM 103    1980  90    -16       93
  MINIMUM         53R   534 AM  54    1990  67    -14       67
  AVERAGE         64                        78    -14       80

PRECIPITATION (IN)
  YESTERDAY        0.00          2.22 2007   0.11  -0.11     0.00
  MONTH TO DATE    1.54                      2.05  -0.51     0.13
  SINCE JUN 1      6.77                      6.07   0.70     3.80
  SINCE JAN 1     18.75                     25.34  -6.59    25.62

DEGREE DAYS
 HEATING
  YESTERDAY        1                         0      1        0
  MONTH TO DATE    2                         0      2        0
  SINCE JUN 1      4                         5     -1        9
  SINCE JUL 1      2                         0      2        0

 COOLING
  YESTERDAY        0                        13    -13       15
  MONTH TO DATE  128                       217    -89      166
  SINCE JUN 1    393                       483    -90      314
  SINCE JAN 1    543                       605    -62      426
..................................................................


WIND (MPH)
  HIGHEST WIND SPEED     9   HIGHEST WIND DIRECTION     E (110)
  HIGHEST GUST SPEED    14   HIGHEST GUST DIRECTION     S (170)
  AVERAGE WIND SPEED     2.7


SKY COVER
  AVERAGE SKY COVER 0.1


WEATHER CONDITIONS
 THE FOLLOWING WEATHER WAS RECORDED YESTERDAY.
  NO SIGNIFICANT WEATHER WAS OBSERVED.


RELATIVE HUMIDITY (PERCENT)
 HIGHEST    93           100 AM
 LOWEST     49          1200 PM
 AVERAGE    71

..........................................................


THE WEST PLAINS MO CLIMATE NORMALS FOR TODAY
                         NORMAL    RECORD    YEAR
 MAXIMUM TEMPERATURE (F)   90       102      1980
 MINIMUM TEMPERATURE (F)   67        54      2009
                                             1985


SUNRISE AND SUNSET
JULY 18 2014..........SUNRISE   602 AM CDT   SUNSET   825 PM CDT
JULY 19 2014..........SUNRISE   603 AM CDT   SUNSET   824 PM CDT


-  INDICATES NEGATIVE NUMBERS.
R  INDICATES RECORD WAS SET OR TIED.
MM INDICATES DATA IS MISSING.
T  INDICATES TRACE AMOUNT.




$$
