000
CDUS43 KSGF 112327
CLIUNO


CLIMATE REPORT
NATIONAL WEATHER SERVICE SPRINGFIELD MO
527 PM CST SAT NOV 11 2017


...................................

...THE WEST PLAINS MO CLIMATE SUMMARY FOR NOVEMBER 11 2017...
VALID TODAY AS OF 0500 PM LOCAL TIME.

CLIMATE NORMAL PERIOD 1981 TO 2010
CLIMATE RECORD PERIOD 1947 TO 2017


WEATHER ITEM   OBSERVED TIME   RECORD YEAR NORMAL DEPARTURE LAST
                VALUE   (LST)  VALUE       VALUE  FROM      YEAR
                                                  NORMAL
..................................................................
TEMPERATURE (F)
 TODAY
  MAXIMUM         52    258 PM  81    1956  59     -7       70
  MINIMUM         29    715 AM  12    1950  38     -9       42
  AVERAGE         41                        49     -8       56

PRECIPITATION (IN)
  TODAY            0.00          1.09 2004   0.16  -0.16     0.00
  MONTH TO DATE    0.29                      1.57  -1.28     0.02
  SINCE SEP 1      2.50                      9.50  -7.00     3.43
  SINCE JAN 1     44.69                     39.57   5.12    35.55

DEGREE DAYS
 HEATING
  TODAY           24                        16      8        9
  MONTH TO DATE  148                       159    -11       80
  SINCE SEP 1    375                       461    -86      192
  SINCE JUL 1    376                       462    -86      192

 COOLING
  TODAY            0                         0      0        0
  MONTH TO DATE    6                         0      6       11
  SINCE SEP 1    288                       180    108      310
  SINCE JAN 1   1389                      1352     37     1599
..................................................................


WIND (MPH)
  HIGHEST WIND SPEED    12   HIGHEST WIND DIRECTION    SE (150)
  HIGHEST GUST SPEED    16   HIGHEST GUST DIRECTION    SE (150)


SKY COVER
  AVERAGE SKY COVER 0.1


WEATHER CONDITIONS
 THE FOLLOWING WEATHER WAS RECORDED TODAY.
  NO SIGNIFICANT WEATHER WAS OBSERVED.


RELATIVE HUMIDITY (PERCENT)
 HIGHEST    78           800 AM
 LOWEST     41           200 PM
 AVERAGE    60

..........................................................


THE WEST PLAINS MO CLIMATE NORMALS FOR TOMORROW
                         NORMAL    RECORD    YEAR
 MAXIMUM TEMPERATURE (F)   59        84      1989
 MINIMUM TEMPERATURE (F)   38        16      1950
                                             1976


SUNRISE AND SUNSET
NOVEMBER 11 2017......SUNRISE   642 AM CST   SUNSET   501 PM CST
NOVEMBER 12 2017......SUNRISE   643 AM CST   SUNSET   500 PM CST


-  INDICATES NEGATIVE NUMBERS.
R  INDICATES RECORD WAS SET OR TIED.
MM INDICATES DATA IS MISSING.
T  INDICATES TRACE AMOUNT.




$$
