000
CDUS43 KSGF 070630
CLIUNO


CLIMATE REPORT
NATIONAL WEATHER SERVICE SPRINGFIELD MO
130 AM CDT MON AUG 7 2017


...................................

...THE WEST PLAINS MO CLIMATE SUMMARY FOR AUGUST 6 2017...

CLIMATE NORMAL PERIOD 1981 TO 2010
CLIMATE RECORD PERIOD 1947 TO 2017


WEATHER ITEM   OBSERVED TIME   RECORD YEAR NORMAL DEPARTURE LAST
                VALUE   (LST)  VALUE       VALUE  FROM      YEAR
                                                  NORMAL
..................................................................
TEMPERATURE (F)
 YESTERDAY
  MAXIMUM         74    415 PM 104    1962  91    -17       81
  MINIMUM         64    739 AM  50    1957  66     -2       72
  AVERAGE         69                        78     -9       77

PRECIPITATION (IN)
  YESTERDAY        0.24          2.20 2013   0.12   0.12     0.25
  MONTH TO DATE    1.29                      0.68   0.61     0.77
  SINCE JUN 1      5.29                      8.25  -2.96    14.52
  SINCE JAN 1     40.70                     27.52  13.18    29.26

DEGREE DAYS
 HEATING
  YESTERDAY        0                         0      0        0
  MONTH TO DATE    1                         0      1        0
  SINCE JUN 1      1                         5     -4        0
  SINCE JUL 1      1                         0      1        0

 COOLING
  YESTERDAY        4                        13     -9       12
  MONTH TO DATE   48                        78    -30       97
  SINCE JUN 1    749                       749      0      902
  SINCE JAN 1    871                       871      0      995
..................................................................


WIND (MPH)
  HIGHEST WIND SPEED    14   HIGHEST WIND DIRECTION    NE (50)
  HIGHEST GUST SPEED    19   HIGHEST GUST DIRECTION    NW (330)
  AVERAGE WIND SPEED     7.6


SKY COVER
  AVERAGE SKY COVER 0.9


WEATHER CONDITIONS
 THE FOLLOWING WEATHER WAS RECORDED YESTERDAY.
  THUNDERSTORM
  RAIN
  LIGHT RAIN
  FOG


RELATIVE HUMIDITY (PERCENT)
 HIGHEST    97           700 PM
 LOWEST     81           200 AM
 AVERAGE    89

..........................................................


THE WEST PLAINS MO CLIMATE NORMALS FOR TODAY
                         NORMAL    RECORD    YEAR
 MAXIMUM TEMPERATURE (F)   91       102      1962
 MINIMUM TEMPERATURE (F)   66        50      1957
                                             2004


SUNRISE AND SUNSET
AUGUST  7 2017........SUNRISE   618 AM CDT   SUNSET   808 PM CDT
AUGUST  8 2017........SUNRISE   619 AM CDT   SUNSET   807 PM CDT


-  INDICATES NEGATIVE NUMBERS.
R  INDICATES RECORD WAS SET OR TIED.
MM INDICATES DATA IS MISSING.
T  INDICATES TRACE AMOUNT.




$$
