000
CDUS43 KSGF 230625
CLIUNO


CLIMATE REPORT
NATIONAL WEATHER SERVICE SPRINGFIELD MO
125 AM CDT WED JUL 23 2014


...................................

...THE WEST PLAINS MO CLIMATE SUMMARY FOR JULY 22 2014...

CLIMATE NORMAL PERIOD 1981 TO 2010
CLIMATE RECORD PERIOD 1947 TO 2014


WEATHER ITEM   OBSERVED TIME   RECORD YEAR NORMAL DEPARTURE LAST
                VALUE   (LST)  VALUE       VALUE  FROM      YEAR
                                                  NORMAL
..................................................................
TEMPERATURE (F)
 YESTERDAY
  MAXIMUM         88    303 PM  99    2005  90     -2       89
  MINIMUM         62    403 AM  49    1970  67     -5       70
  AVERAGE         75                        78     -3       80

PRECIPITATION (IN)
  YESTERDAY        0.00          0.95 1956   0.12  -0.12     0.43
  MONTH TO DATE    1.54                      2.64  -1.10     2.82
  SINCE JUN 1      6.77                      6.66   0.11     6.49
  SINCE JAN 1     18.75                     25.93  -7.18    28.31

DEGREE DAYS
 HEATING
  YESTERDAY        0                         0      0        0
  MONTH TO DATE    2                         0      2        0
  SINCE JUN 1      4                         5     -1        9
  SINCE JUL 1      2                         0      2        0

 COOLING
  YESTERDAY       10                        13     -3       15
  MONTH TO DATE  154                       282   -128      209
  SINCE JUN 1    419                       548   -129      357
  SINCE JAN 1    569                       670   -101      469
..................................................................


WIND (MPH)
  HIGHEST WIND SPEED    10   HIGHEST WIND DIRECTION     S (170)
  HIGHEST GUST SPEED    13   HIGHEST GUST DIRECTION     S (160)
  AVERAGE WIND SPEED     3.2


SKY COVER
  AVERAGE SKY COVER 0.1


WEATHER CONDITIONS
 THE FOLLOWING WEATHER WAS RECORDED YESTERDAY.
  FOG
  HAZE


RELATIVE HUMIDITY (PERCENT)
 HIGHEST    93           500 AM
 LOWEST     59           300 PM
 AVERAGE    76

..........................................................


THE WEST PLAINS MO CLIMATE NORMALS FOR TODAY
                         NORMAL    RECORD    YEAR
 MAXIMUM TEMPERATURE (F)   90       100      2001
 MINIMUM TEMPERATURE (F)   67        54      2007


SUNRISE AND SUNSET
JULY 23 2014..........SUNRISE   606 AM CDT   SUNSET   822 PM CDT
JULY 24 2014..........SUNRISE   607 AM CDT   SUNSET   821 PM CDT


-  INDICATES NEGATIVE NUMBERS.
R  INDICATES RECORD WAS SET OR TIED.
MM INDICATES DATA IS MISSING.
T  INDICATES TRACE AMOUNT.




$$
