000
CDUS43 KSGF 250626
CLIUNO


CLIMATE REPORT
NATIONAL WEATHER SERVICE SPRINGFIELD MO
1226 AM CST SUN JAN 25 2015


...................................

...THE WEST PLAINS MO CLIMATE SUMMARY FOR JANUARY 24 2015...

CLIMATE NORMAL PERIOD 1981 TO 2010
CLIMATE RECORD PERIOD 1947 TO 2015


WEATHER ITEM   OBSERVED TIME   RECORD YEAR NORMAL DEPARTURE LAST
                VALUE   (LST)  VALUE       VALUE  FROM      YEAR
                                                  NORMAL
..................................................................
TEMPERATURE (F)
 YESTERDAY
  MAXIMUM         57    244 PM  76    2002  45     12       33
  MINIMUM         26    439 AM -11    1963  24      2        1
  AVERAGE         42                        34      8       17

PRECIPITATION (IN)
  YESTERDAY        0.00          3.69 1949   0.12  -0.12     0.00
  MONTH TO DATE    1.96                      1.83   0.13     1.57
  SINCE DEC 1      4.93                      5.47  -0.54     3.88
  SINCE JAN 1      1.96                      1.83   0.13     1.57

DEGREE DAYS
 HEATING
  YESTERDAY       23                        31     -8       48
  MONTH TO DATE  778                       744     34      853
  SINCE DEC 1   1608                      1637    -29     1698
  SINCE JUL 1   2620                      2489    131     2610

 COOLING
  YESTERDAY        0                         0      0        0
  MONTH TO DATE    0                         0      0        0
  SINCE DEC 1      0                         0      0        0
  SINCE JAN 1      0                         0      0        0
..................................................................


WIND (MPH)
  HIGHEST WIND SPEED    15   HIGHEST WIND DIRECTION     W (260)
  HIGHEST GUST SPEED    20   HIGHEST GUST DIRECTION    NW (300)
  AVERAGE WIND SPEED     9.0


SKY COVER
  AVERAGE SKY COVER 0.0


WEATHER CONDITIONS
 THE FOLLOWING WEATHER WAS RECORDED YESTERDAY.
  NO SIGNIFICANT WEATHER WAS OBSERVED.


RELATIVE HUMIDITY (PERCENT)
 HIGHEST    81          1200 AM
 LOWEST     35           200 PM
 AVERAGE    58

..........................................................


THE WEST PLAINS MO CLIMATE NORMALS FOR TODAY
                         NORMAL    RECORD    YEAR
 MAXIMUM TEMPERATURE (F)   45        77      1950
 MINIMUM TEMPERATURE (F)   24        -2      1963


SUNRISE AND SUNSET
JANUARY 25 2015.......SUNRISE   715 AM CST   SUNSET   525 PM CST
JANUARY 26 2015.......SUNRISE   714 AM CST   SUNSET   526 PM CST


-  INDICATES NEGATIVE NUMBERS.
R  INDICATES RECORD WAS SET OR TIED.
MM INDICATES DATA IS MISSING.
T  INDICATES TRACE AMOUNT.




$$
