000
CDUS43 KSGF 140632
CLIUNO


CLIMATE REPORT
NATIONAL WEATHER SERVICE SPRINGFIELD MO
132 AM CDT WED SEP 14 2016


...................................

...THE WEST PLAINS MO CLIMATE SUMMARY FOR SEPTEMBER 13 2016...

CLIMATE NORMAL PERIOD 1981 TO 2010
CLIMATE RECORD PERIOD 1947 TO 2016


WEATHER ITEM   OBSERVED TIME   RECORD YEAR NORMAL DEPARTURE LAST
                VALUE   (LST)  VALUE       VALUE  FROM      YEAR
                                                  NORMAL
..................................................................
TEMPERATURE (F)
 YESTERDAY
  MAXIMUM         87    353 PM  96    1980  82      5       73
  MINIMUM         60    614 AM  42    1955  58      2       44
                                      1960
                                      1964
  AVERAGE         74                        70      4       59

PRECIPITATION (IN)
  YESTERDAY        0.00          1.16 1978   0.14  -0.14     0.00
  MONTH TO DATE    1.26                      1.92  -0.66     0.97
  SINCE SEP 1      1.26                      1.92  -0.66     0.97
  SINCE JAN 1     33.38                     31.99   1.39    36.68

DEGREE DAYS
 HEATING
  YESTERDAY        0                         1     -1        6
  MONTH TO DATE    0                         1     -1       12
  SINCE SEP 1      0                         1     -1       12
  SINCE JUL 1      0                         2     -2       12

 COOLING
  YESTERDAY        9                         6      3        0
  MONTH TO DATE  112                       100     12      123
  SINCE SEP 1    112                       100     12      123
  SINCE JAN 1   1401                      1272    129     1280
..................................................................


WIND (MPH)
  HIGHEST WIND SPEED     9   HIGHEST WIND DIRECTION    SE (150)
  HIGHEST GUST SPEED    12   HIGHEST GUST DIRECTION    SE (150)
  AVERAGE WIND SPEED     2.1


SKY COVER
  AVERAGE SKY COVER 0.1


WEATHER CONDITIONS
 THE FOLLOWING WEATHER WAS RECORDED YESTERDAY.
  NO SIGNIFICANT WEATHER WAS OBSERVED.


RELATIVE HUMIDITY (PERCENT)
 HIGHEST    90           200 AM
 LOWEST     50           400 PM
 AVERAGE    70

..........................................................


THE WEST PLAINS MO CLIMATE NORMALS FOR TODAY
                         NORMAL    RECORD    YEAR
 MAXIMUM TEMPERATURE (F)   81        99      1954
 MINIMUM TEMPERATURE (F)   58        45      2014
                                             1999


SUNRISE AND SUNSET
SEPTEMBER 14 2016.....SUNRISE   649 AM CDT   SUNSET   716 PM CDT
SEPTEMBER 15 2016.....SUNRISE   650 AM CDT   SUNSET   714 PM CDT


-  INDICATES NEGATIVE NUMBERS.
R  INDICATES RECORD WAS SET OR TIED.
MM INDICATES DATA IS MISSING.
T  INDICATES TRACE AMOUNT.




$$
