000
CDUS43 KSGF 130626
CLIUNO


CLIMATE REPORT
NATIONAL WEATHER SERVICE SPRINGFIELD MO
126 AM CDT THU APR 13 2017


...................................

...THE WEST PLAINS MO CLIMATE SUMMARY FOR APRIL 12 2017...

CLIMATE NORMAL PERIOD 1981 TO 2010
CLIMATE RECORD PERIOD 1947 TO 2017


WEATHER ITEM   OBSERVED TIME   RECORD YEAR NORMAL DEPARTURE LAST
                VALUE   (LST)  VALUE       VALUE  FROM      YEAR
                                                  NORMAL
..................................................................
TEMPERATURE (F)
 YESTERDAY
  MAXIMUM         75    405 PM  87    1972  69      6       63
  MINIMUM         40    553 AM  23    1990  44     -4       38
  AVERAGE         58                        56      2       51

PRECIPITATION (IN)
  YESTERDAY        0.00          1.71 1952   0.15  -0.15     0.00
  MONTH TO DATE    1.45                      1.63  -0.18     0.93
  SINCE MAR 1      7.74                      5.92   1.82     4.86
  SINCE JAN 1     12.37                     11.48   0.89     7.50

DEGREE DAYS
 HEATING
  YESTERDAY        7                         9     -2       14
  MONTH TO DATE   84                       129    -45      135
  SINCE MAR 1    513                       675   -162      529
  SINCE JUL 1   3162                      4139   -977     3362

 COOLING
  YESTERDAY        0                         1     -1        0
  MONTH TO DATE    2                         7     -5        0
  SINCE MAR 1      6                        11     -5        4
  SINCE JAN 1      7                        11     -4        4
..................................................................


WIND (MPH)
  HIGHEST WIND SPEED    12   HIGHEST WIND DIRECTION    SE (130)
  HIGHEST GUST SPEED    16   HIGHEST GUST DIRECTION    SE (140)
  AVERAGE WIND SPEED     3.9


SKY COVER
  AVERAGE SKY COVER 0.0


WEATHER CONDITIONS
 THE FOLLOWING WEATHER WAS RECORDED YESTERDAY.
  HAZE


RELATIVE HUMIDITY (PERCENT)
 HIGHEST    92           500 AM
 LOWEST     27           500 PM
 AVERAGE    60

..........................................................


THE WEST PLAINS MO CLIMATE NORMALS FOR TODAY
                         NORMAL    RECORD    YEAR
 MAXIMUM TEMPERATURE (F)   69        90      1972
 MINIMUM TEMPERATURE (F)   44        24      1990


SUNRISE AND SUNSET
APRIL 13 2017.........SUNRISE   636 AM CDT   SUNSET   741 PM CDT
APRIL 14 2017.........SUNRISE   635 AM CDT   SUNSET   742 PM CDT


-  INDICATES NEGATIVE NUMBERS.
R  INDICATES RECORD WAS SET OR TIED.
MM INDICATES DATA IS MISSING.
T  INDICATES TRACE AMOUNT.




$$
