000
CDUS43 KSGF 240626
CLIUNO


CLIMATE REPORT
NATIONAL WEATHER SERVICE SPRINGFIELD MO
126 AM CDT WED AUG 24 2016


...................................

...THE WEST PLAINS MO CLIMATE SUMMARY FOR AUGUST 23 2016...

CLIMATE NORMAL PERIOD 1981 TO 2010
CLIMATE RECORD PERIOD 1947 TO 2016


WEATHER ITEM   OBSERVED TIME   RECORD YEAR NORMAL DEPARTURE LAST
                VALUE   (LST)  VALUE       VALUE  FROM      YEAR
                                                  NORMAL
..................................................................
TEMPERATURE (F)
 YESTERDAY
  MAXIMUM         84    410 PM 101    2000  89     -5       81
  MINIMUM         67   1227 AM  50    1949  65      2       63
  AVERAGE         76                        77     -1       72

PRECIPITATION (IN)
  YESTERDAY        0.27          0.93 1988   0.11   0.16     0.02
  MONTH TO DATE    3.63                      2.38   1.25     4.35
  SINCE JUN 1     17.38                      9.95   7.43    17.93
  SINCE JAN 1     32.12                     29.22   2.90    35.54

DEGREE DAYS
 HEATING
  YESTERDAY        0                         0      0        0
  MONTH TO DATE    0                         0      0        0
  SINCE JUN 1      0                         5     -5        5
  SINCE JUL 1      0                         0      0        0

 COOLING
  YESTERDAY       11                        12     -1        7
  MONTH TO DATE  275                       293    -18      230
  SINCE JUN 1   1080                       964    116      989
  SINCE JAN 1   1173                      1086     87     1111
..................................................................


WIND (MPH)
  HIGHEST WIND SPEED    14   HIGHEST WIND DIRECTION     S (180)
  HIGHEST GUST SPEED    17   HIGHEST GUST DIRECTION     S (170)
  AVERAGE WIND SPEED     5.9


SKY COVER
  AVERAGE SKY COVER 0.6


WEATHER CONDITIONS
 THE FOLLOWING WEATHER WAS RECORDED YESTERDAY.
  HEAVY RAIN
  LIGHT RAIN
  FOG


RELATIVE HUMIDITY (PERCENT)
 HIGHEST    87          1200 PM
 LOWEST     65           600 PM
 AVERAGE    76

..........................................................


THE WEST PLAINS MO CLIMATE NORMALS FOR TODAY
                         NORMAL    RECORD    YEAR
 MAXIMUM TEMPERATURE (F)   89       100      1978
 MINIMUM TEMPERATURE (F)   64        51      1949
                                             1984


SUNRISE AND SUNSET
AUGUST 24 2016........SUNRISE   632 AM CDT   SUNSET   746 PM CDT
AUGUST 25 2016........SUNRISE   633 AM CDT   SUNSET   745 PM CDT


-  INDICATES NEGATIVE NUMBERS.
R  INDICATES RECORD WAS SET OR TIED.
MM INDICATES DATA IS MISSING.
T  INDICATES TRACE AMOUNT.




$$
