000
CDUS43 KSGF 170633
CLIUNO


CLIMATE REPORT
NATIONAL WEATHER SERVICE SPRINGFIELD MO
132 AM CDT SUN AUG 17 2014


...................................

...THE WEST PLAINS MO CLIMATE SUMMARY FOR AUGUST 16 2014...

CLIMATE NORMAL PERIOD 1981 TO 2010
CLIMATE RECORD PERIOD 1947 TO 2014


WEATHER ITEM   OBSERVED TIME   RECORD YEAR NORMAL DEPARTURE LAST
                VALUE   (LST)  VALUE       VALUE  FROM      YEAR
                                                  NORMAL
..................................................................
TEMPERATURE (F)
 YESTERDAY
  MAXIMUM         87    444 PM 106    1954  90     -3       74
  MINIMUM         70    628 AM  50    1994  65      5       53
                                      2004
  AVERAGE         79                        78      1       64

PRECIPITATION (IN)
  YESTERDAY        0.00          1.43 1977   0.11  -0.11     0.00
  MONTH TO DATE    2.75                      1.60   1.15    10.61
  SINCE JUN 1      9.61                      9.17   0.44    20.40
  SINCE JAN 1     21.59                     28.44  -6.85    42.22

DEGREE DAYS
 HEATING
  YESTERDAY        0                         0      0        1
  MONTH TO DATE    0                         0      0        4
  SINCE JUN 1      4                         5     -1       13
  SINCE JUL 1      2                         0      2        4

 COOLING
  YESTERDAY       14                        13      1        0
  MONTH TO DATE  165                       208    -43      127
  SINCE JUN 1    664                       879   -215      549
  SINCE JAN 1    814                      1001   -187      661
..................................................................


WIND (MPH)
  HIGHEST WIND SPEED    14   HIGHEST WIND DIRECTION     S (190)
  HIGHEST GUST SPEED    19   HIGHEST GUST DIRECTION     S (180)
  AVERAGE WIND SPEED     7.1


SKY COVER
  AVERAGE SKY COVER 0.3


WEATHER CONDITIONS
 THE FOLLOWING WEATHER WAS RECORDED YESTERDAY.
  NO SIGNIFICANT WEATHER WAS OBSERVED.


RELATIVE HUMIDITY (PERCENT)
 HIGHEST    79           200 AM
 LOWEST     57           500 PM
 AVERAGE    68

..........................................................


THE WEST PLAINS MO CLIMATE NORMALS FOR TODAY
                         NORMAL    RECORD    YEAR
 MAXIMUM TEMPERATURE (F)   90       105      1954
 MINIMUM TEMPERATURE (F)   65        52      1994
                                             2004


SUNRISE AND SUNSET
AUGUST 17 2014........SUNRISE   626 AM CDT   SUNSET   756 PM CDT
AUGUST 18 2014........SUNRISE   627 AM CDT   SUNSET   755 PM CDT


-  INDICATES NEGATIVE NUMBERS.
R  INDICATES RECORD WAS SET OR TIED.
MM INDICATES DATA IS MISSING.
T  INDICATES TRACE AMOUNT.




$$
