634
CDUS43 KSGF 282128
CLIUNO


CLIMATE REPORT
NATIONAL WEATHER SERVICE SPRINGFIELD MO
427 PM CDT THU APR 28 2016


...................................

...THE WEST PLAINS MO CLIMATE SUMMARY FOR APRIL 28 2016...
VALID AS OF 0400 PM LOCAL TIME.

CLIMATE NORMAL PERIOD 1981 TO 2010
CLIMATE RECORD PERIOD 1947 TO 2016


WEATHER ITEM   OBSERVED TIME   RECORD YEAR NORMAL DEPARTURE LAST
                VALUE   (LST)  VALUE       VALUE  FROM      YEAR
                                                  NORMAL
..................................................................
TEMPERATURE (F)
 TODAY
  MAXIMUM         78    259 PM  88    1970  73      5       65
  MINIMUM         49    543 AM  27    1992  49      0       41
  AVERAGE         64                        61      3       53

PRECIPITATION (IN)
  TODAY            0.00          1.26 1991   0.15  -0.15     0.00
  MONTH TO DATE    1.30                      4.15  -2.85     1.33
  SINCE MAR 1      5.23                      8.44  -3.21     5.36
  SINCE JAN 1      7.87                     14.00  -6.13    10.04

DEGREE DAYS
 HEATING
  TODAY            1                         5     -4       12
  MONTH TO DATE  177                       242    -65      196
  SINCE MAR 1    571                       788   -217      755
  SINCE JUL 1   3404                      4252   -848     4552

 COOLING
  TODAY            0                         1     -1        0
  MONTH TO DATE   10                        23    -13       16
  SINCE MAR 1     14                        27    -13       16
  SINCE JAN 1     14                        27    -13       16
..................................................................


WIND (MPH)
  HIGHEST WIND SPEED    18   HIGHEST WIND DIRECTION     W (280)
  HIGHEST GUST SPEED    25   HIGHEST GUST DIRECTION     W (270)


SKY COVER
  AVERAGE SKY COVER 0.0


WEATHER CONDITIONS
 THE FOLLOWING WEATHER WAS RECORDED TODAY.
  NO SIGNIFICANT WEATHER WAS OBSERVED.


RELATIVE HUMIDITY (PERCENT)
 HIGHEST    89           200 AM
 LOWEST     26           300 PM
 AVERAGE    58

..........................................................


THE WEST PLAINS MO CLIMATE NORMALS FOR TOMORROW
                         NORMAL    RECORD    YEAR
 MAXIMUM TEMPERATURE (F)   73        90      1952
 MINIMUM TEMPERATURE (F)   49        27      1992


SUNRISE AND SUNSET
APRIL 28 2016.........SUNRISE   616 AM CDT   SUNSET   754 PM CDT
APRIL 29 2016.........SUNRISE   615 AM CDT   SUNSET   755 PM CDT


-  INDICATES NEGATIVE NUMBERS.
R  INDICATES RECORD WAS SET OR TIED.
MM INDICATES DATA IS MISSING.
T  INDICATES TRACE AMOUNT.




$$
