000
CDUS43 KSGF 140628
CLIUNO


CLIMATE REPORT
NATIONAL WEATHER SERVICE SPRINGFIELD MO
127 AM CDT TUE OCT 14 2014


...................................

...THE WEST PLAINS MO CLIMATE SUMMARY FOR OCTOBER 13 2014...

CLIMATE NORMAL PERIOD 1981 TO 2010
CLIMATE RECORD PERIOD 1947 TO 2014


WEATHER ITEM   OBSERVED TIME   RECORD YEAR NORMAL DEPARTURE LAST
                VALUE   (LST)  VALUE       VALUE  FROM      YEAR
                                                  NORMAL
..................................................................
TEMPERATURE (F)
 YESTERDAY
  MAXIMUM         68    810 AM  93    1989  71     -3       73
  MINIMUM         54   1159 PM  29    1987  46      8       49
  AVERAGE         61                        58      3       61

PRECIPITATION (IN)
  YESTERDAY        0.94          2.08 1970   0.12   0.82     0.00
  MONTH TO DATE    6.95                      1.54   5.41     1.35
  SINCE SEP 1      9.15                      5.63   3.52     3.00
  SINCE JAN 1     30.77                     35.70  -4.93    45.23

DEGREE DAYS
 HEATING
  YESTERDAY        4                         8     -4        4
  MONTH TO DATE   65                        80    -15       49
  SINCE SEP 1    109                       121    -12       65
  SINCE JUL 1    111                       122    -11       69

 COOLING
  YESTERDAY        0                         1     -1        0
  MONTH TO DATE   24                        17      7       34
  SINCE SEP 1    164                       173     -9      230
  SINCE JAN 1   1219                      1345   -126     1072
..................................................................


WIND (MPH)
  HIGHEST WIND SPEED    30   HIGHEST WIND DIRECTION    SW (220)
  HIGHEST GUST SPEED    40   HIGHEST GUST DIRECTION    SW (230)
  AVERAGE WIND SPEED    11.4


SKY COVER
  AVERAGE SKY COVER 0.8


WEATHER CONDITIONS
 THE FOLLOWING WEATHER WAS RECORDED YESTERDAY.
  THUNDERSTORM
  HEAVY RAIN
  RAIN
  LIGHT RAIN
  FOG


RELATIVE HUMIDITY (PERCENT)
 HIGHEST    93          1200 AM
 LOWEST     73           400 PM
 AVERAGE    83

..........................................................


THE WEST PLAINS MO CLIMATE NORMALS FOR TODAY
                         NORMAL    RECORD    YEAR
 MAXIMUM TEMPERATURE (F)   70        91      1963
 MINIMUM TEMPERATURE (F)   45        29      1979


SUNRISE AND SUNSET
OCTOBER 14 2014.......SUNRISE   714 AM CDT   SUNSET   632 PM CDT
OCTOBER 15 2014.......SUNRISE   715 AM CDT   SUNSET   631 PM CDT


-  INDICATES NEGATIVE NUMBERS.
R  INDICATES RECORD WAS SET OR TIED.
MM INDICATES DATA IS MISSING.
T  INDICATES TRACE AMOUNT.




$$
