000
CDUS43 KSGF 140628
CLIUNO


CLIMATE REPORT
NATIONAL WEATHER SERVICE SPRINGFIELD MO
128 AM CDT SUN AUG 14 2016


...................................

...THE WEST PLAINS MO CLIMATE SUMMARY FOR AUGUST 13 2016...

CLIMATE NORMAL PERIOD 1981 TO 2010
CLIMATE RECORD PERIOD 1947 TO 2016


WEATHER ITEM   OBSERVED TIME   RECORD YEAR NORMAL DEPARTURE LAST
                VALUE   (LST)  VALUE       VALUE  FROM      YEAR
                                                  NORMAL
..................................................................
TEMPERATURE (F)
 YESTERDAY
  MAXIMUM         79    349 PM 101    2007  90    -11       84
                                      1954
  MINIMUM         69   1159 PM  46    2004  66      3       60
  AVERAGE         74                        78     -4       72

PRECIPITATION (IN)
  YESTERDAY        0.20          1.69 2002   0.09   0.11     0.00
  MONTH TO DATE    1.62                      1.31   0.31     2.75
  SINCE JUN 1     15.37                      8.88   6.49    16.33
  SINCE JAN 1     30.11                     28.15   1.96    33.94

DEGREE DAYS
 HEATING
  YESTERDAY        0                         0      0        0
  MONTH TO DATE    0                         0      0        0
  SINCE JUN 1      0                         5     -5        5
  SINCE JUL 1      0                         0      0        0

 COOLING
  YESTERDAY        9                        13     -4        7
  MONTH TO DATE  196                       169     27      158
  SINCE JUN 1   1001                       840    161      917
  SINCE JAN 1   1094                       962    132     1039
..................................................................


WIND (MPH)
  HIGHEST WIND SPEED    13   HIGHEST WIND DIRECTION     N (10)
  HIGHEST GUST SPEED    18   HIGHEST GUST DIRECTION     N (10)
  AVERAGE WIND SPEED     5.7


SKY COVER
  AVERAGE SKY COVER 0.8


WEATHER CONDITIONS
 THE FOLLOWING WEATHER WAS RECORDED YESTERDAY.
  HEAVY RAIN
  LIGHT RAIN
  FOG


RELATIVE HUMIDITY (PERCENT)
 HIGHEST    93          1200 AM
 LOWEST     74           400 PM
 AVERAGE    84

..........................................................


THE WEST PLAINS MO CLIMATE NORMALS FOR TODAY
                         NORMAL    RECORD    YEAR
 MAXIMUM TEMPERATURE (F)   90       103      1954
 MINIMUM TEMPERATURE (F)   65        48      2004


SUNRISE AND SUNSET
AUGUST 14 2016........SUNRISE   624 AM CDT   SUNSET   759 PM CDT
AUGUST 15 2016........SUNRISE   625 AM CDT   SUNSET   758 PM CDT


-  INDICATES NEGATIVE NUMBERS.
R  INDICATES RECORD WAS SET OR TIED.
MM INDICATES DATA IS MISSING.
T  INDICATES TRACE AMOUNT.




$$
