000
CDUS43 KSGF 092129
CLIUNO


CLIMATE REPORT
NATIONAL WEATHER SERVICE SPRINGFIELD MO
429 PM CDT SAT SEP 9 2017


...................................

...THE WEST PLAINS MO CLIMATE SUMMARY FOR SEPTEMBER 9 2017...
VALID AS OF 0400 PM LOCAL TIME.

CLIMATE NORMAL PERIOD 1981 TO 2010
CLIMATE RECORD PERIOD 1947 TO 2017


WEATHER ITEM   OBSERVED TIME   RECORD YEAR NORMAL DEPARTURE LAST
                VALUE   (LST)  VALUE       VALUE  FROM      YEAR
                                                  NORMAL
..................................................................
TEMPERATURE (F)
 TODAY
  MAXIMUM         84    236 PM  99    1980  83      1       90
  MINIMUM         52    457 AM  41    1956  60     -8       73
  AVERAGE         68                        72     -4       82

PRECIPITATION (IN)
  TODAY            0.00          3.54 2010   0.14  -0.14     0.00
  MONTH TO DATE    T                         1.32  -1.32     1.26
  SINCE SEP 1      T                         1.32  -1.32     1.26
  SINCE JAN 1     42.19                     31.39  10.80    33.38

DEGREE DAYS
 HEATING
  TODAY            0                         0      0        0
  MONTH TO DATE    5                         0      5        0
  SINCE SEP 1      5                         0      5        0
  SINCE JUL 1      6                         1      5        0

 COOLING
  TODAY            3                         7     -4       17
  MONTH TO DATE   44                        75    -31       97
  SINCE SEP 1     44                        75    -31       97
  SINCE JAN 1   1145                      1247   -102     1386
..................................................................


WIND (MPH)
  HIGHEST WIND SPEED    13   HIGHEST WIND DIRECTION     E (100)
  HIGHEST GUST SPEED    19   HIGHEST GUST DIRECTION     E (110)


SKY COVER
  AVERAGE SKY COVER 0.1


WEATHER CONDITIONS
 THE FOLLOWING WEATHER WAS RECORDED TODAY.
  NO SIGNIFICANT WEATHER WAS OBSERVED.


RELATIVE HUMIDITY (PERCENT)
 HIGHEST    93           100 AM
 LOWEST     34           200 PM
 AVERAGE    64

..........................................................


THE WEST PLAINS MO CLIMATE NORMALS FOR TOMORROW
                         NORMAL    RECORD    YEAR
 MAXIMUM TEMPERATURE (F)   83        96      1953
 MINIMUM TEMPERATURE (F)   60        44      1976


SUNRISE AND SUNSET
SEPTEMBER  9 2017.....SUNRISE   645 AM CDT   SUNSET   724 PM CDT
SEPTEMBER 10 2017.....SUNRISE   646 AM CDT   SUNSET   722 PM CDT


-  INDICATES NEGATIVE NUMBERS.
R  INDICATES RECORD WAS SET OR TIED.
MM INDICATES DATA IS MISSING.
T  INDICATES TRACE AMOUNT.




$$
