000
CDUS43 KSGF 142226
CLIUNO


CLIMATE REPORT
NATIONAL WEATHER SERVICE SPRINGFIELD MO
525 PM CDT SUN MAY 14 2017


...................................

...THE WEST PLAINS MO CLIMATE SUMMARY FOR MAY 14 2017...
VALID TODAY AS OF 0500 PM LOCAL TIME.

CLIMATE NORMAL PERIOD 1981 TO 2010
CLIMATE RECORD PERIOD 1947 TO 2017


WEATHER ITEM   OBSERVED TIME   RECORD YEAR NORMAL DEPARTURE LAST
                VALUE   (LST)  VALUE       VALUE  FROM      YEAR
                                                  NORMAL
..................................................................
TEMPERATURE (F)
 TODAY
  MAXIMUM         78    340 PM  90    2013  76      2       63
  MINIMUM         52    437 AM  38    2000  54     -2       43
  AVERAGE         65                        65      0       53

PRECIPITATION (IN)
  TODAY            0.00          3.04 1956   0.15  -0.15     0.00
  MONTH TO DATE    3.31                      2.65   0.66     2.44
  SINCE MAR 1     27.53                     11.42  16.11     7.67
  SINCE JAN 1     32.16                     16.98  15.18    10.31

DEGREE DAYS
 COOLING
  TODAY            0                         3     -3        0
  MONTH TO DATE   24                        26     -2       23
  SINCE MAR 1     52                        54     -2       39
  SINCE JAN 1     53                        54     -1       39
..................................................................


WIND (MPH)
  HIGHEST WIND SPEED    13   HIGHEST WIND DIRECTION    SW (210)
  HIGHEST GUST SPEED    18   HIGHEST GUST DIRECTION     S (200)


SKY COVER
  AVERAGE SKY COVER 0.0


WEATHER CONDITIONS
 THE FOLLOWING WEATHER WAS RECORDED TODAY.
  NO SIGNIFICANT WEATHER WAS OBSERVED.


RELATIVE HUMIDITY (PERCENT)
 HIGHEST    93           100 AM
 LOWEST     40           400 PM
 AVERAGE    67

..........................................................


THE WEST PLAINS MO CLIMATE NORMALS FOR TOMORROW
                         NORMAL    RECORD    YEAR
 MAXIMUM TEMPERATURE (F)   76        87      1957
 MINIMUM TEMPERATURE (F)   54        35      1959


SUNRISE AND SUNSET
MAY 14 2017...........SUNRISE   600 AM CDT   SUNSET   808 PM CDT
MAY 15 2017...........SUNRISE   600 AM CDT   SUNSET   809 PM CDT


-  INDICATES NEGATIVE NUMBERS.
R  INDICATES RECORD WAS SET OR TIED.
MM INDICATES DATA IS MISSING.
T  INDICATES TRACE AMOUNT.




$$
