000
CDUS43 KSGF 190638
CLIUNO


CLIMATE REPORT
NATIONAL WEATHER SERVICE SPRINGFIELD MO
138 AM CDT SAT JUL 19 2014


...................................

...THE WEST PLAINS MO CLIMATE SUMMARY FOR JULY 18 2014...

CLIMATE NORMAL PERIOD 1981 TO 2010
CLIMATE RECORD PERIOD 1947 TO 2014


WEATHER ITEM   OBSERVED TIME   RECORD YEAR NORMAL DEPARTURE LAST
                VALUE   (LST)  VALUE       VALUE  FROM      YEAR
                                                  NORMAL
..................................................................
TEMPERATURE (F)
 YESTERDAY
  MAXIMUM         75    139 PM 102    1980  90    -15       MM
  MINIMUM         58   1159 PM  54    2009  67     -9       69
                                      1985
  AVERAGE         67                        78    -11       MM

PRECIPITATION (IN)
  YESTERDAY        0.00          2.09 2002   0.12  -0.12    MM
  MONTH TO DATE    1.54                      2.17  -0.63     0.13
  SINCE JUN 1      6.77                      6.19   0.58     3.80
  SINCE JAN 1     18.75                     25.46  -6.71    25.62

DEGREE DAYS
 HEATING
  YESTERDAY        0                         0      0       MM
  MONTH TO DATE    2                         0      2        0
  SINCE JUN 1      4                         5     -1        9
  SINCE JUL 1      2                         0      2        0

 COOLING
  YESTERDAY        2                        13    -11       MM
  MONTH TO DATE  130                       230   -100      166
  SINCE JUN 1    395                       496   -101      314
  SINCE JAN 1    545                       618    -73      426
..................................................................


WIND (MPH)
  HIGHEST WIND SPEED    14   HIGHEST WIND DIRECTION    NE (50)
  HIGHEST GUST SPEED    17   HIGHEST GUST DIRECTION     E (110)
  AVERAGE WIND SPEED     3.1


SKY COVER
  AVERAGE SKY COVER 0.5


WEATHER CONDITIONS
 THE FOLLOWING WEATHER WAS RECORDED YESTERDAY.
  FOG


RELATIVE HUMIDITY (PERCENT)
 HIGHEST    93          1200 AM
 LOWEST     54          1200 PM
 AVERAGE    74

..........................................................


THE WEST PLAINS MO CLIMATE NORMALS FOR TODAY
                         NORMAL    RECORD    YEAR
 MAXIMUM TEMPERATURE (F)   90       105      2012
 MINIMUM TEMPERATURE (F)   67        54      2009


SUNRISE AND SUNSET
JULY 19 2014..........SUNRISE   603 AM CDT   SUNSET   824 PM CDT
JULY 20 2014..........SUNRISE   604 AM CDT   SUNSET   824 PM CDT


-  INDICATES NEGATIVE NUMBERS.
R  INDICATES RECORD WAS SET OR TIED.
MM INDICATES DATA IS MISSING.
T  INDICATES TRACE AMOUNT.




$$
