000
CDUS43 KSGF 200629
CLIUNO


CLIMATE REPORT
NATIONAL WEATHER SERVICE SPRINGFIELD MO
129 AM CDT WED APR 20 2016


...................................

...THE WEST PLAINS MO CLIMATE SUMMARY FOR APRIL 19 2016...

CLIMATE NORMAL PERIOD 1981 TO 2010
CLIMATE RECORD PERIOD 1947 TO 2016


WEATHER ITEM   OBSERVED TIME   RECORD YEAR NORMAL DEPARTURE LAST
                VALUE   (LST)  VALUE       VALUE  FROM      YEAR
                                                  NORMAL
..................................................................
TEMPERATURE (F)
 YESTERDAY
  MAXIMUM         66    208 PM  85    2011  71     -5       74
                                      1987
  MINIMUM         57    917 PM  26    1953  46     11       53
                                      1983
  AVERAGE         62                        58      4       64

PRECIPITATION (IN)
  YESTERDAY        0.02          3.22 1968   0.16  -0.14     0.42
  MONTH TO DATE    0.95                      2.69  -1.74     0.64
  SINCE MAR 1      4.88                      6.98  -2.10     4.67
  SINCE JAN 1      7.52                     12.54  -5.02     9.35

DEGREE DAYS
 HEATING
  YESTERDAY        3                         7     -4        1
  MONTH TO DATE  165                       187    -22      102
  SINCE MAR 1    559                       733   -174      661
  SINCE JUL 1   3392                      4197   -805     4458

 COOLING
  YESTERDAY        0                         1     -1        0
  MONTH TO DATE    0                        14    -14       15
  SINCE MAR 1      4                        18    -14       15
  SINCE JAN 1      4                        18    -14       15
..................................................................


WIND (MPH)
  HIGHEST WIND SPEED    13   HIGHEST WIND DIRECTION     S (180)
  HIGHEST GUST SPEED    16   HIGHEST GUST DIRECTION     S (200)
  AVERAGE WIND SPEED     5.9


SKY COVER
  AVERAGE SKY COVER 0.9


WEATHER CONDITIONS
 THE FOLLOWING WEATHER WAS RECORDED YESTERDAY.
  LIGHT RAIN
  FOG


RELATIVE HUMIDITY (PERCENT)
 HIGHEST    90           600 AM
 LOWEST     67           100 PM
 AVERAGE    79

..........................................................


THE WEST PLAINS MO CLIMATE NORMALS FOR TODAY
                         NORMAL    RECORD    YEAR
 MAXIMUM TEMPERATURE (F)   71        91      1987
 MINIMUM TEMPERATURE (F)   46        30      2013
                                             1953


SUNRISE AND SUNSET
APRIL 20 2016.........SUNRISE   626 AM CDT   SUNSET   747 PM CDT
APRIL 21 2016.........SUNRISE   625 AM CDT   SUNSET   748 PM CDT


-  INDICATES NEGATIVE NUMBERS.
R  INDICATES RECORD WAS SET OR TIED.
MM INDICATES DATA IS MISSING.
T  INDICATES TRACE AMOUNT.




$$
