000
CDUS43 KSGF 090642
CLIUNO


CLIMATE REPORT
NATIONAL WEATHER SERVICE SPRINGFIELD MO
1240 AM CST MON JAN 9 2017


...................................

...THE WEST PLAINS MO CLIMATE SUMMARY FOR JANUARY 8 2017...

CLIMATE NORMAL PERIOD 1981 TO 2010
CLIMATE RECORD PERIOD 1947 TO 2017


WEATHER ITEM   OBSERVED TIME   RECORD YEAR NORMAL DEPARTURE LAST
                VALUE   (LST)  VALUE       VALUE  FROM      YEAR
                                                  NORMAL
..................................................................
TEMPERATURE (F)
 YESTERDAY
  MAXIMUM         31    354 PM  71    2006  44    -13       58
  MINIMUM         13    535 AM  -5    1970  23    -10       39
  AVERAGE         22                        34    -12       49

PRECIPITATION (IN)
  YESTERDAY        0.00          0.93 1998   0.06  -0.06     0.00
  MONTH TO DATE    0.18                      0.53  -0.35     0.34
  SINCE DEC 1      1.20                      4.17  -2.97     9.38
  SINCE JAN 1      0.18                      0.53  -0.35     0.34

DEGREE DAYS
 HEATING
  YESTERDAY       43                        31     12       16
  MONTH TO DATE  299                       248     51      221
  SINCE DEC 1   1169                      1141     28      831
  SINCE JUL 1   1689                      1993   -304     1466

 COOLING
  YESTERDAY        0                         0      0        0
  MONTH TO DATE    0                         0      0        0
  SINCE DEC 1      0                         0      0        0
  SINCE JAN 1      0                         0      0        0
..................................................................


WIND (MPH)
  HIGHEST WIND SPEED    17   HIGHEST WIND DIRECTION     S (170)
  HIGHEST GUST SPEED    22   HIGHEST GUST DIRECTION     S (160)
  AVERAGE WIND SPEED     8.2


SKY COVER
  AVERAGE SKY COVER 0.2


WEATHER CONDITIONS
 THE FOLLOWING WEATHER WAS RECORDED YESTERDAY.
  NO SIGNIFICANT WEATHER WAS OBSERVED.


RELATIVE HUMIDITY (PERCENT)
 HIGHEST    80           500 AM
 LOWEST     43           200 PM
 AVERAGE    62

..........................................................


THE WEST PLAINS MO CLIMATE NORMALS FOR TODAY
                         NORMAL    RECORD    YEAR
 MAXIMUM TEMPERATURE (F)   44        72      1957
 MINIMUM TEMPERATURE (F)   23        -2      1962
                                             1979


SUNRISE AND SUNSET
JANUARY  9 2017.......SUNRISE   721 AM CST   SUNSET   509 PM CST
JANUARY 10 2017.......SUNRISE   721 AM CST   SUNSET   510 PM CST


-  INDICATES NEGATIVE NUMBERS.
R  INDICATES RECORD WAS SET OR TIED.
MM INDICATES DATA IS MISSING.
T  INDICATES TRACE AMOUNT.




$$
