000
CDUS43 KSGF 260644
CLIUNO


CLIMATE REPORT
NATIONAL WEATHER SERVICE SPRINGFIELD MO
1244 AM CST THU FEB 26 2015


...................................

...THE WEST PLAINS MO CLIMATE SUMMARY FOR FEBRUARY 25 2015...

CLIMATE NORMAL PERIOD 1981 TO 2010
CLIMATE RECORD PERIOD 1947 TO 2015


WEATHER ITEM   OBSERVED TIME   RECORD YEAR NORMAL DEPARTURE LAST
                VALUE   (LST)  VALUE       VALUE  FROM      YEAR
                                                  NORMAL
..................................................................
TEMPERATURE (F)
 YESTERDAY
  MAXIMUM         42    521 PM  78    1981  52    -10       40
  MINIMUM         21    403 AM   5    1967  29     -8       24
  AVERAGE         32                        41     -9       32

PRECIPITATION (IN)
  YESTERDAY        0.00          1.43 2013   0.11  -0.11     0.00
  MONTH TO DATE    2.36                      2.54  -0.18     0.25
  SINCE DEC 1      7.35                      8.90  -1.55     4.16
  SINCE JAN 1      4.38                      5.26  -0.88     1.85

DEGREE DAYS
 HEATING
  YESTERDAY       33                        24      9       33
  MONTH TO DATE  879                       689    190      832
  SINCE DEC 1   2649                      2541    108     2780
  SINCE JUL 1   3661                      3393    268     3692

 COOLING
  YESTERDAY        0                         0      0        0
  MONTH TO DATE    0                         0      0        0
  SINCE DEC 1      0                         0      0        0
  SINCE JAN 1      0                         0      0        0
..................................................................


WIND (MPH)
  HIGHEST WIND SPEED     9   HIGHEST WIND DIRECTION     S (170)
  HIGHEST GUST SPEED    13   HIGHEST GUST DIRECTION     S (170)
  AVERAGE WIND SPEED     3.6


SKY COVER
  AVERAGE SKY COVER 0.0


WEATHER CONDITIONS
 THE FOLLOWING WEATHER WAS RECORDED YESTERDAY.
  NO SIGNIFICANT WEATHER WAS OBSERVED.


RELATIVE HUMIDITY (PERCENT)
 HIGHEST    77           400 AM
 LOWEST     44           200 PM
 AVERAGE    61

..........................................................


THE WEST PLAINS MO CLIMATE NORMALS FOR TODAY
                         NORMAL    RECORD    YEAR
 MAXIMUM TEMPERATURE (F)   53        76      1961
 MINIMUM TEMPERATURE (F)   29        10      1980


SUNRISE AND SUNSET
FEBRUARY 26 2015......SUNRISE   643 AM CST   SUNSET   559 PM CST
FEBRUARY 27 2015......SUNRISE   641 AM CST   SUNSET   600 PM CST


-  INDICATES NEGATIVE NUMBERS.
R  INDICATES RECORD WAS SET OR TIED.
MM INDICATES DATA IS MISSING.
T  INDICATES TRACE AMOUNT.




$$
