000
CDUS43 KSGF 100645
CLIUNO


CLIMATE REPORT
NATIONAL WEATHER SERVICE SPRINGFIELD MO
1245 AM CST FRI NOV 10 2017


...................................

...THE WEST PLAINS MO CLIMATE SUMMARY FOR NOVEMBER 9 2017...

CLIMATE NORMAL PERIOD 1981 TO 2010
CLIMATE RECORD PERIOD 1947 TO 2017


WEATHER ITEM   OBSERVED TIME   RECORD YEAR NORMAL DEPARTURE LAST
                VALUE   (LST)  VALUE       VALUE  FROM      YEAR
                                                  NORMAL
..................................................................
TEMPERATURE (F)
 YESTERDAY
  MAXIMUM         63    320 PM  81    1980  60      3       66
  MINIMUM         27    646 AM   7    1991  39    -12       37
  AVERAGE         45                        50     -5       52

PRECIPITATION (IN)
  YESTERDAY        0.00          1.70 1966   0.14  -0.14     0.00
  MONTH TO DATE    0.29                      1.25  -0.96     0.02
  SINCE SEP 1      2.50                      9.18  -6.68     3.43
  SINCE JAN 1     44.69                     39.25   5.44    35.55

DEGREE DAYS
 HEATING
  YESTERDAY       20                        16      4       13
  MONTH TO DATE   99                       127    -28       57
  SINCE SEP 1    326                       429   -103      169
  SINCE JUL 1    327                       430   -103      169

 COOLING
  YESTERDAY        0                         0      0        0
  MONTH TO DATE    6                         0      6       11
  SINCE SEP 1    288                       180    108      310
  SINCE JAN 1   1389                      1352     37     1599
..................................................................


WIND (MPH)
  HIGHEST WIND SPEED    13   HIGHEST WIND DIRECTION    NW (320)
  HIGHEST GUST SPEED    15   HIGHEST GUST DIRECTION    NW (310)
  AVERAGE WIND SPEED     4.2


SKY COVER
  AVERAGE SKY COVER 0.0


WEATHER CONDITIONS
 THE FOLLOWING WEATHER WAS RECORDED YESTERDAY.
  NO SIGNIFICANT WEATHER WAS OBSERVED.


RELATIVE HUMIDITY (PERCENT)
 HIGHEST    92           100 AM
 LOWEST     23           300 PM
 AVERAGE    58

..........................................................


THE WEST PLAINS MO CLIMATE NORMALS FOR TODAY
                         NORMAL    RECORD    YEAR
 MAXIMUM TEMPERATURE (F)   60        76      1949
 MINIMUM TEMPERATURE (F)   39         8      1991


SUNRISE AND SUNSET
NOVEMBER 10 2017......SUNRISE   641 AM CST   SUNSET   502 PM CST
NOVEMBER 11 2017......SUNRISE   642 AM CST   SUNSET   501 PM CST


-  INDICATES NEGATIVE NUMBERS.
R  INDICATES RECORD WAS SET OR TIED.
MM INDICATES DATA IS MISSING.
T  INDICATES TRACE AMOUNT.




$$
