000
CDUS43 KSGF 110631
CLIUNO


CLIMATE REPORT
NATIONAL WEATHER SERVICE SPRINGFIELD MO
1230 AM CST TUE NOV 11 2014


...................................

...THE WEST PLAINS MO CLIMATE SUMMARY FOR NOVEMBER 10 2014...

CLIMATE NORMAL PERIOD 1981 TO 2010
CLIMATE RECORD PERIOD 1947 TO 2014


WEATHER ITEM   OBSERVED TIME   RECORD YEAR NORMAL DEPARTURE LAST
                VALUE   (LST)  VALUE       VALUE  FROM      YEAR
                                                  NORMAL
..................................................................
TEMPERATURE (F)
 YESTERDAY
  MAXIMUM         69    329 PM  76    1949  60      9       66
  MINIMUM         43    445 AM   8    1991  39      4       40
  AVERAGE         56                        49      7       53

PRECIPITATION (IN)
  YESTERDAY        0.00          1.74 1974   0.16  -0.16     0.00
  MONTH TO DATE    0.70                      1.41  -0.71     1.34
  SINCE SEP 1     10.19                      9.34   0.85     6.50
  SINCE JAN 1     31.81                     39.41  -7.60    48.73

DEGREE DAYS
 HEATING
  YESTERDAY        9                        16     -7       12
  MONTH TO DATE  188                       143     45      154
  SINCE SEP 1    458                       445     13      423
  SINCE JUL 1    460                       446     14      427

 COOLING
  YESTERDAY        0                         0      0        0
  MONTH TO DATE    0                         0      0        0
  SINCE SEP 1    176                       180     -4      231
  SINCE JAN 1   1231                      1352   -121     1073
..................................................................


WIND (MPH)
  HIGHEST WIND SPEED    25   HIGHEST WIND DIRECTION     S (190)
  HIGHEST GUST SPEED    36   HIGHEST GUST DIRECTION     S (180)
  AVERAGE WIND SPEED    10.3


SKY COVER
  AVERAGE SKY COVER 0.0


WEATHER CONDITIONS
 THE FOLLOWING WEATHER WAS RECORDED YESTERDAY.
  NO SIGNIFICANT WEATHER WAS OBSERVED.


RELATIVE HUMIDITY (PERCENT)
 HIGHEST    83           500 AM
 LOWEST     28           300 PM
 AVERAGE    56

..........................................................


THE WEST PLAINS MO CLIMATE NORMALS FOR TODAY
                         NORMAL    RECORD    YEAR
 MAXIMUM TEMPERATURE (F)   59        81      1956
 MINIMUM TEMPERATURE (F)   38        12      1950


SUNRISE AND SUNSET
NOVEMBER 11 2014......SUNRISE   642 AM CST   SUNSET   501 PM CST
NOVEMBER 12 2014......SUNRISE   643 AM CST   SUNSET   500 PM CST


-  INDICATES NEGATIVE NUMBERS.
R  INDICATES RECORD WAS SET OR TIED.
MM INDICATES DATA IS MISSING.
T  INDICATES TRACE AMOUNT.




$$
