000
CDUS43 KSGF 242226
CLIUNO


CLIMATE REPORT
NATIONAL WEATHER SERVICE SPRINGFIELD MO
525 PM CDT WED SEP 24 2014


...................................

...THE WEST PLAINS MO CLIMATE SUMMARY FOR SEPTEMBER 24 2014...
VALID TODAY AS OF 0500 PM LOCAL TIME.

CLIMATE NORMAL PERIOD 1981 TO 2010
CLIMATE RECORD PERIOD 1947 TO 2014


WEATHER ITEM   OBSERVED TIME   RECORD YEAR NORMAL DEPARTURE LAST
                VALUE   (LST)  VALUE       VALUE  FROM      YEAR
                                                  NORMAL
..................................................................
TEMPERATURE (F)
 TODAY
  MAXIMUM         77    334 PM  90    1961  77      0       80
  MINIMUM         43    604 AM  34    1989  53    -10       52
                                      1995
  AVERAGE         60                        65     -5       66

PRECIPITATION (IN)
  TODAY            0.00          2.20 2000   0.12  -0.12     0.00
  MONTH TO DATE    2.20                      3.24  -1.04     1.41
  SINCE SEP 1      2.20                      3.24  -1.04     1.41
  SINCE JAN 1     23.82                     33.31  -9.49    43.64

DEGREE DAYS
 HEATING
  TODAY            5                         3      2        0
  MONTH TO DATE   44                        18     26       16
  SINCE SEP 1     44                        18     26       16
  SINCE JUL 1     46                        19     27       20

 COOLING
  TODAY            0                         3     -3        1
  MONTH TO DATE  118                       143    -25      178
  SINCE SEP 1    118                       143    -25      178
  SINCE JAN 1   1173                      1315   -142     1020
..................................................................


WIND (MPH)
  HIGHEST WIND SPEED    10   HIGHEST WIND DIRECTION    SW (210)
  HIGHEST GUST SPEED    14   HIGHEST GUST DIRECTION     S (180)


SKY COVER
  AVERAGE SKY COVER 0.0


WEATHER CONDITIONS
 THE FOLLOWING WEATHER WAS RECORDED TODAY.
  NO SIGNIFICANT WEATHER WAS OBSERVED.


RELATIVE HUMIDITY (PERCENT)
 HIGHEST    93           300 AM
 LOWEST     38           200 PM
 AVERAGE    66

..........................................................


THE WEST PLAINS MO CLIMATE NORMALS FOR TOMORROW
                         NORMAL    RECORD    YEAR
 MAXIMUM TEMPERATURE (F)   77        90      1954
 MINIMUM TEMPERATURE (F)   53        34      1950


SUNRISE AND SUNSET
SEPTEMBER 24 2014.....SUNRISE   657 AM CDT   SUNSET   701 PM CDT
SEPTEMBER 25 2014.....SUNRISE   658 AM CDT   SUNSET   700 PM CDT


-  INDICATES NEGATIVE NUMBERS.
R  INDICATES RECORD WAS SET OR TIED.
MM INDICATES DATA IS MISSING.
T  INDICATES TRACE AMOUNT.




$$
