000
CDUS43 KSGF 050629
CLIUNO


CLIMATE REPORT
NATIONAL WEATHER SERVICE SPRINGFIELD MO
129 AM CDT SAT AUG 5 2017


...................................

...THE WEST PLAINS MO CLIMATE SUMMARY FOR AUGUST 4 2017...

CLIMATE NORMAL PERIOD 1981 TO 2010
CLIMATE RECORD PERIOD 1947 TO 2017


WEATHER ITEM   OBSERVED TIME   RECORD YEAR NORMAL DEPARTURE LAST
                VALUE   (LST)  VALUE       VALUE  FROM      YEAR
                                                  NORMAL
..................................................................
TEMPERATURE (F)
 YESTERDAY
  MAXIMUM         83    337 PM 104    1964  91     -8       95
  MINIMUM         55   1135 PM  48    1974  66    -11       68
  AVERAGE         69                        78     -9       82

PRECIPITATION (IN)
  YESTERDAY        0.00          0.70 2009   0.11  -0.11     0.00
  MONTH TO DATE    0.23                      0.46  -0.23     0.12
  SINCE JUN 1      4.23                      8.03  -3.80    13.87
  SINCE JAN 1     39.64                     27.30  12.34    28.61

DEGREE DAYS
 HEATING
  YESTERDAY        0                         0      0        0
  MONTH TO DATE    0                         0      0        0
  SINCE JUN 1      0                         5     -5        0
  SINCE JUL 1      0                         0      0        0

 COOLING
  YESTERDAY        4                        13     -9       17
  MONTH TO DATE   44                        52     -8       67
  SINCE JUN 1    745                       723     22      872
  SINCE JAN 1    867                       845     22      965
..................................................................


WIND (MPH)
  HIGHEST WIND SPEED    14   HIGHEST WIND DIRECTION     N (20)
  HIGHEST GUST SPEED    20   HIGHEST GUST DIRECTION     N (340)
  AVERAGE WIND SPEED     5.7


SKY COVER
  AVERAGE SKY COVER 0.0


WEATHER CONDITIONS
 THE FOLLOWING WEATHER WAS RECORDED YESTERDAY.
  NO SIGNIFICANT WEATHER WAS OBSERVED.


RELATIVE HUMIDITY (PERCENT)
 HIGHEST    90          1200 AM
 LOWEST     24           300 PM
 AVERAGE    57

..........................................................


THE WEST PLAINS MO CLIMATE NORMALS FOR TODAY
                         NORMAL    RECORD    YEAR
 MAXIMUM TEMPERATURE (F)   91       101      1954
 MINIMUM TEMPERATURE (F)   66        53      1974


SUNRISE AND SUNSET
AUGUST  5 2017........SUNRISE   617 AM CDT   SUNSET   810 PM CDT
AUGUST  6 2017........SUNRISE   617 AM CDT   SUNSET   809 PM CDT


-  INDICATES NEGATIVE NUMBERS.
R  INDICATES RECORD WAS SET OR TIED.
MM INDICATES DATA IS MISSING.
T  INDICATES TRACE AMOUNT.




$$
