000
CDUS43 KSGF 140626
CLIUNO


CLIMATE REPORT
NATIONAL WEATHER SERVICE SPRINGFIELD MO
126 AM CDT THU AUG 14 2014


...................................

...THE WEST PLAINS MO CLIMATE SUMMARY FOR AUGUST 13 2014...

CLIMATE NORMAL PERIOD 1981 TO 2010
CLIMATE RECORD PERIOD 1947 TO 2014


WEATHER ITEM   OBSERVED TIME   RECORD YEAR NORMAL DEPARTURE LAST
                VALUE   (LST)  VALUE       VALUE  FROM      YEAR
                                                  NORMAL
..................................................................
TEMPERATURE (F)
 YESTERDAY
  MAXIMUM         82    442 PM 101    2007  90     -8       81
                                      1954
  MINIMUM         56    524 AM  46    2004  66    -10       64
  AVERAGE         69                        78     -9       73

PRECIPITATION (IN)
  YESTERDAY        0.00          1.69 2002   0.09  -0.09     0.00
  MONTH TO DATE    2.75                      1.31   1.44    10.61
  SINCE JUN 1      9.61                      8.88   0.73    20.40
  SINCE JAN 1     21.59                     28.15  -6.56    42.22

DEGREE DAYS
 HEATING
  YESTERDAY        0                         0      0        0
  MONTH TO DATE    0                         0      0        0
  SINCE JUN 1      4                         5     -1        9
  SINCE JUL 1      2                         0      2        0

 COOLING
  YESTERDAY        4                        13     -9        8
  MONTH TO DATE  136                       169    -33      127
  SINCE JUN 1    635                       840   -205      549
  SINCE JAN 1    785                       962   -177      661
..................................................................


WIND (MPH)
  HIGHEST WIND SPEED     8   HIGHEST WIND DIRECTION    NW (320)
  HIGHEST GUST SPEED    10   HIGHEST GUST DIRECTION    NW (310)
  AVERAGE WIND SPEED     1.7


SKY COVER
  AVERAGE SKY COVER 0.2


WEATHER CONDITIONS
 THE FOLLOWING WEATHER WAS RECORDED YESTERDAY.
  NO SIGNIFICANT WEATHER WAS OBSERVED.


RELATIVE HUMIDITY (PERCENT)
 HIGHEST    90          1000 PM
 LOWEST     40           400 PM
 AVERAGE    65

..........................................................


THE WEST PLAINS MO CLIMATE NORMALS FOR TODAY
                         NORMAL    RECORD    YEAR
 MAXIMUM TEMPERATURE (F)   90       103      1954
 MINIMUM TEMPERATURE (F)   65        48      2004


SUNRISE AND SUNSET
AUGUST 14 2014........SUNRISE   624 AM CDT   SUNSET   800 PM CDT
AUGUST 15 2014........SUNRISE   625 AM CDT   SUNSET   759 PM CDT


-  INDICATES NEGATIVE NUMBERS.
R  INDICATES RECORD WAS SET OR TIED.
MM INDICATES DATA IS MISSING.
T  INDICATES TRACE AMOUNT.




$$
