000
CDUS43 KSGF 252226
CLIUNO


CLIMATE REPORT
NATIONAL WEATHER SERVICE SPRINGFIELD MO
526 PM CDT THU AUG 25 2016


...................................

...THE WEST PLAINS MO CLIMATE SUMMARY FOR AUGUST 25 2016...
VALID TODAY AS OF 0500 PM LOCAL TIME.

CLIMATE NORMAL PERIOD 1981 TO 2010
CLIMATE RECORD PERIOD 1947 TO 2016


WEATHER ITEM   OBSERVED TIME   RECORD YEAR NORMAL DEPARTURE LAST
                VALUE   (LST)  VALUE       VALUE  FROM      YEAR
                                                  NORMAL
..................................................................
TEMPERATURE (F)
 TODAY
  MAXIMUM         91    145 PM 100    1983  88      3       82
  MINIMUM         69    607 AM  51    1952  64      5       55
                                      1958
  AVERAGE         80                        76      4       69

PRECIPITATION (IN)
  TODAY            0.00          0.89 1971   0.11  -0.11     0.00
  MONTH TO DATE    3.63                      2.59   1.04     4.35
  SINCE JUN 1     17.38                     10.16   7.22    17.93
  SINCE JAN 1     32.12                     29.43   2.69    35.54

DEGREE DAYS
 HEATING
  TODAY            0                         0      0        0
  MONTH TO DATE    0                         0      0        0
  SINCE JUN 1      0                         5     -5        5
  SINCE JUL 1      0                         0      0        0

 COOLING
  TODAY           15                        11      4        4
  MONTH TO DATE  307                       315     -8      238
  SINCE JUN 1   1112                       986    126      997
  SINCE JAN 1   1205                      1108     97     1119
..................................................................


WIND (MPH)
  HIGHEST WIND SPEED    13   HIGHEST WIND DIRECTION     W (260)
  HIGHEST GUST SPEED    17   HIGHEST GUST DIRECTION     W (260)


SKY COVER
  AVERAGE SKY COVER 0.2


WEATHER CONDITIONS
 THE FOLLOWING WEATHER WAS RECORDED TODAY.
  FOG


RELATIVE HUMIDITY (PERCENT)
 HIGHEST    90           400 AM
 LOWEST     50           300 PM
 AVERAGE    70

..........................................................


THE WEST PLAINS MO CLIMATE NORMALS FOR TOMORROW
                         NORMAL    RECORD    YEAR
 MAXIMUM TEMPERATURE (F)   88       103      1983
 MINIMUM TEMPERATURE (F)   64        50      1958


SUNRISE AND SUNSET
AUGUST 25 2016........SUNRISE   633 AM CDT   SUNSET   745 PM CDT
AUGUST 26 2016........SUNRISE   634 AM CDT   SUNSET   744 PM CDT


-  INDICATES NEGATIVE NUMBERS.
R  INDICATES RECORD WAS SET OR TIED.
MM INDICATES DATA IS MISSING.
T  INDICATES TRACE AMOUNT.




$$
