000
CDUS43 KSGF 240641
CLIUNO


CLIMATE REPORT
NATIONAL WEATHER SERVICE SPRINGFIELD MO
141 AM CDT FRI OCT 24 2014


...................................

...THE WEST PLAINS MO CLIMATE SUMMARY FOR OCTOBER 23 2014...

CLIMATE NORMAL PERIOD 1981 TO 2010
CLIMATE RECORD PERIOD 1947 TO 2014


WEATHER ITEM   OBSERVED TIME   RECORD YEAR NORMAL DEPARTURE LAST
                VALUE   (LST)  VALUE       VALUE  FROM      YEAR
                                                  NORMAL
..................................................................
TEMPERATURE (F)
 YESTERDAY
  MAXIMUM         58    424 PM  84    1963  67     -9       MM
  MINIMUM         37    504 AM  24    1952  43     -6       35
  AVERAGE         48                        55     -7       MM

PRECIPITATION (IN)
  YESTERDAY        T             1.55 2004   0.15  -0.15     0.00
  MONTH TO DATE    7.08                      2.92   4.16     1.82
  SINCE SEP 1      9.28                      7.01   2.27     3.47
  SINCE JAN 1     30.90                     37.08  -6.18    45.70

DEGREE DAYS
 HEATING
  YESTERDAY       17                        10      7       MM
  MONTH TO DATE  158                       170    -12      150
  SINCE SEP 1    202                       211     -9      166
  SINCE JUL 1    204                       212     -8      170

 COOLING
  YESTERDAY        0                         0      0       MM
  MONTH TO DATE   24                        20      4       34
  SINCE SEP 1    164                       176    -12      230
  SINCE JAN 1   1219                      1348   -129     1072
..................................................................


WIND (MPH)
  HIGHEST WIND SPEED     8   HIGHEST WIND DIRECTION    SE (150)
  HIGHEST GUST SPEED    17   HIGHEST GUST DIRECTION    SE (130)
  AVERAGE WIND SPEED     2.0


SKY COVER
  AVERAGE SKY COVER 0.3


WEATHER CONDITIONS
 THE FOLLOWING WEATHER WAS RECORDED YESTERDAY.
  LIGHT RAIN


RELATIVE HUMIDITY (PERCENT)
 HIGHEST    93           700 AM
 LOWEST     62           200 PM
 AVERAGE    78

..........................................................


THE WEST PLAINS MO CLIMATE NORMALS FOR TODAY
                         NORMAL    RECORD    YEAR
 MAXIMUM TEMPERATURE (F)   67        84      1985
 MINIMUM TEMPERATURE (F)   43        21      1981


SUNRISE AND SUNSET
OCTOBER 24 2014.......SUNRISE   724 AM CDT   SUNSET   619 PM CDT
OCTOBER 25 2014.......SUNRISE   725 AM CDT   SUNSET   618 PM CDT


-  INDICATES NEGATIVE NUMBERS.
R  INDICATES RECORD WAS SET OR TIED.
MM INDICATES DATA IS MISSING.
T  INDICATES TRACE AMOUNT.




$$
