348
CDUS43 KSGF 300626
CLIUNO


CLIMATE REPORT
NATIONAL WEATHER SERVICE SPRINGFIELD MO
1226 AM CST SAT JAN 30 2016


...................................

...THE WEST PLAINS MO CLIMATE SUMMARY FOR JANUARY 29 2016...

CLIMATE NORMAL PERIOD 1981 TO 2010
CLIMATE RECORD PERIOD 1947 TO 2016


WEATHER ITEM   OBSERVED TIME   RECORD YEAR NORMAL DEPARTURE LAST
                VALUE   (LST)  VALUE       VALUE  FROM      YEAR
                                                  NORMAL
..................................................................
TEMPERATURE (F)
 YESTERDAY
  MAXIMUM         59    421 PM  74    2002  46     13       52
  MINIMUM         25    703 AM  -4    1966  24      1       31
  AVERAGE         42                        35      7       42

PRECIPITATION (IN)
  YESTERDAY        0.00          3.52 1969   0.12  -0.12     0.00
  MONTH TO DATE    0.93                      2.43  -1.50     2.02
  SINCE DEC 1      9.97                      6.07   3.90     4.99
  SINCE JAN 1      0.93                      2.43  -1.50     2.02

DEGREE DAYS
 HEATING
  YESTERDAY       23                        30     -7       23
  MONTH TO DATE  905                       897      8      886
  SINCE DEC 1   1515                      1790   -275     1716
  SINCE JUL 1   2150                      2642   -492     2728

 COOLING
  YESTERDAY        0                         0      0        0
  MONTH TO DATE    0                         0      0        0
  SINCE DEC 1      0                         0      0        0
  SINCE JAN 1      0                         0      0        0
..................................................................


WIND (MPH)
  HIGHEST WIND SPEED    14   HIGHEST WIND DIRECTION    SE (150)
  HIGHEST GUST SPEED    19   HIGHEST GUST DIRECTION     S (170)
  AVERAGE WIND SPEED     6.3


SKY COVER
  AVERAGE SKY COVER 0.0


WEATHER CONDITIONS
 THE FOLLOWING WEATHER WAS RECORDED YESTERDAY.
  NO SIGNIFICANT WEATHER WAS OBSERVED.


RELATIVE HUMIDITY (PERCENT)
 HIGHEST    85           800 AM
 LOWEST     33           400 PM
 AVERAGE    59

..........................................................


THE WEST PLAINS MO CLIMATE NORMALS FOR TODAY
                         NORMAL    RECORD    YEAR
 MAXIMUM TEMPERATURE (F)   46        73      2002
 MINIMUM TEMPERATURE (F)   24        -4      1966


SUNRISE AND SUNSET
JANUARY 30 2016.......SUNRISE   712 AM CST   SUNSET   530 PM CST
JANUARY 31 2016.......SUNRISE   711 AM CST   SUNSET   531 PM CST


-  INDICATES NEGATIVE NUMBERS.
R  INDICATES RECORD WAS SET OR TIED.
MM INDICATES DATA IS MISSING.
T  INDICATES TRACE AMOUNT.




$$
