000
CDUS43 KSGF 290637
CLIUNO


CLIMATE REPORT
NATIONAL WEATHER SERVICE SPRINGFIELD MO
137 AM CDT SAT AUG 29 2015


...................................

...THE WEST PLAINS MO CLIMATE SUMMARY FOR AUGUST 28 2015...

CLIMATE NORMAL PERIOD 1981 TO 2010
CLIMATE RECORD PERIOD 1947 TO 2015


WEATHER ITEM   OBSERVED TIME   RECORD YEAR NORMAL DEPARTURE LAST
                VALUE   (LST)  VALUE       VALUE  FROM      YEAR
                                                  NORMAL
..................................................................
TEMPERATURE (F)
 YESTERDAY
  MAXIMUM         80    259 PM 102    2000  87     -7       92
  MINIMUM         55    515 AM  46    1967  64     -9       66
                                      1986
  AVERAGE         68                        76     -8       79

PRECIPITATION (IN)
  YESTERDAY        0.00          2.52 1950   0.10  -0.10     0.00
  MONTH TO DATE    4.35                      2.91   1.44     2.75
  SINCE JUN 1     17.93                     10.48   7.45     9.61
  SINCE JAN 1     35.54                     29.75   5.79    21.59

DEGREE DAYS
 HEATING
  YESTERDAY        0                         0      0        0
  MONTH TO DATE    0                         0      0        0
  SINCE JUN 1      5                         5      0        4
  SINCE JUL 1      0                         0      0        2

 COOLING
  YESTERDAY        3                        11     -8       14
  MONTH TO DATE  246                       348   -102      367
  SINCE JUN 1   1005                      1019    -14      866
  SINCE JAN 1   1127                      1141    -14     1016
..................................................................


WIND (MPH)
  HIGHEST WIND SPEED    12   HIGHEST WIND DIRECTION     S (160)
  HIGHEST GUST SPEED    16   HIGHEST GUST DIRECTION     S (160)
  AVERAGE WIND SPEED     4.1


SKY COVER
  AVERAGE SKY COVER 0.0


WEATHER CONDITIONS
 THE FOLLOWING WEATHER WAS RECORDED YESTERDAY.
  FOG


RELATIVE HUMIDITY (PERCENT)
 HIGHEST    93           400 AM
 LOWEST     45           300 PM
 AVERAGE    69

..........................................................


THE WEST PLAINS MO CLIMATE NORMALS FOR TODAY
                         NORMAL    RECORD    YEAR
 MAXIMUM TEMPERATURE (F)   87       104      1954
 MINIMUM TEMPERATURE (F)   64        40      1986


SUNRISE AND SUNSET
AUGUST 29 2015........SUNRISE   636 AM CDT   SUNSET   741 PM CDT
AUGUST 30 2015........SUNRISE   637 AM CDT   SUNSET   739 PM CDT


-  INDICATES NEGATIVE NUMBERS.
R  INDICATES RECORD WAS SET OR TIED.
MM INDICATES DATA IS MISSING.
T  INDICATES TRACE AMOUNT.




$$
