000
CDUS43 KSGF 170632
CLIUNO


CLIMATE REPORT
NATIONAL WEATHER SERVICE SPRINGFIELD MO
132 AM CDT WED MAY 17 2017


...................................

...THE WEST PLAINS MO CLIMATE SUMMARY FOR MAY 16 2017...

CLIMATE NORMAL PERIOD 1981 TO 2010
CLIMATE RECORD PERIOD 1947 TO 2017


WEATHER ITEM   OBSERVED TIME   RECORD YEAR NORMAL DEPARTURE LAST
                VALUE   (LST)  VALUE       VALUE  FROM      YEAR
                                                  NORMAL
..................................................................
TEMPERATURE (F)
 YESTERDAY
  MAXIMUM         82    412 PM  88    2012  77      5       58
  MINIMUM         61    509 AM  34    1997  54      7       51
  AVERAGE         72                        65      7       55

PRECIPITATION (IN)
  YESTERDAY        0.00          0.94 2003   0.15  -0.15     0.69
  MONTH TO DATE    3.31                      2.95   0.36     3.13
  SINCE MAR 1     27.53                     11.72  15.81     8.36
  SINCE JAN 1     32.16                     17.28  14.88    11.00

DEGREE DAYS
 HEATING
  YESTERDAY        0                         3     -3       10
  MONTH TO DATE   63                        57      6       76
  SINCE MAR 1    654                       855   -201      656
  SINCE JUL 1   3303                      4319  -1016     3489

 COOLING
  YESTERDAY        7                         3      4        0
  MONTH TO DATE   34                        32      2       23
  SINCE MAR 1     62                        60      2       39
  SINCE JAN 1     63                        60      3       39
..................................................................


WIND (MPH)
  HIGHEST WIND SPEED    20   HIGHEST WIND DIRECTION     S (170)
  HIGHEST GUST SPEED    27   HIGHEST GUST DIRECTION     S (190)
  AVERAGE WIND SPEED    10.5


SKY COVER
  AVERAGE SKY COVER 0.0


WEATHER CONDITIONS
 THE FOLLOWING WEATHER WAS RECORDED YESTERDAY.
  NO SIGNIFICANT WEATHER WAS OBSERVED.


RELATIVE HUMIDITY (PERCENT)
 HIGHEST    90           400 AM
 LOWEST     45          1200 PM
 AVERAGE    68

..........................................................


THE WEST PLAINS MO CLIMATE NORMALS FOR TODAY
                         NORMAL    RECORD    YEAR
 MAXIMUM TEMPERATURE (F)   77        90      2001
 MINIMUM TEMPERATURE (F)   55        37      1973


SUNRISE AND SUNSET
MAY 17 2017...........SUNRISE   558 AM CDT   SUNSET   810 PM CDT
MAY 18 2017...........SUNRISE   557 AM CDT   SUNSET   811 PM CDT


-  INDICATES NEGATIVE NUMBERS.
R  INDICATES RECORD WAS SET OR TIED.
MM INDICATES DATA IS MISSING.
T  INDICATES TRACE AMOUNT.




$$
