000
CDUS43 KSGF 120626
CLIUNO


CLIMATE REPORT
NATIONAL WEATHER SERVICE SPRINGFIELD MO
125 AM CDT SAT APR 12 2014


...................................

...THE WEST PLAINS MO CLIMATE SUMMARY FOR APRIL 11 2014...

CLIMATE NORMAL PERIOD 1981 TO 2010
CLIMATE RECORD PERIOD 1947 TO 2014


WEATHER ITEM   OBSERVED TIME   RECORD YEAR NORMAL DEPARTURE LAST
                VALUE   (LST)  VALUE       VALUE  FROM      YEAR
                                                  NORMAL
..................................................................
TEMPERATURE (F)
 YESTERDAY
  MAXIMUM         75    504 PM  85    1965  69      6       50
  MINIMUM         50    554 AM  19    1989  44      6       34
  AVERAGE         63                        56      7       42

PRECIPITATION (IN)
  YESTERDAY        T             2.74 1979   0.15  -0.15     0.00
  MONTH TO DATE    1.80                      1.48   0.32     1.92
  SINCE MAR 1      5.02                      5.77  -0.75     5.67
  SINCE JAN 1      6.87                     11.33  -4.46    12.99

DEGREE DAYS
 HEATING
  YESTERDAY        2                        10     -8       23
  MONTH TO DATE  111                       120     -9      123
  SINCE MAR 1    813                       666    147      857
  SINCE JUL 1   4611                      4130    481     4169

 COOLING
  YESTERDAY        0                         1     -1        0
  MONTH TO DATE    4                         6     -2        7
  SINCE MAR 1      4                        10     -6        7
  SINCE JAN 1      4                        10     -6        7
..................................................................


WIND (MPH)
  HIGHEST WIND SPEED    14   HIGHEST WIND DIRECTION    SE (120)
  HIGHEST GUST SPEED    20   HIGHEST GUST DIRECTION    SE (140)
  AVERAGE WIND SPEED     4.9


SKY COVER
  AVERAGE SKY COVER 0.1


WEATHER CONDITIONS
 THE FOLLOWING WEATHER WAS RECORDED YESTERDAY.
  THUNDERSTORM
  LIGHT RAIN


RELATIVE HUMIDITY (PERCENT)
 HIGHEST    78          1000 PM
 LOWEST     44           900 AM
 AVERAGE    61

..........................................................


THE WEST PLAINS MO CLIMATE NORMALS FOR TODAY
                         NORMAL    RECORD    YEAR
 MAXIMUM TEMPERATURE (F)   69        87      1972
 MINIMUM TEMPERATURE (F)   44        23      1990


SUNRISE AND SUNSET
APRIL 12 2014.........SUNRISE   638 AM CDT   SUNSET   740 PM CDT
APRIL 13 2014.........SUNRISE   636 AM CDT   SUNSET   741 PM CDT


-  INDICATES NEGATIVE NUMBERS.
R  INDICATES RECORD WAS SET OR TIED.
MM INDICATES DATA IS MISSING.
T  INDICATES TRACE AMOUNT.




$$
