000
CDUS43 KSGF 022229
CLIUNO


CLIMATE REPORT
NATIONAL WEATHER SERVICE SPRINGFIELD MO
428 PM CST SAT DEC 2 2017


...................................

...THE WEST PLAINS MO CLIMATE SUMMARY FOR DECEMBER 2 2017...
VALID AS OF 0400 PM LOCAL TIME.

CLIMATE NORMAL PERIOD 1981 TO 2010
CLIMATE RECORD PERIOD 1947 TO 2017


WEATHER ITEM   OBSERVED TIME   RECORD YEAR NORMAL DEPARTURE LAST
                VALUE   (LST)  VALUE       VALUE  FROM      YEAR
                                                  NORMAL
..................................................................
TEMPERATURE (F)
 TODAY
  MAXIMUM         65    305 PM  73    2012  50     15       57
  MINIMUM         39    530 AM   6    1985  30      9       28
  AVERAGE         52                        40     12       43

PRECIPITATION (IN)
  TODAY            0.00          2.81 1982   0.16  -0.16     0.00
  MONTH TO DATE    0.00                      0.33  -0.33     0.00
  SINCE DEC 1      0.00                      0.33  -0.33     0.00
  SINCE JAN 1     44.85                     42.91   1.94    36.24

DEGREE DAYS
 HEATING
  TODAY           13                        25    -12       22
  MONTH TO DATE   35                        50    -15       47
  SINCE DEC 1     35                        50    -15       47
  SINCE JUL 1    698                       902   -204      567

 COOLING
  TODAY            0                         0      0        0
  MONTH TO DATE    0                         0      0        0
  SINCE DEC 1      0                         0      0        0
  SINCE JAN 1   1389                      1354     35     1604
..................................................................


WIND (MPH)
  HIGHEST WIND SPEED    10   HIGHEST WIND DIRECTION     S (170)
  HIGHEST GUST SPEED    15   HIGHEST GUST DIRECTION     S (160)


SKY COVER
  AVERAGE SKY COVER 0.5


WEATHER CONDITIONS
 THE FOLLOWING WEATHER WAS RECORDED TODAY.
  NO SIGNIFICANT WEATHER WAS OBSERVED.


RELATIVE HUMIDITY (PERCENT)
 HIGHEST    67           600 AM
 LOWEST     34          1200 PM
 AVERAGE    51

..........................................................


THE WEST PLAINS MO CLIMATE NORMALS FOR TOMORROW
                         NORMAL    RECORD    YEAR
 MAXIMUM TEMPERATURE (F)   49        77      1970
 MINIMUM TEMPERATURE (F)   30        13      1985


SUNRISE AND SUNSET
DECEMBER  2 2017......SUNRISE   703 AM CST   SUNSET   451 PM CST
DECEMBER  3 2017......SUNRISE   704 AM CST   SUNSET   451 PM CST


-  INDICATES NEGATIVE NUMBERS.
R  INDICATES RECORD WAS SET OR TIED.
MM INDICATES DATA IS MISSING.
T  INDICATES TRACE AMOUNT.




$$
