190
CDUS43 KSGF 180630
CLIUNO


CLIMATE REPORT
NATIONAL WEATHER SERVICE SPRINGFIELD MO
130 AM CDT TUE APR 18 2017


...................................

...THE WEST PLAINS MO CLIMATE SUMMARY FOR APRIL 17 2017...

CLIMATE NORMAL PERIOD 1981 TO 2010
CLIMATE RECORD PERIOD 1947 TO 2017


WEATHER ITEM   OBSERVED TIME   RECORD YEAR NORMAL DEPARTURE LAST
                VALUE   (LST)  VALUE       VALUE  FROM      YEAR
                                                  NORMAL
..................................................................
TEMPERATURE (F)
 YESTERDAY
  MAXIMUM         63    458 PM  87    2006  70     -7       74
  MINIMUM         58   1159 PM  24    1951  46     12       56
  AVERAGE         61                        58      3       65

PRECIPITATION (IN)
  YESTERDAY        1.17          1.18 1953   0.16   1.01     0.00
  MONTH TO DATE    2.83                      2.37   0.46     0.93
  SINCE MAR 1      9.12                      6.66   2.46     4.86
  SINCE JAN 1     13.75                     12.22   1.53     7.50

DEGREE DAYS
 HEATING
  YESTERDAY        4                         8     -4        0
  MONTH TO DATE   88                       172    -84      161
  SINCE MAR 1    517                       718   -201      555
  SINCE JUL 1   3166                      4182  -1016     3388

 COOLING
  YESTERDAY        0                         1     -1        0
  MONTH TO DATE   13                        12      1        0
  SINCE MAR 1     17                        16      1        4
  SINCE JAN 1     18                        16      2        4
..................................................................


WIND (MPH)
  HIGHEST WIND SPEED    14   HIGHEST WIND DIRECTION    NE (60)
  HIGHEST GUST SPEED    19   HIGHEST GUST DIRECTION    NE (60)
  AVERAGE WIND SPEED     7.5


SKY COVER
  AVERAGE SKY COVER 0.9


WEATHER CONDITIONS
 THE FOLLOWING WEATHER WAS RECORDED YESTERDAY.
  THUNDERSTORM
  HEAVY RAIN
  RAIN
  LIGHT RAIN
  FOG


RELATIVE HUMIDITY (PERCENT)
 HIGHEST   100          1200 AM
 LOWEST     84           200 AM
 AVERAGE    92

..........................................................


THE WEST PLAINS MO CLIMATE NORMALS FOR TODAY
                         NORMAL    RECORD    YEAR
 MAXIMUM TEMPERATURE (F)   71        89      2006
 MINIMUM TEMPERATURE (F)   46        28      1953


SUNRISE AND SUNSET
APRIL 18 2017.........SUNRISE   629 AM CDT   SUNSET   745 PM CDT
APRIL 19 2017.........SUNRISE   628 AM CDT   SUNSET   746 PM CDT


-  INDICATES NEGATIVE NUMBERS.
R  INDICATES RECORD WAS SET OR TIED.
MM INDICATES DATA IS MISSING.
T  INDICATES TRACE AMOUNT.




$$
