000
CDUS43 KSGF 121030
CLIUNO


CLIMATE REPORT
NATIONAL WEATHER SERVICE SPRINGFIELD MO
530 AM CDT SUN MAR 12 2017


...................................

...THE WEST PLAINS MO CLIMATE SUMMARY FOR MARCH 11 2017...

CLIMATE NORMAL PERIOD 1981 TO 2010
CLIMATE RECORD PERIOD 1947 TO 2017


WEATHER ITEM   OBSERVED TIME   RECORD YEAR NORMAL DEPARTURE LAST
                VALUE   (LST)  VALUE       VALUE  FROM      YEAR
                                                  NORMAL
..................................................................
TEMPERATURE (F)
 YESTERDAY
  MAXIMUM         39    132 AM  88    1967  58    -19       58
  MINIMUM         29   1159 PM  13    1994  34     -5       42
  AVERAGE         34                        46    -12       50

PRECIPITATION (IN)
  YESTERDAY        0.07          1.40 1977   0.13  -0.06     0.00
  MONTH TO DATE    2.23                      1.32   0.91     2.24
  SINCE MAR 1      2.23                      1.32   0.91     2.24
  SINCE JAN 1      6.86                      6.88  -0.02     4.88

DEGREE DAYS
 HEATING
  YESTERDAY       31                        19     12       15
  MONTH TO DATE  168                       233    -65      149
  SINCE MAR 1    168                       233    -65      149
  SINCE JUL 1   2817                      3697   -880     2982

 COOLING
  YESTERDAY        0                         0      0        0
  MONTH TO DATE    0                         0      0        0
  SINCE MAR 1      0                         0      0        0
  SINCE JAN 1      1                         0      1        0
..................................................................


WIND (MPH)
  HIGHEST WIND SPEED    15   HIGHEST WIND DIRECTION    NE (50)
  HIGHEST GUST SPEED    20   HIGHEST GUST DIRECTION    NE (50)
  AVERAGE WIND SPEED     8.1


SKY COVER
  AVERAGE SKY COVER 0.8


WEATHER CONDITIONS
 THE FOLLOWING WEATHER WAS RECORDED YESTERDAY.
  LIGHT RAIN
  FREEZING RAIN
  LT FREEZING RAIN
  FOG


RELATIVE HUMIDITY (PERCENT)
 HIGHEST    92           800 AM
 LOWEST     44          1200 AM
 AVERAGE    68

..........................................................


THE WEST PLAINS MO CLIMATE NORMALS FOR TODAY
                         NORMAL    RECORD    YEAR
 MAXIMUM TEMPERATURE (F)   58        89      1967
 MINIMUM TEMPERATURE (F)   34         6      1998


SUNRISE AND SUNSET
MARCH 12 2017.........SUNRISE   723 AM CDT   SUNSET   713 PM CDT
MARCH 13 2017.........SUNRISE   721 AM CDT   SUNSET   713 PM CDT


-  INDICATES NEGATIVE NUMBERS.
R  INDICATES RECORD WAS SET OR TIED.
MM INDICATES DATA IS MISSING.
T  INDICATES TRACE AMOUNT.




$$
