000
CDUS43 KSGF 160626
CLIUNO


CLIMATE REPORT
NATIONAL WEATHER SERVICE SPRINGFIELD MO
126 AM CDT WED JUL 16 2014


...................................

...THE WEST PLAINS MO CLIMATE SUMMARY FOR JULY 15 2014...

CLIMATE NORMAL PERIOD 1981 TO 2010
CLIMATE RECORD PERIOD 1947 TO 2014


WEATHER ITEM   OBSERVED TIME   RECORD YEAR NORMAL DEPARTURE LAST
                VALUE   (LST)  VALUE       VALUE  FROM      YEAR
                                                  NORMAL
..................................................................
TEMPERATURE (F)
 YESTERDAY
  MAXIMUM         76    224 PM 104    1980  90    -14       85
  MINIMUM         58   1159 PM  53    1967  67     -9       65
                                      1990
  AVERAGE         67                        78    -11       75

PRECIPITATION (IN)
  YESTERDAY        0.00          2.02 1972   0.12  -0.12     0.13
  MONTH TO DATE    1.54                      1.82  -0.28     0.13
  SINCE JUN 1      6.77                      5.84   0.93     3.80
  SINCE JAN 1     18.75                     25.11  -6.36    25.62

DEGREE DAYS
 HEATING
  YESTERDAY        0                         0      0        0
  MONTH TO DATE    0                         0      0        0
  SINCE JUN 1      2                         5     -3        9
  SINCE JUL 1      0                         0      0        0

 COOLING
  YESTERDAY        2                        13    -11       10
  MONTH TO DATE  128                       191    -63      136
  SINCE JUN 1    393                       457    -64      284
  SINCE JAN 1    543                       579    -36      396
..................................................................


WIND (MPH)
  HIGHEST WIND SPEED    16   HIGHEST WIND DIRECTION     N (360)
  HIGHEST GUST SPEED    21   HIGHEST GUST DIRECTION     N (10)
  AVERAGE WIND SPEED     6.8


SKY COVER
  AVERAGE SKY COVER 0.1


WEATHER CONDITIONS
 THE FOLLOWING WEATHER WAS RECORDED YESTERDAY.
  NO SIGNIFICANT WEATHER WAS OBSERVED.


RELATIVE HUMIDITY (PERCENT)
 HIGHEST    84           900 PM
 LOWEST     43           400 PM
 AVERAGE    64

..........................................................


THE WEST PLAINS MO CLIMATE NORMALS FOR TODAY
                         NORMAL    RECORD    YEAR
 MAXIMUM TEMPERATURE (F)   90       105      1980
 MINIMUM TEMPERATURE (F)   67        53      1990


SUNRISE AND SUNSET
JULY 16 2014..........SUNRISE   601 AM CDT   SUNSET   826 PM CDT
JULY 17 2014..........SUNRISE   602 AM CDT   SUNSET   826 PM CDT


-  INDICATES NEGATIVE NUMBERS.
R  INDICATES RECORD WAS SET OR TIED.
MM INDICATES DATA IS MISSING.
T  INDICATES TRACE AMOUNT.




$$
