000
CDUS43 KSGF 140632
CLIUNO


CLIMATE REPORT
NATIONAL WEATHER SERVICE SPRINGFIELD MO
132 AM CDT TUE MAR 14 2017


...................................

...THE WEST PLAINS MO CLIMATE SUMMARY FOR MARCH 13 2017...

CLIMATE NORMAL PERIOD 1981 TO 2010
CLIMATE RECORD PERIOD 1947 TO 2017


WEATHER ITEM   OBSERVED TIME   RECORD YEAR NORMAL DEPARTURE LAST
                VALUE   (LST)  VALUE       VALUE  FROM      YEAR
                                                  NORMAL
..................................................................
TEMPERATURE (F)
 YESTERDAY
  MAXIMUM         37   1110 AM  89    1967  58    -21       70
  MINIMUM         33   1159 PM   7    1998  35     -2       54
  AVERAGE         35                        46    -11       62

PRECIPITATION (IN)
  YESTERDAY        0.32          1.55 1978   0.14   0.18     0.02
  MONTH TO DATE    2.55                      1.59   0.96     2.37
  SINCE MAR 1      2.55                      1.59   0.96     2.37
  SINCE JAN 1      7.18                      7.15   0.03     5.01

DEGREE DAYS
 HEATING
  YESTERDAY       30                        19     11        3
  MONTH TO DATE  228                       271    -43      162
  SINCE MAR 1    228                       271    -43      162
  SINCE JUL 1   2877                      3735   -858     2995

 COOLING
  YESTERDAY        0                         0      0        0
  MONTH TO DATE    0                         0      0        0
  SINCE MAR 1      0                         0      0        0
  SINCE JAN 1      1                         0      1        0
..................................................................


WIND (MPH)
  HIGHEST WIND SPEED    18   HIGHEST WIND DIRECTION    NW (320)
  HIGHEST GUST SPEED    25   HIGHEST GUST DIRECTION    NW (310)
  AVERAGE WIND SPEED     8.2


SKY COVER
  AVERAGE SKY COVER 1.0


WEATHER CONDITIONS
 THE FOLLOWING WEATHER WAS RECORDED YESTERDAY.
  SNOW
  LIGHT SNOW
  FOG


RELATIVE HUMIDITY (PERCENT)
 HIGHEST   100           700 AM
 LOWEST     64          1200 AM
 AVERAGE    82

..........................................................


THE WEST PLAINS MO CLIMATE NORMALS FOR TODAY
                         NORMAL    RECORD    YEAR
 MAXIMUM TEMPERATURE (F)   59        81      2012
 MINIMUM TEMPERATURE (F)   35        11      1993


SUNRISE AND SUNSET
MARCH 14 2017.........SUNRISE   720 AM CDT   SUNSET   714 PM CDT
MARCH 15 2017.........SUNRISE   718 AM CDT   SUNSET   715 PM CDT


-  INDICATES NEGATIVE NUMBERS.
R  INDICATES RECORD WAS SET OR TIED.
MM INDICATES DATA IS MISSING.
T  INDICATES TRACE AMOUNT.




$$
