000
CDUS43 KSGF 292231
CLIUNO


CLIMATE REPORT
NATIONAL WEATHER SERVICE SPRINGFIELD MO
431 PM CST WED NOV 29 2017


...................................

...THE WEST PLAINS MO CLIMATE SUMMARY FOR NOVEMBER 29 2017...
VALID AS OF 0400 PM LOCAL TIME.

CLIMATE NORMAL PERIOD 1981 TO 2010
CLIMATE RECORD PERIOD 1947 TO 2017


WEATHER ITEM   OBSERVED TIME   RECORD YEAR NORMAL DEPARTURE LAST
                VALUE   (LST)  VALUE       VALUE  FROM      YEAR
                                                  NORMAL
..................................................................
TEMPERATURE (F)
 TODAY
  MAXIMUM         67    305 PM  73    1970  51     16       63
  MINIMUM         47    738 AM   6    1976  31     16       42
  AVERAGE         57                        41     16       53

PRECIPITATION (IN)
  TODAY            0.00          1.43 2004   0.16  -0.16     0.00
  MONTH TO DATE    0.45                      4.44  -3.99     0.71
  SINCE SEP 1      2.66                     12.37  -9.71     4.12
  SINCE JAN 1     44.85                     42.44   2.41    36.24

DEGREE DAYS
 HEATING
  TODAY            8                        24    -16       12
  MONTH TO DATE  420                       526   -106      384
  SINCE SEP 1    647                       828   -181      496
  SINCE JUL 1    648                       829   -181      496

 COOLING
  TODAY            0                         0      0        0
  MONTH TO DATE    6                         0      6       16
  SINCE SEP 1    288                       180    108      315
  SINCE JAN 1   1389                      1352     37     1604
..................................................................


WIND (MPH)
  HIGHEST WIND SPEED    15   HIGHEST WIND DIRECTION    SE (130)
  HIGHEST GUST SPEED    20   HIGHEST GUST DIRECTION    SE (140)


SKY COVER
  AVERAGE SKY COVER 0.8


WEATHER CONDITIONS
 THE FOLLOWING WEATHER WAS RECORDED TODAY.
  NO SIGNIFICANT WEATHER WAS OBSERVED.


RELATIVE HUMIDITY (PERCENT)
 HIGHEST    61           400 AM
 LOWEST     39          1100 AM
 AVERAGE    50

..........................................................


THE WEST PLAINS MO CLIMATE NORMALS FOR TOMORROW
                         NORMAL    RECORD    YEAR
 MAXIMUM TEMPERATURE (F)   51        73      2014
 MINIMUM TEMPERATURE (F)   31         5      1976


SUNRISE AND SUNSET
NOVEMBER 29 2017......SUNRISE   700 AM CST   SUNSET   452 PM CST
NOVEMBER 30 2017......SUNRISE   701 AM CST   SUNSET   451 PM CST


-  INDICATES NEGATIVE NUMBERS.
R  INDICATES RECORD WAS SET OR TIED.
MM INDICATES DATA IS MISSING.
T  INDICATES TRACE AMOUNT.




$$
