000
CDUS43 KSGF 140633
CLIUNO


CLIMATE REPORT
NATIONAL WEATHER SERVICE SPRINGFIELD MO
1233 AM CST SUN DEC 14 2014


...................................

...THE WEST PLAINS MO CLIMATE SUMMARY FOR DECEMBER 13 2014...

CLIMATE NORMAL PERIOD 1981 TO 2010
CLIMATE RECORD PERIOD 1947 TO 2014


WEATHER ITEM   OBSERVED TIME   RECORD YEAR NORMAL DEPARTURE LAST
                VALUE   (LST)  VALUE       VALUE  FROM      YEAR
                                                  NORMAL
..................................................................
TEMPERATURE (F)
 YESTERDAY
  MAXIMUM         51    438 PM  72    1948  47      4       MM
  MINIMUM         43    340 AM   5    1961  26     17       MM
                                      1962
  AVERAGE         47                        36     11       MM

PRECIPITATION (IN)
  YESTERDAY        0.00          0.96 2000   0.12  -0.12     0.51
  MONTH TO DATE    1.26                      1.92  -0.66     0.53
  SINCE DEC 1      1.26                      1.92  -0.66     0.53
  SINCE JAN 1     34.69                     44.50  -9.81    52.42

DEGREE DAYS
 HEATING
  YESTERDAY       18                        29    -11       MM
  MONTH TO DATE  340                       350    -10      389
  SINCE DEC 1    340                       350    -10      389
  SINCE JUL 1   1352                      1202    150     1301

 COOLING
  YESTERDAY        0                         0      0       MM
  MONTH TO DATE    0                         0      0        0
  SINCE DEC 1      0                         0      0        0
  SINCE JAN 1   1231                      1354   -123     1073
..................................................................


WIND (MPH)
  HIGHEST WIND SPEED     9   HIGHEST WIND DIRECTION    SE (150)
  HIGHEST GUST SPEED    13   HIGHEST GUST DIRECTION    SE (150)
  AVERAGE WIND SPEED     4.9


SKY COVER
  AVERAGE SKY COVER 0.9


WEATHER CONDITIONS
 THE FOLLOWING WEATHER WAS RECORDED YESTERDAY.
  FOG
  HAZE


RELATIVE HUMIDITY (PERCENT)
 HIGHEST   100          1000 AM
 LOWEST     80           500 PM
 AVERAGE    90

..........................................................


THE WEST PLAINS MO CLIMATE NORMALS FOR TODAY
                         NORMAL    RECORD    YEAR
 MAXIMUM TEMPERATURE (F)   46        66      2006
                                             1971
 MINIMUM TEMPERATURE (F)   26         0      1985


SUNRISE AND SUNSET
DECEMBER 14 2014......SUNRISE   713 AM CST   SUNSET   452 PM CST
DECEMBER 15 2014......SUNRISE   713 AM CST   SUNSET   452 PM CST


-  INDICATES NEGATIVE NUMBERS.
R  INDICATES RECORD WAS SET OR TIED.
MM INDICATES DATA IS MISSING.
T  INDICATES TRACE AMOUNT.




$$
