000
CDUS43 KSGF 210631
CLIUNO


CLIMATE REPORT
NATIONAL WEATHER SERVICE SPRINGFIELD MO
1229 AM CST SAT FEB 21 2015


...................................

...THE WEST PLAINS MO CLIMATE SUMMARY FOR FEBRUARY 20 2015...

CLIMATE NORMAL PERIOD 1981 TO 2010
CLIMATE RECORD PERIOD 1947 TO 2015


WEATHER ITEM   OBSERVED TIME   RECORD YEAR NORMAL DEPARTURE LAST
                VALUE   (LST)  VALUE       VALUE  FROM      YEAR
                                                  NORMAL
..................................................................
TEMPERATURE (F)
 YESTERDAY
  MAXIMUM         29   1159 PM  75    2014  51    -22       75
  MINIMUM         15    420 AM   8    1958  28    -13       34
  AVERAGE         22                        39    -17       55

PRECIPITATION (IN)
  YESTERDAY        0.33          1.22 1951   0.10   0.23     0.00
  MONTH TO DATE    1.76                      2.01  -0.25     0.25
  SINCE DEC 1      6.75                      8.37  -1.62     4.16
  SINCE JAN 1      3.78                      4.73  -0.95     1.85

DEGREE DAYS
 HEATING
  YESTERDAY       43                        26     17       10
  MONTH TO DATE  693                       564    129      703
  SINCE DEC 1   2463                      2416     47     2651
  SINCE JUL 1   3475                      3268    207     3563

 COOLING
  YESTERDAY        0                         0      0        0
  MONTH TO DATE    0                         0      0        0
  SINCE DEC 1      0                         0      0        0
  SINCE JAN 1      0                         0      0        0
..................................................................


WIND (MPH)
  HIGHEST WIND SPEED    15   HIGHEST WIND DIRECTION     S (160)
  HIGHEST GUST SPEED    21   HIGHEST GUST DIRECTION    SE (150)
  AVERAGE WIND SPEED     8.1


SKY COVER
  AVERAGE SKY COVER 0.9


WEATHER CONDITIONS
 THE FOLLOWING WEATHER WAS RECORDED YESTERDAY.
  THUNDERSTORM
  FREEZING RAIN
  LT FREEZING RAIN
  LIGHT SNOW
  FOG
  HAZE


RELATIVE HUMIDITY (PERCENT)
 HIGHEST   100           900 PM
 LOWEST     56          1200 AM
 AVERAGE    78

..........................................................


THE WEST PLAINS MO CLIMATE NORMALS FOR TODAY
                         NORMAL    RECORD    YEAR
 MAXIMUM TEMPERATURE (F)   51        74      1996
 MINIMUM TEMPERATURE (F)   28         2      1963


SUNRISE AND SUNSET
FEBRUARY 21 2015......SUNRISE   649 AM CST   SUNSET   554 PM CST
FEBRUARY 22 2015......SUNRISE   648 AM CST   SUNSET   555 PM CST


-  INDICATES NEGATIVE NUMBERS.
R  INDICATES RECORD WAS SET OR TIED.
MM INDICATES DATA IS MISSING.
T  INDICATES TRACE AMOUNT.




$$
