000
CDUS43 KSGF 082226
CLIUNO


CLIMATE REPORT
NATIONAL WEATHER SERVICE SPRINGFIELD MO
526 PM CDT FRI JUL 8 2016


...................................

...THE WEST PLAINS MO CLIMATE SUMMARY FOR JULY 8 2016...
VALID TODAY AS OF 0500 PM LOCAL TIME.

CLIMATE NORMAL PERIOD 1981 TO 2010
CLIMATE RECORD PERIOD 1947 TO 2016


WEATHER ITEM   OBSERVED TIME   RECORD YEAR NORMAL DEPARTURE LAST
                VALUE   (LST)  VALUE       VALUE  FROM      YEAR
                                                  NORMAL
..................................................................
TEMPERATURE (F)
 TODAY
  MAXIMUM         89   1125 AM 102    2012  89      0       83
  MINIMUM         70    359 PM  52    1983  67      3       71
  AVERAGE         80                        78      2       77

PRECIPITATION (IN)
  TODAY            0.30          1.35 2004   0.12   0.18     0.35
  MONTH TO DATE    1.27                      0.90   0.37     3.19
  SINCE JUN 1      5.68                      4.92   0.76     8.91
  SINCE JAN 1     20.42                     24.19  -3.77    26.52

DEGREE DAYS
 HEATING
  TODAY            0                         0      0        0
  MONTH TO DATE    0                         0      0        0
  SINCE JUN 1      0                         5     -5        5
  SINCE JUL 1      0                         0      0        0

 COOLING
  TODAY           15                        13      2       12
  MONTH TO DATE   98                       100     -2       85
  SINCE JUN 1    448                       366     82      400
  SINCE JAN 1    541                       488     53      522
..................................................................


WIND (MPH)
  HIGHEST WIND SPEED    25   HIGHEST WIND DIRECTION     W (280)
  HIGHEST GUST SPEED    36   HIGHEST GUST DIRECTION     W (290)


SKY COVER
  AVERAGE SKY COVER 0.4


WEATHER CONDITIONS
 THE FOLLOWING WEATHER WAS RECORDED TODAY.
  THUNDERSTORM
  HEAVY RAIN
  RAIN
  LIGHT RAIN
  FOG
  HAZE


RELATIVE HUMIDITY (PERCENT)
 HIGHEST    90           600 AM
 LOWEST     59          1200 PM
 AVERAGE    75

..........................................................


THE WEST PLAINS MO CLIMATE NORMALS FOR TOMORROW
                         NORMAL    RECORD    YEAR
 MAXIMUM TEMPERATURE (F)   89        99      1966
 MINIMUM TEMPERATURE (F)   67        54      1961


SUNRISE AND SUNSET
JULY  8 2016..........SUNRISE   556 AM CDT   SUNSET   829 PM CDT
JULY  9 2016..........SUNRISE   557 AM CDT   SUNSET   829 PM CDT


-  INDICATES NEGATIVE NUMBERS.
R  INDICATES RECORD WAS SET OR TIED.
MM INDICATES DATA IS MISSING.
T  INDICATES TRACE AMOUNT.




$$
