000
CDUS43 KSGF 152126
CLIUNO


CLIMATE REPORT
NATIONAL WEATHER SERVICE SPRINGFIELD MO
426 PM CDT MON MAY 15 2017


...................................

...THE WEST PLAINS MO CLIMATE SUMMARY FOR MAY 15 2017...
VALID AS OF 0400 PM LOCAL TIME.

CLIMATE NORMAL PERIOD 1981 TO 2010
CLIMATE RECORD PERIOD 1947 TO 2017


WEATHER ITEM   OBSERVED TIME   RECORD YEAR NORMAL DEPARTURE LAST
                VALUE   (LST)  VALUE       VALUE  FROM      YEAR
                                                  NORMAL
..................................................................
TEMPERATURE (F)
 TODAY
  MAXIMUM         81    259 PM  87    1957  76      5       66
  MINIMUM         55    525 AM  35    1959  54      1       39
  AVERAGE         68                        65      3       53

PRECIPITATION (IN)
  TODAY            0.00          1.61 1956   0.15  -0.15     0.00
  MONTH TO DATE    3.31                      2.80   0.51     2.44
  SINCE MAR 1     27.53                     11.57  15.96     7.67
  SINCE JAN 1     32.16                     17.13  15.03    10.31

DEGREE DAYS
 HEATING
  TODAY            0                         3     -3       12
  MONTH TO DATE   63                        54      9       66
  SINCE MAR 1    654                       852   -198      646
  SINCE JUL 1   3303                      4316  -1013     3479

 COOLING
  TODAY            3                         3      0        0
  MONTH TO DATE   27                        29     -2       23
  SINCE MAR 1     55                        57     -2       39
  SINCE JAN 1     56                        57     -1       39
..................................................................


WIND (MPH)
  HIGHEST WIND SPEED    14   HIGHEST WIND DIRECTION    SE (150)
  HIGHEST GUST SPEED    17   HIGHEST GUST DIRECTION    SE (130)


SKY COVER
  AVERAGE SKY COVER 0.0


WEATHER CONDITIONS
 THE FOLLOWING WEATHER WAS RECORDED TODAY.
  NO SIGNIFICANT WEATHER WAS OBSERVED.


RELATIVE HUMIDITY (PERCENT)
 HIGHEST    93           500 AM
 LOWEST     45           300 PM
 AVERAGE    69

..........................................................


THE WEST PLAINS MO CLIMATE NORMALS FOR TOMORROW
                         NORMAL    RECORD    YEAR
 MAXIMUM TEMPERATURE (F)   77        88      2012
 MINIMUM TEMPERATURE (F)   54        34      1997


SUNRISE AND SUNSET
MAY 15 2017...........SUNRISE   600 AM CDT   SUNSET   809 PM CDT
MAY 16 2017...........SUNRISE   559 AM CDT   SUNSET   810 PM CDT


-  INDICATES NEGATIVE NUMBERS.
R  INDICATES RECORD WAS SET OR TIED.
MM INDICATES DATA IS MISSING.
T  INDICATES TRACE AMOUNT.




$$
