129
CDUS43 KSGF 152329
CLIUNO


CLIMATE REPORT
NATIONAL WEATHER SERVICE SPRINGFIELD MO
528 PM CST SUN JAN 15 2017


...................................

...THE WEST PLAINS MO CLIMATE SUMMARY FOR JANUARY 15 2017...
VALID TODAY AS OF 0500 PM LOCAL TIME.

CLIMATE NORMAL PERIOD 1981 TO 2010
CLIMATE RECORD PERIOD 1947 TO 2017


WEATHER ITEM   OBSERVED TIME   RECORD YEAR NORMAL DEPARTURE LAST
                VALUE   (LST)  VALUE       VALUE  FROM      YEAR
                                                  NORMAL
..................................................................
TEMPERATURE (F)
 TODAY
  MAXIMUM         41    437 PM  71    1996  44     -3       52
  MINIMUM         35    902 AM  -5    1979  23     12       32
  AVERAGE         38                        34      4       42

PRECIPITATION (IN)
  TODAY            0.12          0.65 1949   0.06   0.06     0.00
  MONTH TO DATE    1.35                      0.95   0.40     0.80
  SINCE DEC 1      2.37                      4.59  -2.22     9.84
  SINCE JAN 1      1.35                      0.95   0.40     0.80

DEGREE DAYS
 COOLING
  TODAY            0                         0      0        0
  MONTH TO DATE    0                         0      0        0
  SINCE DEC 1      0                         0      0        0
  SINCE JAN 1      0                         0      0        0
..................................................................


WIND (MPH)
  HIGHEST WIND SPEED    10   HIGHEST WIND DIRECTION     E (100)
  HIGHEST GUST SPEED    12   HIGHEST GUST DIRECTION     E (100)


SKY COVER
  AVERAGE SKY COVER 1.0


WEATHER CONDITIONS
 THE FOLLOWING WEATHER WAS RECORDED TODAY.
  LIGHT RAIN
  FOG
  FOG W/VISIBILITY <= 1/4 MILE


RELATIVE HUMIDITY (PERCENT)
 HIGHEST   100          1000 AM
 LOWEST     92          1200 AM
 AVERAGE    96

..........................................................


THE WEST PLAINS MO CLIMATE NORMALS FOR TOMORROW
                         NORMAL    RECORD    YEAR
 MAXIMUM TEMPERATURE (F)   44        72      1952
 MINIMUM TEMPERATURE (F)   23       -10      1977


SUNRISE AND SUNSET
JANUARY 15 2017.......SUNRISE   719 AM CST   SUNSET   515 PM CST
JANUARY 16 2017.......SUNRISE   719 AM CST   SUNSET   516 PM CST


-  INDICATES NEGATIVE NUMBERS.
R  INDICATES RECORD WAS SET OR TIED.
MM INDICATES DATA IS MISSING.
T  INDICATES TRACE AMOUNT.




$$
