000
CDUS43 KSGF 150626
CLIUNO


CLIMATE REPORT
NATIONAL WEATHER SERVICE SPRINGFIELD MO
1226 AM CST SAT NOV 15 2014


...................................

...THE WEST PLAINS MO CLIMATE SUMMARY FOR NOVEMBER 14 2014...

CLIMATE NORMAL PERIOD 1981 TO 2010
CLIMATE RECORD PERIOD 1947 TO 2014


WEATHER ITEM   OBSERVED TIME   RECORD YEAR NORMAL DEPARTURE LAST
                VALUE   (LST)  VALUE       VALUE  FROM      YEAR
                                                  NORMAL
..................................................................
TEMPERATURE (F)
 YESTERDAY
  MAXIMUM         37    319 PM  79    1999  58    -21       55
  MINIMUM         14    650 AM  12    1986  37    -23       24
  AVERAGE         26                        48    -22       40

PRECIPITATION (IN)
  YESTERDAY        0.00          3.85 1958   0.16  -0.16     0.00
  MONTH TO DATE    0.70                      2.04  -1.34     1.34
  SINCE SEP 1     10.19                      9.97   0.22     6.50
  SINCE JAN 1     31.81                     40.04  -8.23    48.73

DEGREE DAYS
 HEATING
  YESTERDAY       39                        18     21       25
  MONTH TO DATE  323                       211    112      261
  SINCE SEP 1    593                       513     80      530
  SINCE JUL 1    595                       514     81      534

 COOLING
  YESTERDAY        0                         0      0        0
  MONTH TO DATE    0                         0      0        0
  SINCE SEP 1    176                       180     -4      231
  SINCE JAN 1   1231                      1352   -121     1073
..................................................................


WIND (MPH)
  HIGHEST WIND SPEED     9   HIGHEST WIND DIRECTION    NE (40)
  HIGHEST GUST SPEED    13   HIGHEST GUST DIRECTION     N (10)
  AVERAGE WIND SPEED     1.2


SKY COVER
  AVERAGE SKY COVER 0.0


WEATHER CONDITIONS
 THE FOLLOWING WEATHER WAS RECORDED YESTERDAY.
  NO SIGNIFICANT WEATHER WAS OBSERVED.


RELATIVE HUMIDITY (PERCENT)
 HIGHEST    80           400 AM
 LOWEST     32           300 PM
 AVERAGE    56

..........................................................


THE WEST PLAINS MO CLIMATE NORMALS FOR TODAY
                         NORMAL    RECORD    YEAR
 MAXIMUM TEMPERATURE (F)   57        81      1955
 MINIMUM TEMPERATURE (F)   37        17      1982


SUNRISE AND SUNSET
NOVEMBER 15 2014......SUNRISE   646 AM CST   SUNSET   458 PM CST
NOVEMBER 16 2014......SUNRISE   647 AM CST   SUNSET   458 PM CST


-  INDICATES NEGATIVE NUMBERS.
R  INDICATES RECORD WAS SET OR TIED.
MM INDICATES DATA IS MISSING.
T  INDICATES TRACE AMOUNT.




$$
