000
CDUS43 KSGF 102326
CLIUNO


CLIMATE REPORT
NATIONAL WEATHER SERVICE SPRINGFIELD MO
526 PM CST WED DEC 10 2014


...................................

...THE WEST PLAINS MO CLIMATE SUMMARY FOR DECEMBER 10 2014...
VALID TODAY AS OF 0500 PM LOCAL TIME.

CLIMATE NORMAL PERIOD 1981 TO 2010
CLIMATE RECORD PERIOD 1947 TO 2014


WEATHER ITEM   OBSERVED TIME   RECORD YEAR NORMAL DEPARTURE LAST
                VALUE   (LST)  VALUE       VALUE  FROM      YEAR
                                                  NORMAL
..................................................................
TEMPERATURE (F)
 TODAY
  MAXIMUM         35    457 PM  67    1970  47    -12       35
  MINIMUM         31   1204 AM   1    1995  27      4       14
  AVERAGE         33                        37     -4       25

PRECIPITATION (IN)
  TODAY            0.00          2.89 1971   0.14  -0.14      T
  MONTH TO DATE    1.23                      1.53  -0.30     0.02
  SINCE DEC 1      1.23                      1.53  -0.30     0.02
  SINCE JAN 1     34.66                     44.11  -9.45    51.91

DEGREE DAYS
 HEATING
  TODAY           32                        28      4       40
  MONTH TO DATE  270                       265      5      305
  SINCE DEC 1    270                       265      5      305
  SINCE JUL 1   1282                      1117    165     1217

 COOLING
  TODAY            0                         0      0        0
  MONTH TO DATE    0                         0      0        0
  SINCE DEC 1      0                         0      0        0
  SINCE JAN 1   1231                      1354   -123     1073
..................................................................


WIND (MPH)
  HIGHEST WIND SPEED     8   HIGHEST WIND DIRECTION     S (180)
  HIGHEST GUST SPEED    12   HIGHEST GUST DIRECTION     E (90)


SKY COVER
  AVERAGE SKY COVER 1.0


WEATHER CONDITIONS
 THE FOLLOWING WEATHER WAS RECORDED TODAY.
  NO SIGNIFICANT WEATHER WAS OBSERVED.


RELATIVE HUMIDITY (PERCENT)
 HIGHEST    85          1200 AM
 LOWEST     75           500 PM
 AVERAGE    80

..........................................................


THE WEST PLAINS MO CLIMATE NORMALS FOR TOMORROW
                         NORMAL    RECORD    YEAR
 MAXIMUM TEMPERATURE (F)   47        71      1949
 MINIMUM TEMPERATURE (F)   27         1      1995


SUNRISE AND SUNSET
DECEMBER 10 2014......SUNRISE   710 AM CST   SUNSET   451 PM CST
DECEMBER 11 2014......SUNRISE   710 AM CST   SUNSET   451 PM CST


-  INDICATES NEGATIVE NUMBERS.
R  INDICATES RECORD WAS SET OR TIED.
MM INDICATES DATA IS MISSING.
T  INDICATES TRACE AMOUNT.




$$
