000
CDUS43 KSGF 110626
CLIUNO


CLIMATE REPORT
NATIONAL WEATHER SERVICE SPRINGFIELD MO
126 AM CDT THU SEP 11 2014


...................................

...THE WEST PLAINS MO CLIMATE SUMMARY FOR SEPTEMBER 10 2014...

CLIMATE NORMAL PERIOD 1981 TO 2010
CLIMATE RECORD PERIOD 1947 TO 2014


WEATHER ITEM   OBSERVED TIME   RECORD YEAR NORMAL DEPARTURE LAST
                VALUE   (LST)  VALUE       VALUE  FROM      YEAR
                                                  NORMAL
..................................................................
TEMPERATURE (F)
 YESTERDAY
  MAXIMUM         92    219 PM  96    1953  83      9       93
  MINIMUM         72   1159 PM  44    1976  60     12       68
  AVERAGE         82                        71     11       81

PRECIPITATION (IN)
  YESTERDAY        0.53          5.11 1975   0.15   0.38     0.00
  MONTH TO DATE    1.15                      1.47  -0.32     0.08
  SINCE SEP 1      1.15                      1.47  -0.32     0.08
  SINCE JAN 1     22.77                     31.54  -8.77    42.31

DEGREE DAYS
 HEATING
  YESTERDAY        0                         0      0        0
  MONTH TO DATE    1                         0      1        0
  SINCE SEP 1      1                         0      1        0
  SINCE JUL 1      3                         1      2        4

 COOLING
  YESTERDAY       17                         7     10       16
  MONTH TO DATE  101                        82     19      105
  SINCE SEP 1    101                        82     19      105
  SINCE JAN 1   1156                      1254    -98      947
..................................................................


WIND (MPH)
  HIGHEST WIND SPEED    16   HIGHEST WIND DIRECTION     W (270)
  HIGHEST GUST SPEED    25   HIGHEST GUST DIRECTION     W (290)
  AVERAGE WIND SPEED     8.5


SKY COVER
  AVERAGE SKY COVER 0.4


WEATHER CONDITIONS
 THE FOLLOWING WEATHER WAS RECORDED YESTERDAY.
  THUNDERSTORM
  HEAVY RAIN
  RAIN
  LIGHT RAIN
  FOG


RELATIVE HUMIDITY (PERCENT)
 HIGHEST    87           900 PM
 LOWEST     52           200 PM
 AVERAGE    70

..........................................................


THE WEST PLAINS MO CLIMATE NORMALS FOR TODAY
                         NORMAL    RECORD    YEAR
 MAXIMUM TEMPERATURE (F)   83        96      1953
 MINIMUM TEMPERATURE (F)   59        40      1976


SUNRISE AND SUNSET
SEPTEMBER 11 2014.....SUNRISE   647 AM CDT   SUNSET   721 PM CDT
SEPTEMBER 12 2014.....SUNRISE   647 AM CDT   SUNSET   720 PM CDT


-  INDICATES NEGATIVE NUMBERS.
R  INDICATES RECORD WAS SET OR TIED.
MM INDICATES DATA IS MISSING.
T  INDICATES TRACE AMOUNT.




$$
