000
CDUS43 KSGF 290634
CLIUNO


CLIMATE REPORT
NATIONAL WEATHER SERVICE SPRINGFIELD MO
1234 AM CST FRI JAN 29 2016


...................................

...THE WEST PLAINS MO CLIMATE SUMMARY FOR JANUARY 28 2016...

CLIMATE NORMAL PERIOD 1981 TO 2010
CLIMATE RECORD PERIOD 1947 TO 2016


WEATHER ITEM   OBSERVED TIME   RECORD YEAR NORMAL DEPARTURE LAST
                VALUE   (LST)  VALUE       VALUE  FROM      YEAR
                                                  NORMAL
..................................................................
TEMPERATURE (F)
 YESTERDAY
  MAXIMUM         62    230 PM  74    1970  45     17       55
  MINIMUM         34    653 AM  -7    1961  24     10       31
  AVERAGE         48                        35     13       43

PRECIPITATION (IN)
  YESTERDAY        0.00          1.29 2006   0.12  -0.12     0.00
  MONTH TO DATE    0.93                      2.31  -1.38     2.02
  SINCE DEC 1      9.97                      5.95   4.02     4.99
  SINCE JAN 1      0.93                      2.31  -1.38     2.02

DEGREE DAYS
 HEATING
  YESTERDAY       17                        30    -13       22
  MONTH TO DATE  882                       867     15      863
  SINCE DEC 1   1492                      1760   -268     1693
  SINCE JUL 1   2127                      2612   -485     2705

 COOLING
  YESTERDAY        0                         0      0        0
  MONTH TO DATE    0                         0      0        0
  SINCE DEC 1      0                         0      0        0
  SINCE JAN 1      0                         0      0        0
..................................................................


WIND (MPH)
  HIGHEST WIND SPEED    22   HIGHEST WIND DIRECTION     W (280)
  HIGHEST GUST SPEED    33   HIGHEST GUST DIRECTION     W (280)
  AVERAGE WIND SPEED    10.5


SKY COVER
  AVERAGE SKY COVER 0.2


WEATHER CONDITIONS
 THE FOLLOWING WEATHER WAS RECORDED YESTERDAY.
  NO SIGNIFICANT WEATHER WAS OBSERVED.


RELATIVE HUMIDITY (PERCENT)
 HIGHEST    61           700 AM
 LOWEST     20           200 PM
 AVERAGE    41

..........................................................


THE WEST PLAINS MO CLIMATE NORMALS FOR TODAY
                         NORMAL    RECORD    YEAR
 MAXIMUM TEMPERATURE (F)   46        74      2002
 MINIMUM TEMPERATURE (F)   24        -4      1966


SUNRISE AND SUNSET
JANUARY 29 2016.......SUNRISE   713 AM CST   SUNSET   529 PM CST
JANUARY 30 2016.......SUNRISE   712 AM CST   SUNSET   530 PM CST


-  INDICATES NEGATIVE NUMBERS.
R  INDICATES RECORD WAS SET OR TIED.
MM INDICATES DATA IS MISSING.
T  INDICATES TRACE AMOUNT.




$$
