000
CDUS43 KSGF 200627
CLIUNO


CLIMATE REPORT
NATIONAL WEATHER SERVICE SPRINGFIELD MO
126 AM CDT MON JUL 20 2015


...................................

...THE WEST PLAINS MO CLIMATE SUMMARY FOR JULY 19 2015...

CLIMATE NORMAL PERIOD 1981 TO 2010
CLIMATE RECORD PERIOD 1947 TO 2015


WEATHER ITEM   OBSERVED TIME   RECORD YEAR NORMAL DEPARTURE LAST
                VALUE   (LST)  VALUE       VALUE  FROM      YEAR
                                                  NORMAL
..................................................................
TEMPERATURE (F)
 YESTERDAY
  MAXIMUM         92    306 PM 105    2012  90      2       81
  MINIMUM         73    536 AM  54    2014  67      6       54
                                      2009
  AVERAGE         83                        78      5       68

PRECIPITATION (IN)
  YESTERDAY        0.00          1.12 2002   0.11  -0.11     0.00
  MONTH TO DATE    5.16                      2.28   2.88     1.54
  SINCE JUN 1     10.88                      6.30   4.58     6.77
  SINCE JAN 1     28.49                     25.57   2.92    18.75

DEGREE DAYS
 HEATING
  YESTERDAY        0                         0      0        0
  MONTH TO DATE    0                         0      0        2
  SINCE JUN 1      5                         5      0        4
  SINCE JUL 1      0                         0      0        2

 COOLING
  YESTERDAY       18                        13      5        3
  MONTH TO DATE  259                       243     16      133
  SINCE JUN 1    574                       509     65      398
  SINCE JAN 1    696                       631     65      548
..................................................................


WIND (MPH)
  HIGHEST WIND SPEED    15   HIGHEST WIND DIRECTION     W (270)
  HIGHEST GUST SPEED    20   HIGHEST GUST DIRECTION     W (280)
  AVERAGE WIND SPEED     4.8


SKY COVER
  AVERAGE SKY COVER 0.0


WEATHER CONDITIONS
 THE FOLLOWING WEATHER WAS RECORDED YESTERDAY.
  NO SIGNIFICANT WEATHER WAS OBSERVED.


RELATIVE HUMIDITY (PERCENT)
 HIGHEST    93           600 AM
 LOWEST     56           200 PM
 AVERAGE    75

..........................................................


THE WEST PLAINS MO CLIMATE NORMALS FOR TODAY
                         NORMAL    RECORD    YEAR
 MAXIMUM TEMPERATURE (F)   90       101      1964
 MINIMUM TEMPERATURE (F)   67        57      2009
                                             1971


SUNRISE AND SUNSET
JULY 20 2015..........SUNRISE   604 AM CDT   SUNSET   824 PM CDT
JULY 21 2015..........SUNRISE   604 AM CDT   SUNSET   823 PM CDT


-  INDICATES NEGATIVE NUMBERS.
R  INDICATES RECORD WAS SET OR TIED.
MM INDICATES DATA IS MISSING.
T  INDICATES TRACE AMOUNT.




$$
