000
CDUS43 KSGF 052327
CLIUNO


CLIMATE REPORT
NATIONAL WEATHER SERVICE SPRINGFIELD MO
526 PM CST FRI JAN 5 2018


...................................

...THE WEST PLAINS MO CLIMATE SUMMARY FOR JANUARY 5 2018...
VALID TODAY AS OF 0500 PM LOCAL TIME.

CLIMATE NORMAL PERIOD 1981 TO 2010
CLIMATE RECORD PERIOD 1947 TO 2018


WEATHER ITEM   OBSERVED TIME   RECORD YEAR NORMAL DEPARTURE LAST
                VALUE   (LST)  VALUE       VALUE  FROM      YEAR
                                                  NORMAL
..................................................................
TEMPERATURE (F)
 TODAY
  MAXIMUM         40    222 PM  73    1997  44     -4       27
  MINIMUM          9    718 AM  -3    1959  23    -14       15
  AVERAGE         25                        34     -9       21

PRECIPITATION (IN)
  TODAY            0.00          1.30 1993   0.07  -0.07      T
  MONTH TO DATE    0.00                      0.34  -0.34     0.18
  SINCE DEC 1      2.03                      3.98  -1.95     1.20
  SINCE JAN 1      0.00                      0.34  -0.34     0.18

DEGREE DAYS
 COOLING
  TODAY            0                         0      0        0
  MONTH TO DATE    0                         0      0        0
  SINCE DEC 1      0                         0      0        0
  SINCE JAN 1      0                         0      0        0
..................................................................


WIND (MPH)
  HIGHEST WIND SPEED     9   HIGHEST WIND DIRECTION    NE (50)
  HIGHEST GUST SPEED    13   HIGHEST GUST DIRECTION     E (110)


SKY COVER
  AVERAGE SKY COVER 0.1


WEATHER CONDITIONS
 THE FOLLOWING WEATHER WAS RECORDED TODAY.
  NO SIGNIFICANT WEATHER WAS OBSERVED.


RELATIVE HUMIDITY (PERCENT)
 HIGHEST    73           700 AM
 LOWEST     29           100 PM
 AVERAGE    51

..........................................................


THE WEST PLAINS MO CLIMATE NORMALS FOR TOMORROW
                         NORMAL    RECORD    YEAR
 MAXIMUM TEMPERATURE (F)   44        70      2008
 MINIMUM TEMPERATURE (F)   23        -4      2014


SUNRISE AND SUNSET
JANUARY  5 2018.......SUNRISE   721 AM CST   SUNSET   505 PM CST
JANUARY  6 2018.......SUNRISE   721 AM CST   SUNSET   506 PM CST


-  INDICATES NEGATIVE NUMBERS.
R  INDICATES RECORD WAS SET OR TIED.
MM INDICATES DATA IS MISSING.
T  INDICATES TRACE AMOUNT.




$$
