000
CDUS43 KSGF 140626
CLIUNO


CLIMATE REPORT
NATIONAL WEATHER SERVICE SPRINGFIELD MO
126 AM CDT MON APR 14 2014


...................................

...THE WEST PLAINS MO CLIMATE SUMMARY FOR APRIL 13 2014...

CLIMATE NORMAL PERIOD 1981 TO 2010
CLIMATE RECORD PERIOD 1947 TO 2014


WEATHER ITEM   OBSERVED TIME   RECORD YEAR NORMAL DEPARTURE LAST
                VALUE   (LST)  VALUE       VALUE  FROM      YEAR
                                                  NORMAL
..................................................................
TEMPERATURE (F)
 YESTERDAY
  MAXIMUM         67   1043 AM  90    1972  69     -2       64
  MINIMUM         55   1159 PM  24    1990  44     11       33
  AVERAGE         61                        57      4       49

PRECIPITATION (IN)
  YESTERDAY        1.55          1.72 1983   0.15   1.40     0.00
  MONTH TO DATE    3.35                      1.78   1.57     1.92
  SINCE MAR 1      6.57                      6.07   0.50     5.67
  SINCE JAN 1      8.42                     11.63  -3.21    12.99

DEGREE DAYS
 HEATING
  YESTERDAY        4                         9     -5       16
  MONTH TO DATE  115                       138    -23      158
  SINCE MAR 1    817                       684    133      892
  SINCE JUL 1   4615                      4148    467     4204

 COOLING
  YESTERDAY        0                         1     -1        0
  MONTH TO DATE    7                         8     -1        7
  SINCE MAR 1      7                        12     -5        7
  SINCE JAN 1      7                        12     -5        7
..................................................................


WIND (MPH)
  HIGHEST WIND SPEED    29   HIGHEST WIND DIRECTION    SW (240)
  HIGHEST GUST SPEED    41   HIGHEST GUST DIRECTION    SW (240)
  AVERAGE WIND SPEED    11.9


SKY COVER
  AVERAGE SKY COVER 0.7


WEATHER CONDITIONS
 THE FOLLOWING WEATHER WAS RECORDED YESTERDAY.
  THUNDERSTORM
  HEAVY RAIN
  RAIN
  LIGHT RAIN
  FOG
  FOG W/VISIBILITY <= 1/4 MILE
  HAZE


RELATIVE HUMIDITY (PERCENT)
 HIGHEST    93           500 PM
 LOWEST     63          1000 AM
 AVERAGE    78

..........................................................


THE WEST PLAINS MO CLIMATE NORMALS FOR TODAY
                         NORMAL    RECORD    YEAR
 MAXIMUM TEMPERATURE (F)   70        85      2006
 MINIMUM TEMPERATURE (F)   45        22      1950


SUNRISE AND SUNSET
APRIL 14 2014.........SUNRISE   635 AM CDT   SUNSET   741 PM CDT
APRIL 15 2014.........SUNRISE   634 AM CDT   SUNSET   742 PM CDT


-  INDICATES NEGATIVE NUMBERS.
R  INDICATES RECORD WAS SET OR TIED.
MM INDICATES DATA IS MISSING.
T  INDICATES TRACE AMOUNT.




$$
