000
CDUS43 KSGF 050654
CLIUNO


CLIMATE REPORT
NATIONAL WEATHER SERVICE SPRINGFIELD MO
154 AM CDT WED JUL 5 2017


...................................

...THE WEST PLAINS MO CLIMATE SUMMARY FOR JULY 4 2017...

CLIMATE NORMAL PERIOD 1981 TO 2010
CLIMATE RECORD PERIOD 1947 TO 2017


WEATHER ITEM   OBSERVED TIME   RECORD YEAR NORMAL DEPARTURE LAST
                VALUE   (LST)  VALUE       VALUE  FROM      YEAR
                                                  NORMAL
..................................................................
TEMPERATURE (F)
 YESTERDAY
  MAXIMUM         75    108 PM 101    2012  88    -13       83
  MINIMUM         63    527 AM  48    1968  67     -4       70
  AVERAGE         69                        77     -8       77

PRECIPITATION (IN)
  YESTERDAY        0.85          1.29 1987   0.12   0.73     0.08
  MONTH TO DATE    1.10                      0.42   0.68     0.53
  SINCE JUN 1      2.77                      4.44  -1.67     4.94
  SINCE JAN 1     38.18                     23.71  14.47    19.68

DEGREE DAYS
 HEATING
  YESTERDAY        0                         0      0        0
  MONTH TO DATE    0                         0      0        0
  SINCE JUN 1      0                         5     -5        0
  SINCE JUL 1      0                         0      0        0

 COOLING
  YESTERDAY        4                        12     -8       12
  MONTH TO DATE   34                        48    -14       42
  SINCE JUN 1    288                       314    -26      392
  SINCE JAN 1    410                       436    -26      485
..................................................................


WIND (MPH)
  HIGHEST WIND SPEED    14   HIGHEST WIND DIRECTION     E (100)
  HIGHEST GUST SPEED    20   HIGHEST GUST DIRECTION     E (110)
  AVERAGE WIND SPEED     3.5


SKY COVER
  AVERAGE SKY COVER 0.4


WEATHER CONDITIONS
 THE FOLLOWING WEATHER WAS RECORDED YESTERDAY.
  HEAVY RAIN
  RAIN
  LIGHT RAIN
  FOG


RELATIVE HUMIDITY (PERCENT)
 HIGHEST   100           500 AM
 LOWEST     79           800 AM
 AVERAGE    90

..........................................................


THE WEST PLAINS MO CLIMATE NORMALS FOR TODAY
                         NORMAL    RECORD    YEAR
 MAXIMUM TEMPERATURE (F)   88       102      2012
 MINIMUM TEMPERATURE (F)   67        50      1968


SUNRISE AND SUNSET
JULY  5 2017..........SUNRISE   554 AM CDT   SUNSET   830 PM CDT
JULY  6 2017..........SUNRISE   555 AM CDT   SUNSET   830 PM CDT


-  INDICATES NEGATIVE NUMBERS.
R  INDICATES RECORD WAS SET OR TIED.
MM INDICATES DATA IS MISSING.
T  INDICATES TRACE AMOUNT.




$$
