000
CDUS43 KSGF 122245
CLIUNO


CLIMATE REPORT
NATIONAL WEATHER SERVICE SPRINGFIELD MO
545 PM CDT MON SEP 12 2016


...................................

...THE WEST PLAINS MO CLIMATE SUMMARY FOR SEPTEMBER 12 2016...
VALID TODAY AS OF 0500 PM LOCAL TIME.

CLIMATE NORMAL PERIOD 1981 TO 2010
CLIMATE RECORD PERIOD 1947 TO 2016


WEATHER ITEM   OBSERVED TIME   RECORD YEAR NORMAL DEPARTURE LAST
                VALUE   (LST)  VALUE       VALUE  FROM      YEAR
                                                  NORMAL
..................................................................
TEMPERATURE (F)
 TODAY
  MAXIMUM         82    359 PM  96    1980  82      0       70
  MINIMUM         51    553 AM  45    1959  59     -8       47
  AVERAGE         67                        70     -3       59

PRECIPITATION (IN)
  TODAY            0.00          0.98 1951   0.16  -0.16     0.00
  MONTH TO DATE    1.26                      1.78  -0.52     0.97
  SINCE SEP 1      1.26                      1.78  -0.52     0.97
  SINCE JAN 1     33.38                     31.85   1.53    36.68

DEGREE DAYS
 HEATING
  TODAY            0                         0      0        6
  MONTH TO DATE    0                         0      0        6
  SINCE SEP 1      0                         0      0        6
  SINCE JUL 1      0                         1     -1        6

 COOLING
  TODAY            2                         6     -4        0
  MONTH TO DATE  103                        94      9      123
  SINCE SEP 1    103                        94      9      123
  SINCE JAN 1   1392                      1266    126     1280
..................................................................


WIND (MPH)
  HIGHEST WIND SPEED    13   HIGHEST WIND DIRECTION     S (160)
  HIGHEST GUST SPEED    17   HIGHEST GUST DIRECTION     S (180)


SKY COVER
  AVERAGE SKY COVER 0.0


WEATHER CONDITIONS
 THE FOLLOWING WEATHER WAS RECORDED TODAY.
  NO SIGNIFICANT WEATHER WAS OBSERVED.


RELATIVE HUMIDITY (PERCENT)
 HIGHEST    93           300 AM
 LOWEST     45           100 PM
 AVERAGE    69

..........................................................


THE WEST PLAINS MO CLIMATE NORMALS FOR TOMORROW
                         NORMAL    RECORD    YEAR
 MAXIMUM TEMPERATURE (F)   82        96      1980
 MINIMUM TEMPERATURE (F)   58        42      1955
                                             1960
                                             1964


SUNRISE AND SUNSET
SEPTEMBER 12 2016.....SUNRISE   648 AM CDT   SUNSET   719 PM CDT
SEPTEMBER 13 2016.....SUNRISE   649 AM CDT   SUNSET   717 PM CDT


-  INDICATES NEGATIVE NUMBERS.
R  INDICATES RECORD WAS SET OR TIED.
MM INDICATES DATA IS MISSING.
T  INDICATES TRACE AMOUNT.




$$
