000
CDUS43 KSGF 150626
CLIUNO


CLIMATE REPORT
NATIONAL WEATHER SERVICE SPRINGFIELD MO
126 AM CDT MON AUG 15 2016


...................................

...THE WEST PLAINS MO CLIMATE SUMMARY FOR AUGUST 14 2016...

CLIMATE NORMAL PERIOD 1981 TO 2010
CLIMATE RECORD PERIOD 1947 TO 2016


WEATHER ITEM   OBSERVED TIME   RECORD YEAR NORMAL DEPARTURE LAST
                VALUE   (LST)  VALUE       VALUE  FROM      YEAR
                                                  NORMAL
..................................................................
TEMPERATURE (F)
 YESTERDAY
  MAXIMUM         70    611 AM 103    1954  90    -20       85
  MINIMUM         65    304 PM  48    2004  65      0       61
  AVERAGE         68                        78    -10       73

PRECIPITATION (IN)
  YESTERDAY        1.17          2.36 1968   0.09   1.08     0.00
  MONTH TO DATE    2.79                      1.40   1.39     2.75
  SINCE JUN 1     16.54                      8.97   7.57    16.33
  SINCE JAN 1     31.28                     28.24   3.04    33.94

DEGREE DAYS
 HEATING
  YESTERDAY        0                         0      0        0
  MONTH TO DATE    0                         0      0        0
  SINCE JUN 1      0                         5     -5        5
  SINCE JUL 1      0                         0      0        0

 COOLING
  YESTERDAY        3                        13    -10        8
  MONTH TO DATE  199                       182     17      166
  SINCE JUN 1   1004                       853    151      925
  SINCE JAN 1   1097                       975    122     1047
..................................................................


WIND (MPH)
  HIGHEST WIND SPEED    18   HIGHEST WIND DIRECTION    NE (30)
  HIGHEST GUST SPEED    24   HIGHEST GUST DIRECTION    NE (30)
  AVERAGE WIND SPEED     9.4


SKY COVER
  AVERAGE SKY COVER 1.0


WEATHER CONDITIONS
 THE FOLLOWING WEATHER WAS RECORDED YESTERDAY.
  HEAVY RAIN
  RAIN
  LIGHT RAIN
  FOG


RELATIVE HUMIDITY (PERCENT)
 HIGHEST    93          1100 AM
 LOWEST     87           700 AM
 AVERAGE    90

..........................................................


THE WEST PLAINS MO CLIMATE NORMALS FOR TODAY
                         NORMAL    RECORD    YEAR
 MAXIMUM TEMPERATURE (F)   90       105      1954
 MINIMUM TEMPERATURE (F)   65        50      2013


SUNRISE AND SUNSET
AUGUST 15 2016........SUNRISE   625 AM CDT   SUNSET   758 PM CDT
AUGUST 16 2016........SUNRISE   626 AM CDT   SUNSET   757 PM CDT


-  INDICATES NEGATIVE NUMBERS.
R  INDICATES RECORD WAS SET OR TIED.
MM INDICATES DATA IS MISSING.
T  INDICATES TRACE AMOUNT.




$$
