000
CDUS43 KSGF 142139
CLIUNO


CLIMATE REPORT
NATIONAL WEATHER SERVICE SPRINGFIELD MO
437 PM CDT THU JUL 14 2016


...................................

...THE WEST PLAINS MO CLIMATE SUMMARY FOR JULY 14 2016...
VALID AS OF 0400 PM LOCAL TIME.

CLIMATE NORMAL PERIOD 1981 TO 2010
CLIMATE RECORD PERIOD 1947 TO 2016


WEATHER ITEM   OBSERVED TIME   RECORD YEAR NORMAL DEPARTURE LAST
                VALUE   (LST)  VALUE       VALUE  FROM      YEAR
                                                  NORMAL
..................................................................
TEMPERATURE (F)
 TODAY
  MAXIMUM         90    220 PM 107    1954  90      0       89
  MINIMUM         67    329 AM  49    1967  67      0       70
  AVERAGE         79                        78      1       80

PRECIPITATION (IN)
  TODAY            1.13R         0.88 1978   0.14   0.99     0.61
  MONTH TO DATE    2.75                      1.70   1.05     5.16
  SINCE JUN 1      7.16                      5.72   1.44    10.88
  SINCE JAN 1     21.90                     24.99  -3.09    28.49

DEGREE DAYS
 HEATING
  TODAY            0                         0      0        0
  MONTH TO DATE    0                         0      0        0
  SINCE JUN 1      0                         5     -5        5
  SINCE JUL 1      0                         0      0        0

 COOLING
  TODAY           14                        13      1       15
  MONTH TO DATE  181                       178      3      175
  SINCE JUN 1    531                       444     87      490
  SINCE JAN 1    624                       566     58      612
..................................................................


WIND (MPH)
  HIGHEST WIND SPEED    36   HIGHEST WIND DIRECTION    NW (320)
  HIGHEST GUST SPEED    49   HIGHEST GUST DIRECTION    NW (320)


SKY COVER
  AVERAGE SKY COVER 0.3


WEATHER CONDITIONS
 THE FOLLOWING WEATHER WAS RECORDED TODAY.
  THUNDERSTORM
  HEAVY RAIN
  RAIN
  LIGHT RAIN
  FOG
  HAZE


RELATIVE HUMIDITY (PERCENT)
 HIGHEST    81           800 AM
 LOWEST     47           200 PM
 AVERAGE    64

..........................................................


THE WEST PLAINS MO CLIMATE NORMALS FOR TOMORROW
                         NORMAL    RECORD    YEAR
 MAXIMUM TEMPERATURE (F)   90       104      1980
 MINIMUM TEMPERATURE (F)   67        53      1967
                                             1990


SUNRISE AND SUNSET
JULY 14 2016..........SUNRISE   600 AM CDT   SUNSET   827 PM CDT
JULY 15 2016..........SUNRISE   601 AM CDT   SUNSET   826 PM CDT


-  INDICATES NEGATIVE NUMBERS.
R  INDICATES RECORD WAS SET OR TIED.
MM INDICATES DATA IS MISSING.
T  INDICATES TRACE AMOUNT.




$$
