000
CDUS43 KSGF 170626
CLIUNO


CLIMATE REPORT
NATIONAL WEATHER SERVICE SPRINGFIELD MO
125 AM CDT THU JUL 17 2014


...................................

...THE WEST PLAINS MO CLIMATE SUMMARY FOR JULY 16 2014...

CLIMATE NORMAL PERIOD 1981 TO 2010
CLIMATE RECORD PERIOD 1947 TO 2014


WEATHER ITEM   OBSERVED TIME   RECORD YEAR NORMAL DEPARTURE LAST
                VALUE   (LST)  VALUE       VALUE  FROM      YEAR
                                                  NORMAL
..................................................................
TEMPERATURE (F)
 YESTERDAY
  MAXIMUM         75    152 PM 105    1980  90    -15       90
  MINIMUM         53R   519 AM  53    1990  67    -14       69
  AVERAGE         64                        78    -14       80

PRECIPITATION (IN)
  YESTERDAY        0.00          1.16 1981   0.12  -0.12     0.00
  MONTH TO DATE    1.54                      1.94  -0.40     0.13
  SINCE JUN 1      6.77                      5.96   0.81     3.80
  SINCE JAN 1     18.75                     25.23  -6.48    25.62

DEGREE DAYS
 HEATING
  YESTERDAY        1                         0      1        0
  MONTH TO DATE    1                         0      1        0
  SINCE JUN 1      3                         5     -2        9
  SINCE JUL 1      1                         0      1        0

 COOLING
  YESTERDAY        0                        13    -13       15
  MONTH TO DATE  128                       204    -76      151
  SINCE JUN 1    393                       470    -77      299
  SINCE JAN 1    543                       592    -49      411
..................................................................


WIND (MPH)
  HIGHEST WIND SPEED    12   HIGHEST WIND DIRECTION     N (20)
  HIGHEST GUST SPEED    17   HIGHEST GUST DIRECTION    NE (30)
  AVERAGE WIND SPEED     2.8


SKY COVER
  AVERAGE SKY COVER 0.3


WEATHER CONDITIONS
 THE FOLLOWING WEATHER WAS RECORDED YESTERDAY.
  NO SIGNIFICANT WEATHER WAS OBSERVED.


RELATIVE HUMIDITY (PERCENT)
 HIGHEST    93           600 AM
 LOWEST     46          1200 PM
 AVERAGE    70

..........................................................


THE WEST PLAINS MO CLIMATE NORMALS FOR TODAY
                         NORMAL    RECORD    YEAR
 MAXIMUM TEMPERATURE (F)   90       103      1980
 MINIMUM TEMPERATURE (F)   67        54      1990


SUNRISE AND SUNSET
JULY 17 2014..........SUNRISE   602 AM CDT   SUNSET   826 PM CDT
JULY 18 2014..........SUNRISE   602 AM CDT   SUNSET   825 PM CDT


-  INDICATES NEGATIVE NUMBERS.
R  INDICATES RECORD WAS SET OR TIED.
MM INDICATES DATA IS MISSING.
T  INDICATES TRACE AMOUNT.




$$
