000
CDUS43 KSGF 250638
CLIUNO


CLIMATE REPORT
NATIONAL WEATHER SERVICE SPRINGFIELD MO
1238 AM CST SAT NOV 25 2017


...................................

...THE WEST PLAINS MO CLIMATE SUMMARY FOR NOVEMBER 24 2017...

CLIMATE NORMAL PERIOD 1981 TO 2010
CLIMATE RECORD PERIOD 1947 TO 2017


WEATHER ITEM   OBSERVED TIME   RECORD YEAR NORMAL DEPARTURE LAST
                VALUE   (LST)  VALUE       VALUE  FROM      YEAR
                                                  NORMAL
..................................................................
TEMPERATURE (F)
 YESTERDAY
  MAXIMUM         69    327 PM  73    1966  53     16       46
  MINIMUM         36    311 AM   6    1950  33      3       40
  AVERAGE         53                        43     10       43

PRECIPITATION (IN)
  YESTERDAY        0.00          4.01 1973   0.16  -0.16      T
  MONTH TO DATE    0.45                      3.63  -3.18     0.71
  SINCE SEP 1      2.66                     11.56  -8.90     4.12
  SINCE JAN 1     44.85                     41.63   3.22    36.24

DEGREE DAYS
 HEATING
  YESTERDAY       12                        22    -10       22
  MONTH TO DATE  365                       410    -45      284
  SINCE SEP 1    592                       712   -120      396
  SINCE JUL 1    593                       713   -120      396

 COOLING
  YESTERDAY        0                         0      0        0
  MONTH TO DATE    6                         0      6       16
  SINCE SEP 1    288                       180    108      315
  SINCE JAN 1   1389                      1352     37     1604
..................................................................


WIND (MPH)
  HIGHEST WIND SPEED    16   HIGHEST WIND DIRECTION     S (200)
  HIGHEST GUST SPEED    21   HIGHEST GUST DIRECTION    SW (210)
  AVERAGE WIND SPEED     7.2


SKY COVER
  AVERAGE SKY COVER 0.0


WEATHER CONDITIONS
 THE FOLLOWING WEATHER WAS RECORDED YESTERDAY.
  NO SIGNIFICANT WEATHER WAS OBSERVED.


RELATIVE HUMIDITY (PERCENT)
 HIGHEST    70           300 AM
 LOWEST     24           100 PM
 AVERAGE    47

..........................................................


THE WEST PLAINS MO CLIMATE NORMALS FOR TODAY
                         NORMAL    RECORD    YEAR
 MAXIMUM TEMPERATURE (F)   53        75      1990
 MINIMUM TEMPERATURE (F)   33         5      1950


SUNRISE AND SUNSET
NOVEMBER 25 2017......SUNRISE   656 AM CST   SUNSET   453 PM CST
NOVEMBER 26 2017......SUNRISE   657 AM CST   SUNSET   452 PM CST


-  INDICATES NEGATIVE NUMBERS.
R  INDICATES RECORD WAS SET OR TIED.
MM INDICATES DATA IS MISSING.
T  INDICATES TRACE AMOUNT.




$$
