000
CDUS43 KSGF 152227
CLIUNO


CLIMATE REPORT
NATIONAL WEATHER SERVICE SPRINGFIELD MO
526 PM CDT MON AUG 15 2016


...................................

...THE WEST PLAINS MO CLIMATE SUMMARY FOR AUGUST 15 2016...
VALID TODAY AS OF 0500 PM LOCAL TIME.

CLIMATE NORMAL PERIOD 1981 TO 2010
CLIMATE RECORD PERIOD 1947 TO 2016


WEATHER ITEM   OBSERVED TIME   RECORD YEAR NORMAL DEPARTURE LAST
                VALUE   (LST)  VALUE       VALUE  FROM      YEAR
                                                  NORMAL
..................................................................
TEMPERATURE (F)
 TODAY
  MAXIMUM         74    205 PM 105    1954  90    -16       86
  MINIMUM         68    614 AM  50    2013  65      3       60
  AVERAGE         71                        78     -7       73

PRECIPITATION (IN)
  TODAY            0.35          2.37 1981   0.09   0.26     0.00
  MONTH TO DATE    3.14                      1.49   1.65     2.75
  SINCE JUN 1     16.89                      9.06   7.83    16.33
  SINCE JAN 1     31.63                     28.33   3.30    33.94

DEGREE DAYS
 HEATING
  TODAY            0                         0      0        0
  MONTH TO DATE    0                         0      0        0
  SINCE JUN 1      0                         5     -5        5
  SINCE JUL 1      0                         0      0        0

 COOLING
  TODAY            6                        13     -7        8
  MONTH TO DATE  205                       195     10      174
  SINCE JUN 1   1010                       866    144      933
  SINCE JAN 1   1103                       988    115     1055
..................................................................


WIND (MPH)
  HIGHEST WIND SPEED     8   HIGHEST WIND DIRECTION    SW (240)
  HIGHEST GUST SPEED    11   HIGHEST GUST DIRECTION     W (250)


SKY COVER
  AVERAGE SKY COVER 1.0


WEATHER CONDITIONS
 THE FOLLOWING WEATHER WAS RECORDED TODAY.
  HEAVY RAIN
  RAIN
  LIGHT RAIN
  FOG
  HAZE


RELATIVE HUMIDITY (PERCENT)
 HIGHEST    93           500 AM
 LOWEST     79           200 PM
 AVERAGE    86

..........................................................


THE WEST PLAINS MO CLIMATE NORMALS FOR TOMORROW
                         NORMAL    RECORD    YEAR
 MAXIMUM TEMPERATURE (F)   90       106      1954
 MINIMUM TEMPERATURE (F)   65        50      1994
                                             2004


SUNRISE AND SUNSET
AUGUST 15 2016........SUNRISE   625 AM CDT   SUNSET   758 PM CDT
AUGUST 16 2016........SUNRISE   626 AM CDT   SUNSET   757 PM CDT


-  INDICATES NEGATIVE NUMBERS.
R  INDICATES RECORD WAS SET OR TIED.
MM INDICATES DATA IS MISSING.
T  INDICATES TRACE AMOUNT.




$$
