000
CDUS43 KSGF 052227
CLIUNO


CLIMATE REPORT
NATIONAL WEATHER SERVICE SPRINGFIELD MO
427 PM CST MON FEB 5 2018


...................................

...THE WEST PLAINS MO CLIMATE SUMMARY FOR FEBRUARY 5 2018...
VALID AS OF 0400 PM LOCAL TIME.

CLIMATE NORMAL PERIOD 1981 TO 2010
CLIMATE RECORD PERIOD 1947 TO 2018


WEATHER ITEM   OBSERVED TIME   RECORD YEAR NORMAL DEPARTURE LAST
                VALUE   (LST)  VALUE       VALUE  FROM      YEAR
                                                  NORMAL
..................................................................
TEMPERATURE (F)
 TODAY
  MAXIMUM         33    359 PM  71    1967  47    -14       62
  MINIMUM          4    556 AM  -9    1996  25    -21       29
  AVERAGE         19                        36    -17       46

PRECIPITATION (IN)
  TODAY            0.00          1.60 1964   0.09  -0.09     0.00
  MONTH TO DATE    0.03                      0.44  -0.41     0.00
  SINCE DEC 1      4.08                      6.80  -2.72     3.06
  SINCE JAN 1      2.05                      3.16  -1.11     2.04

DEGREE DAYS
 HEATING
  TODAY           46                        29     17       19
  MONTH TO DATE  187                       149     38      140
  SINCE DEC 1   2077                      2001     76     1799
  SINCE JUL 1   2740                      2853   -113     2319

 COOLING
  TODAY            0                         0      0        0
  MONTH TO DATE    0                         0      0        0
  SINCE DEC 1      0                         0      0        0
  SINCE JAN 1      0                         0      0        0
..................................................................


WIND (MPH)
  HIGHEST WIND SPEED    15   HIGHEST WIND DIRECTION    SE (120)
  HIGHEST GUST SPEED    24   HIGHEST GUST DIRECTION    SE (150)


SKY COVER
  AVERAGE SKY COVER 0.2


WEATHER CONDITIONS
 THE FOLLOWING WEATHER WAS RECORDED TODAY.
  NO SIGNIFICANT WEATHER WAS OBSERVED.


RELATIVE HUMIDITY (PERCENT)
 HIGHEST    91           600 AM
 LOWEST     49           300 PM
 AVERAGE    70

..........................................................


THE WEST PLAINS MO CLIMATE NORMALS FOR TOMORROW
                         NORMAL    RECORD    YEAR
 MAXIMUM TEMPERATURE (F)   47        66      2017
                                             2007
 MINIMUM TEMPERATURE (F)   25        -3      1959


SUNRISE AND SUNSET
FEBRUARY  5 2018......SUNRISE   706 AM CST   SUNSET   537 PM CST
FEBRUARY  6 2018......SUNRISE   705 AM CST   SUNSET   538 PM CST


-  INDICATES NEGATIVE NUMBERS.
R  INDICATES RECORD WAS SET OR TIED.
MM INDICATES DATA IS MISSING.
T  INDICATES TRACE AMOUNT.




$$
