982
CDUS43 KSGF 190626
CLIUNO


CLIMATE REPORT
NATIONAL WEATHER SERVICE SPRINGFIELD MO
126 AM CDT THU MAY 19 2016


...................................

...THE WEST PLAINS MO CLIMATE SUMMARY FOR MAY 18 2016...

CLIMATE NORMAL PERIOD 1981 TO 2010
CLIMATE RECORD PERIOD 1947 TO 2016


WEATHER ITEM   OBSERVED TIME   RECORD YEAR NORMAL DEPARTURE LAST
                VALUE   (LST)  VALUE       VALUE  FROM      YEAR
                                                  NORMAL
..................................................................
TEMPERATURE (F)
 YESTERDAY
  MAXIMUM         67    417 PM  89    2001  77    -10       82
  MINIMUM         48    532 AM  37    2002  55     -7       61
  AVERAGE         58                        66     -8       72

PRECIPITATION (IN)
  YESTERDAY        0.00          1.78 1981   0.14  -0.14     0.00
  MONTH TO DATE    3.45                      3.22   0.23     4.55
  SINCE MAR 1      8.68                     11.99  -3.31     9.91
  SINCE JAN 1     11.32                     17.55  -6.23    14.59

DEGREE DAYS
 HEATING
  YESTERDAY        7                         2      5        0
  MONTH TO DATE   96                        62     34       37
  SINCE MAR 1    676                       860   -184      805
  SINCE JUL 1   3509                      4324   -815     4602

 COOLING
  YESTERDAY        0                         3     -3        7
  MONTH TO DATE   23                        38    -15       57
  SINCE MAR 1     39                        66    -27       73
  SINCE JAN 1     39                        66    -27       73
..................................................................


WIND (MPH)
  HIGHEST WIND SPEED    16   HIGHEST WIND DIRECTION    NE (30)
  HIGHEST GUST SPEED    22   HIGHEST GUST DIRECTION    NE (30)
  AVERAGE WIND SPEED     6.9


SKY COVER
  AVERAGE SKY COVER 0.8


WEATHER CONDITIONS
 THE FOLLOWING WEATHER WAS RECORDED YESTERDAY.
  NO SIGNIFICANT WEATHER WAS OBSERVED.


RELATIVE HUMIDITY (PERCENT)
 HIGHEST    86           400 AM
 LOWEST     48           300 PM
 AVERAGE    67

..........................................................


THE WEST PLAINS MO CLIMATE NORMALS FOR TODAY
                         NORMAL    RECORD    YEAR
 MAXIMUM TEMPERATURE (F)   77        91      1987
 MINIMUM TEMPERATURE (F)   55        38      2002


SUNRISE AND SUNSET
MAY 19 2016...........SUNRISE   556 AM CDT   SUNSET   812 PM CDT
MAY 20 2016...........SUNRISE   556 AM CDT   SUNSET   813 PM CDT


-  INDICATES NEGATIVE NUMBERS.
R  INDICATES RECORD WAS SET OR TIED.
MM INDICATES DATA IS MISSING.
T  INDICATES TRACE AMOUNT.




$$
