000
CDUS43 KSGF 250629
CLIUNO


CLIMATE REPORT
NATIONAL WEATHER SERVICE SPRINGFIELD MO
1226 AM CST TUE NOV 25 2014


...................................

...THE WEST PLAINS MO CLIMATE SUMMARY FOR NOVEMBER 24 2014...

CLIMATE NORMAL PERIOD 1981 TO 2010
CLIMATE RECORD PERIOD 1947 TO 2014


WEATHER ITEM   OBSERVED TIME   RECORD YEAR NORMAL DEPARTURE LAST
                VALUE   (LST)  VALUE       VALUE  FROM      YEAR
                                                  NORMAL
..................................................................
TEMPERATURE (F)
 YESTERDAY
  MAXIMUM         54   1202 AM  73    1966  53      1       29
  MINIMUM         34   1159 PM   6    1950  33      1       13
  AVERAGE         44                        43      1       21

PRECIPITATION (IN)
  YESTERDAY        0.01          4.01 1973   0.16  -0.15     0.00
  MONTH TO DATE    2.24                      3.63  -1.39     4.49
  SINCE SEP 1     11.73                     11.56   0.17     9.65
  SINCE JAN 1     33.35                     41.63  -8.28    51.88

DEGREE DAYS
 HEATING
  YESTERDAY       21                        22     -1       44
  MONTH TO DATE  611                       410    201      461
  SINCE SEP 1    881                       712    169      730
  SINCE JUL 1    883                       713    170      734

 COOLING
  YESTERDAY        0                         0      0        0
  MONTH TO DATE    0                         0      0        0
  SINCE SEP 1    176                       180     -4      231
  SINCE JAN 1   1231                      1352   -121     1073
..................................................................


WIND (MPH)
  HIGHEST WIND SPEED    24   HIGHEST WIND DIRECTION     W (280)
  HIGHEST GUST SPEED    38   HIGHEST GUST DIRECTION    NW (300)
  AVERAGE WIND SPEED    12.9


SKY COVER
  AVERAGE SKY COVER 0.3


WEATHER CONDITIONS
 THE FOLLOWING WEATHER WAS RECORDED YESTERDAY.
  LIGHT RAIN
  FOG


RELATIVE HUMIDITY (PERCENT)
 HIGHEST    93          1200 AM
 LOWEST     38           200 PM
 AVERAGE    66

..........................................................


THE WEST PLAINS MO CLIMATE NORMALS FOR TODAY
                         NORMAL    RECORD    YEAR
 MAXIMUM TEMPERATURE (F)   53        75      1990
 MINIMUM TEMPERATURE (F)   33         5      1950


SUNRISE AND SUNSET
NOVEMBER 25 2014......SUNRISE   656 AM CST   SUNSET   453 PM CST
NOVEMBER 26 2014......SUNRISE   657 AM CST   SUNSET   453 PM CST


-  INDICATES NEGATIVE NUMBERS.
R  INDICATES RECORD WAS SET OR TIED.
MM INDICATES DATA IS MISSING.
T  INDICATES TRACE AMOUNT.




$$
