000
CDUS43 KSGF 200630
CLIUNO


CLIMATE REPORT
NATIONAL WEATHER SERVICE SPRINGFIELD MO
1229 AM CST THU NOV 20 2014


...................................

...THE WEST PLAINS MO CLIMATE SUMMARY FOR NOVEMBER 19 2014...

CLIMATE NORMAL PERIOD 1981 TO 2010
CLIMATE RECORD PERIOD 1947 TO 2014


WEATHER ITEM   OBSERVED TIME   RECORD YEAR NORMAL DEPARTURE LAST
                VALUE   (LST)  VALUE       VALUE  FROM      YEAR
                                                  NORMAL
..................................................................
TEMPERATURE (F)
 YESTERDAY
  MAXIMUM         54    245 PM  77    1979  55     -1       54
  MINIMUM         29   1159 PM  14    1951  35     -6       32
  AVERAGE         42                        45     -3       43

PRECIPITATION (IN)
  YESTERDAY        0.00          4.01 1985   0.16  -0.16     0.00
  MONTH TO DATE    0.76                      2.85  -2.09     1.48
  SINCE SEP 1     10.25                     10.78  -0.53     6.64
  SINCE JAN 1     31.87                     40.85  -8.98    48.87

DEGREE DAYS
 HEATING
  YESTERDAY       23                        20      3       22
  MONTH TO DATE  502                       305    197      325
  SINCE SEP 1    772                       607    165      594
  SINCE JUL 1    774                       608    166      598

 COOLING
  YESTERDAY        0                         0      0        0
  MONTH TO DATE    0                         0      0        0
  SINCE SEP 1    176                       180     -4      231
  SINCE JAN 1   1231                      1352   -121     1073
..................................................................


WIND (MPH)
  HIGHEST WIND SPEED    22   HIGHEST WIND DIRECTION     W (270)
  HIGHEST GUST SPEED    28   HIGHEST GUST DIRECTION     W (290)
  AVERAGE WIND SPEED     9.4


SKY COVER
  AVERAGE SKY COVER 0.0


WEATHER CONDITIONS
 THE FOLLOWING WEATHER WAS RECORDED YESTERDAY.
  NO SIGNIFICANT WEATHER WAS OBSERVED.


RELATIVE HUMIDITY (PERCENT)
 HIGHEST    64           900 PM
 LOWEST     29           200 PM
 AVERAGE    47

..........................................................


THE WEST PLAINS MO CLIMATE NORMALS FOR TODAY
                         NORMAL    RECORD    YEAR
 MAXIMUM TEMPERATURE (F)   55        75      1982
 MINIMUM TEMPERATURE (F)   35        16      1951


SUNRISE AND SUNSET
NOVEMBER 20 2014......SUNRISE   651 AM CST   SUNSET   455 PM CST
NOVEMBER 21 2014......SUNRISE   652 AM CST   SUNSET   455 PM CST


-  INDICATES NEGATIVE NUMBERS.
R  INDICATES RECORD WAS SET OR TIED.
MM INDICATES DATA IS MISSING.
T  INDICATES TRACE AMOUNT.




$$
