000
CDUS43 KSGF 190630
CLIUNO


CLIMATE REPORT
NATIONAL WEATHER SERVICE SPRINGFIELD MO
1230 AM CST SUN NOV 19 2017


...................................

...THE WEST PLAINS MO CLIMATE SUMMARY FOR NOVEMBER 18 2017...

CLIMATE NORMAL PERIOD 1981 TO 2010
CLIMATE RECORD PERIOD 1947 TO 2017


WEATHER ITEM   OBSERVED TIME   RECORD YEAR NORMAL DEPARTURE LAST
                VALUE   (LST)  VALUE       VALUE  FROM      YEAR
                                                  NORMAL
..................................................................
TEMPERATURE (F)
 YESTERDAY
  MAXIMUM         74R   954 AM  74    2001  56     18       66
  MINIMUM         40    917 PM  10    2014  36      4       41
  AVERAGE         57                        46     11       54

PRECIPITATION (IN)
  YESTERDAY        T             2.10 1991   0.16  -0.16     0.38
  MONTH TO DATE    0.45                      2.69  -2.24     0.40
  SINCE SEP 1      2.66                     10.62  -7.96     3.81
  SINCE JAN 1     44.85                     40.69   4.16    35.93

DEGREE DAYS
 HEATING
  YESTERDAY        8                        19    -11       11
  MONTH TO DATE  243                       285    -42      159
  SINCE SEP 1    470                       587   -117      271
  SINCE JUL 1    471                       588   -117      271

 COOLING
  YESTERDAY        0                         0      0        0
  MONTH TO DATE    6                         0      6       16
  SINCE SEP 1    288                       180    108      315
  SINCE JAN 1   1389                      1352     37     1604
..................................................................


WIND (MPH)
  HIGHEST WIND SPEED    31   HIGHEST WIND DIRECTION    NW (320)
  HIGHEST GUST SPEED    47   HIGHEST GUST DIRECTION    NW (310)
  AVERAGE WIND SPEED    15.0


SKY COVER
  AVERAGE SKY COVER 0.5


WEATHER CONDITIONS
 THE FOLLOWING WEATHER WAS RECORDED YESTERDAY.
  LIGHT RAIN


RELATIVE HUMIDITY (PERCENT)
 HIGHEST    87           100 AM
 LOWEST     61          1000 AM
 AVERAGE    74

..........................................................


THE WEST PLAINS MO CLIMATE NORMALS FOR TODAY
                         NORMAL    RECORD    YEAR
 MAXIMUM TEMPERATURE (F)   55        77      1979
 MINIMUM TEMPERATURE (F)   35        14      1951


SUNRISE AND SUNSET
NOVEMBER 19 2017......SUNRISE   650 AM CST   SUNSET   456 PM CST
NOVEMBER 20 2017......SUNRISE   651 AM CST   SUNSET   455 PM CST


-  INDICATES NEGATIVE NUMBERS.
R  INDICATES RECORD WAS SET OR TIED.
MM INDICATES DATA IS MISSING.
T  INDICATES TRACE AMOUNT.




$$
