000
CDUS43 KSGF 182327
CLIUNO


CLIMATE REPORT
NATIONAL WEATHER SERVICE SPRINGFIELD MO
527 PM CST THU JAN 18 2018


...................................

...THE WEST PLAINS MO CLIMATE SUMMARY FOR JANUARY 18 2018...
VALID TODAY AS OF 0500 PM LOCAL TIME.

CLIMATE NORMAL PERIOD 1981 TO 2010
CLIMATE RECORD PERIOD 1947 TO 2018


WEATHER ITEM   OBSERVED TIME   RECORD YEAR NORMAL DEPARTURE LAST
                VALUE   (LST)  VALUE       VALUE  FROM      YEAR
                                                  NORMAL
..................................................................
TEMPERATURE (F)
 TODAY
  MAXIMUM         39    412 PM  70    1951  45     -6       42
  MINIMUM         12    101 AM  -1    1977  23    -11       35
  AVERAGE         26                        34     -8       39

PRECIPITATION (IN)
  TODAY            0.00          1.97 1949   0.10  -0.10     0.01
  MONTH TO DATE    0.83                      1.21  -0.38     1.47
  SINCE DEC 1      2.86                      4.85  -1.99     2.49
  SINCE JAN 1      0.83                      1.21  -0.38     1.47

DEGREE DAYS
 COOLING
  TODAY            0                         0      0        0
  MONTH TO DATE    0                         0      0        0
  SINCE DEC 1      0                         0      0        0
  SINCE JAN 1      0                         0      0        0
..................................................................


WIND (MPH)
  HIGHEST WIND SPEED    16   HIGHEST WIND DIRECTION     W (260)
  HIGHEST GUST SPEED    21   HIGHEST GUST DIRECTION     W (260)


SKY COVER
  AVERAGE SKY COVER 0.0


WEATHER CONDITIONS
 THE FOLLOWING WEATHER WAS RECORDED TODAY.
  NO SIGNIFICANT WEATHER WAS OBSERVED.


RELATIVE HUMIDITY (PERCENT)
 HIGHEST    76           700 AM
 LOWEST     35           400 PM
 AVERAGE    56

..........................................................


THE WEST PLAINS MO CLIMATE NORMALS FOR TOMORROW
                         NORMAL    RECORD    YEAR
 MAXIMUM TEMPERATURE (F)   45        73      1952
 MINIMUM TEMPERATURE (F)   23        -7      1984
                                             1994


SUNRISE AND SUNSET
JANUARY 18 2018.......SUNRISE   718 AM CST   SUNSET   518 PM CST
JANUARY 19 2018.......SUNRISE   718 AM CST   SUNSET   519 PM CST


-  INDICATES NEGATIVE NUMBERS.
R  INDICATES RECORD WAS SET OR TIED.
MM INDICATES DATA IS MISSING.
T  INDICATES TRACE AMOUNT.




$$
