000
CDUS43 KSGF 210706
CLIUNO


CLIMATE REPORT
NATIONAL WEATHER SERVICE SPRINGFIELD MO
205 AM CDT FRI APR 21 2017


...................................

...THE WEST PLAINS MO CLIMATE SUMMARY FOR APRIL 20 2017...

CLIMATE NORMAL PERIOD 1981 TO 2010
CLIMATE RECORD PERIOD 1947 TO 2017


WEATHER ITEM   OBSERVED TIME   RECORD YEAR NORMAL DEPARTURE LAST
                VALUE   (LST)  VALUE       VALUE  FROM      YEAR
                                                  NORMAL
..................................................................
TEMPERATURE (F)
 YESTERDAY
  MAXIMUM         75    954 AM  91    1987  71      4       65
  MINIMUM         59   1159 PM  30    2013  46     13       53
                                      1953
  AVERAGE         67                        59      8       59

PRECIPITATION (IN)
  YESTERDAY        0.92          2.84 1992   0.16   0.76     0.04
  MONTH TO DATE    3.75                      2.85   0.90     0.99
  SINCE MAR 1     10.04                      7.14   2.90     4.92
  SINCE JAN 1     14.67                     12.70   1.97     7.56

DEGREE DAYS
 HEATING
  YESTERDAY        0                         7     -7        6
  MONTH TO DATE   88                       194   -106      171
  SINCE MAR 1    517                       740   -223      565
  SINCE JUL 1   3166                      4204  -1038     3398

 COOLING
  YESTERDAY        2                         1      1        0
  MONTH TO DATE   20                        15      5        0
  SINCE MAR 1     24                        19      5        4
  SINCE JAN 1     25                        19      6        4
..................................................................


WIND (MPH)
  HIGHEST WIND SPEED    18   HIGHEST WIND DIRECTION     W (280)
  HIGHEST GUST SPEED    25   HIGHEST GUST DIRECTION     W (280)
  AVERAGE WIND SPEED     5.7


SKY COVER
  AVERAGE SKY COVER 0.6


WEATHER CONDITIONS
 THE FOLLOWING WEATHER WAS RECORDED YESTERDAY.
  THUNDERSTORM
  HEAVY RAIN
  RAIN
  LIGHT RAIN
  FOG


RELATIVE HUMIDITY (PERCENT)
 HIGHEST    93           700 PM
 LOWEST     64          1000 AM
 AVERAGE    79

..........................................................


THE WEST PLAINS MO CLIMATE NORMALS FOR TODAY
                         NORMAL    RECORD    YEAR
 MAXIMUM TEMPERATURE (F)   71        91      1963
 MINIMUM TEMPERATURE (F)   47        29      1953


SUNRISE AND SUNSET
APRIL 21 2017.........SUNRISE   625 AM CDT   SUNSET   748 PM CDT
APRIL 22 2017.........SUNRISE   624 AM CDT   SUNSET   749 PM CDT


-  INDICATES NEGATIVE NUMBERS.
R  INDICATES RECORD WAS SET OR TIED.
MM INDICATES DATA IS MISSING.
T  INDICATES TRACE AMOUNT.




$$
