000
CXUS54 KHGX 020623
CF6UTS
PRELIMINARY LOCAL CLIMATOLOGICAL DATA (WS FORM: F-6)
STATION: HUNTSVILLE
MONTH: JANUARY
YEAR: 2022
LATITUDE: 30 45 N
LONGITUDE: 95 35 W
TEMPERATURE IN F: :PCPN: SNOW: WIND :SUNSHINE: SKY :PK WND
================================================================================
1 2 3 4 5 6A 6B 7 8 9 10 11 12 13 14 15 16 17 18
12Z AVG MX 2MIN
DY MAX MIN AVG DEP HDD CDD WTR SNW DPTH SPD SPD DIR MIN PSBL S-S WX SPD DR
================================================================================
1 84 46 65 14 0 0 0.00 0.0 0 11.4 22 180 M M 5 32 180
2 46 26 36 -15 29 0 0.04 T 0 11.8 22 310 M M 4 46 31 310
3 54 26 40 -11 25 0 0.00 0.0 0 0.9 7 50 M M 0 9 60
4 66 33 50 -1 15 0 0.00 0.0 0 6.3 18 200 M M 0 25 190
5 76 52 64 13 1 0 0.00 0.0 0 6.9 15 230 M M 0 22 220
6 61 38 50 -1 15 0 0.00 0.0 0 5.5 17 330 M M 3 8 23 340
7 54 30 42 -9 23 0 0.00 0.0 0 4.2 10 110 M M 5 16 110
8 75 51 63 12 2 0 0.48 0.0 0 6.2 23 180 M M 10 13 31 190
9 73 52 63 12 2 0 T 0.0 0 9.1 17 320 M M 9 18 25 350
10 61 37 49 -2 16 0 0.00 0.0 0 5.3 14 10 M M 2 22 10
11 55 33 44 -7 21 0 0.24 0.0 0 1.3 8 50 M M 4 18 11 50
12 63 44 54 3 11 0 0.00 0.0 0 1.3 9 190 M M 5 12 12 260
13 73 45 59 8 6 0 0.00 0.0 0 3.9 10 290 M M 0 15 290
14 76 43 60 9 5 0 0.00 0.0 0 5.2 15 190 M M 0 8 21 200
15 63 33 48 -3 17 0 0.00 0.0 0 15.6 26 320 M M 3 39 310
16 56 31 44 -7 21 0 0.00 0.0 0 6.6 14 290 M M 0 21 320
17 67 32 50 -1 15 0 0.00 0.0 0 2.5 10 190 M M 0 13 160
18 74 47 61 10 4 0 0.00 0.0 0 9.8 24 190 M M 1 32 180
19 79 48 64 13 1 0 T 0.0 0 11.1 22 340 M M 5 3 31 340
20 48 37 43 -8 22 0 0.00 0.0 0 11.5 21 340 M M 10 29 330
21 51 29 40 -11 25 0 0.00 0.0 0 4.9 12 360 M M 2 20 340
22 55 25 40 -11 25 0 0.00 0.0 0 2.4 9 350 M M 0 15 50
23 64 31 48 -3 17 0 0.00 0.0 0 2.7 12 210 M M 2 15 220
24 52 47 50 -2 15 0 0.84 0.0 0 2.6 7 180 M M 10 1 10 200
25 57 42 50 -2 15 0 0.00 0.0 0 3.5 10 50 M M 9 128 14 50
26 56 35 46 -6 19 0 0.00 0.0 0 4.0 13 70 M M 1 1 20 50
27 62 37 50 -2 15 0 0.00 0.0 0 1.6 10 300 M M 4 13 300
28 59 37 48 -4 17 0 0.00 0.0 0 5.9 20 320 M M 1 27 300
29 65 31 48 -4 17 0 0.00 0.0 0 5.7 14 240 M M 0 18 240
30 69 44 57 5 8 0 0.00 0.0 0 7.0 17 250 M M 0 8 22 230
31 60 49 55 3 10 0 0.83 0.0 0 4.8 17 160 M M 8 1 29 160
================================================================================
SM 1954 1191 434 0 2.43 T 181.5 M 103
================================================================================
AV 63.0 38.4 5.9 FASTST M M 3 MAX(MPH)
MISC ----> 26 320 39 310
================================================================================
NOTES:
# LAST OF SEVERAL OCCURRENCES
COLUMN 17 PEAK WIND IN M.P.H.
PRELIMINARY LOCAL CLIMATOLOGICAL DATA (WS FORM: F-6) , PAGE 2
STATION: HUNTSVILLE
MONTH: JANUARY
YEAR: 2022
LATITUDE: 30 45 N
LONGITUDE: 95 35 W
[TEMPERATURE DATA] [PRECIPITATION DATA] SYMBOLS USED IN COLUMN 16
AVERAGE MONTHLY: 50.7 TOTAL FOR MONTH: 2.43 1 = FOG OR MIST
DPTR FM NORMAL: -0.4 DPTR FM NORMAL: -1.21 2 = FOG REDUCING VISIBILITY
HIGHEST: 84 ON 1 GRTST 24HR 0.84 ON 24-24 TO 1/4 MILE OR LESS
LOWEST: 25 ON 22 3 = THUNDER
SNOW, ICE PELLETS, HAIL 4 = ICE PELLETS
TOTAL MONTH: T 5 = HAIL
GRTST 24HR T ON 2- 2 6 = FREEZING RAIN OR DRIZZLE
GRTST DEPTH: 0 7 = DUSTSTORM OR SANDSTORM:
VSBY 1/2 MILE OR LESS
8 = SMOKE OR HAZE
[NO. OF DAYS WITH] [WEATHER - DAYS WITH] 9 = BLOWING SNOW
X = TORNADO
MAX 32 OR BELOW: 0 0.01 INCH OR MORE: 5
MAX 90 OR ABOVE: 0 0.10 INCH OR MORE: 4
MIN 32 OR BELOW: 9 0.50 INCH OR MORE: 2
MIN 0 OR BELOW: 0 1.00 INCH OR MORE: 0
[HDD (BASE 65) ]
TOTAL THIS MO. 434 CLEAR (SCALE 0-3) 18
DPTR FM NORMAL -8 PTCLDY (SCALE 4-7) 8
TOTAL FM JUL 1 713 CLOUDY (SCALE 8-10) 5
DPTR FM NORMAL -398
[CDD (BASE 65) ]
TOTAL THIS MO. 0
DPTR FM NORMAL -12 [PRESSURE DATA]
TOTAL FM JAN 1 0 HIGHEST SLP 30.62 ON 10
DPTR FM NORMAL -12 LOWEST SLP 29.63 ON 1
[REMARKS]
#FINAL-01-22#