000
CXUS54 KEWX 011010
CF6UVA
PRELIMINARY LOCAL CLIMATOLOGICAL DATA (WS FORM: F-6)
STATION: UVALDE
MONTH: AUGUST
YEAR: 2021
LATITUDE: 29 12 N
LONGITUDE: 99 44 W
TEMPERATURE IN F: :PCPN: SNOW: WIND :SUNSHINE: SKY :PK WND
================================================================================
1 2 3 4 5 6A 6B 7 8 9 10 11 12 13 14 15 16 17 18
12Z AVG MX 2MIN
DY MAX MIN AVG DEP HDD CDD WTR SNW DPTH SPD SPD DIR MIN PSBL S-S WX SPD DR
================================================================================
1 98 74 86 M 0 21 0.00 M M 7.1 21 30 M M 1 29 30
2 85 70 78 M 0 13 1.01 M M 5.9 14 360 M M 5 3 29 360
3 91 73 82 M 0 17 0.02 M M 3.6 10 130 M M 4 9 10
4 92 74 83 M 0 18 0.00 M M 6.3 12 100 M M 5 17 80
5 84 69 77 M 0 12 0.69 0.0 0 2.8 8 60 M M 5 3 M M
6 90 73 82 M 0 17 0.00 M M 5.5 13 160 M M 5 1 M M
7 92 73 83 M 0 18 0.00 M M 9.0 17 170 M M 3 1 20 160
8 93 73 83 M 0 18 0.00 M M 9.7 16 120 M M 2 22 120
9 94 74 84 M 0 19 0.00 M M 11.6 18 150 M M 2 25 150
10 94 75 85 M 0 20 0.00 M M 11.9 17 140 M M 3 23 140
11 94 71 83 M 0 18 0.00 M M 8.4 14 140 M M 3 1 21 170
12 94 71 83 M 0 18 0.00 M M 9.1 14 120 M M 2 1 21 140
13 94 73 84 M 0 19 0.00 M M 8.5 13 140 M M 2 1 21 110
14 94 72 83 M 0 18 0.00 M M 4.8 9 140 M M 1 M M
15 94 72 83 M 0 18 0.00 M M 5.2 15 70 M M 2 24 70
16 95 71 83 M 0 18 0.00 M M 5.2 10 130 M M 3 9 120
17 94 75 85 M 0 20 0.01 M M 6.3 12 90 M M 2 18 140
18 94 77 86 M 0 21 0.03 M M 7.0 12 160 M M 5 17 150
19 97 76 87 M 0 22 0.00 M M 10.2 17 120 M M 5 24 130
20 96 72 84 M 0 19 0.00 M M 9.3 14 130 M M 4 21 170
21 97 73 85 M 0 20 0.00 M M 8.6 16 150 M M 5 12 20 150
22 96 72 84 M 0 19 0.00 M M 7.8 14 120 M M 2 1 20 160
23 96 67 82 M 0 17 0.00 M M 8.1 16 120 M M 1 21 120
24 97 71 84 M 0 19 0.00 M M 7.6 13 120 M M 1 20 130
25 96 72 84 M 0 19 0.00 M M 6.7 17 110 M M 2 24 110
26 97 71 84 M 0 19 0.00 M M 5.7 10 90 M M 2 18 90
27 96 73 85 M 0 20 0.00 M M 8.1 15 100 M M 3 25 60
28 93 72 83 M 0 18 0.00 M M 6.5 14 110 M M 5 24 90
29 94 74 84 M 0 19 0.00 M M 6.9 12 50 M M 8 23 10
30 97 73 85 M 0 20 0.00 M M 5.3 15 60 M M 4 21 70
31 99 71 85 M 0 20 0.00 M M 6.8 13 110 M M 1 17 120
================================================================================
SM 2917 2247 0 574 1.76 0.0 225.6 M 98
================================================================================
AV 94.1 72.5 7.3 FASTST M M 3 MAX(MPH)
MISC ----> 21 30 # 29 30
================================================================================
NOTES:
# LAST OF SEVERAL OCCURRENCES
COLUMN 17 PEAK WIND IN M.P.H.
PRELIMINARY LOCAL CLIMATOLOGICAL DATA (WS FORM: F-6) , PAGE 2
STATION: UVALDE
MONTH: AUGUST
YEAR: 2021
LATITUDE: 29 12 N
LONGITUDE: 99 44 W
[TEMPERATURE DATA] [PRECIPITATION DATA] SYMBOLS USED IN COLUMN 16
AVERAGE MONTHLY: 83.3 TOTAL FOR MONTH: 1.76 1 = FOG OR MIST
DPTR FM NORMAL: 0.0 DPTR FM NORMAL: M 2 = FOG REDUCING VISIBILITY
HIGHEST: 99 ON 31 GRTST 24HR 1.01 ON 2- 2 TO 1/4 MILE OR LESS
LOWEST: 67 ON 23 3 = THUNDER
SNOW, ICE PELLETS, HAIL 4 = ICE PELLETS
TOTAL MONTH: 0.0 INCH 5 = HAIL
GRTST 24HR 0.0 6 = FREEZING RAIN OR DRIZZLE
GRTST DEPTH: 0 7 = DUSTSTORM OR SANDSTORM:
VSBY 1/2 MILE OR LESS
8 = SMOKE OR HAZE
[NO. OF DAYS WITH] [WEATHER - DAYS WITH] 9 = BLOWING SNOW
X = TORNADO
MAX 32 OR BELOW: 0 0.01 INCH OR MORE: 5
MAX 90 OR ABOVE: 29 0.10 INCH OR MORE: 2
MIN 32 OR BELOW: 0 0.50 INCH OR MORE: 2
MIN 0 OR BELOW: 0 1.00 INCH OR MORE: 1
[HDD (BASE 65) ]
TOTAL THIS MO. 0 CLEAR (SCALE 0-3) 18
DPTR FM NORMAL M PTCLDY (SCALE 4-7) 13
TOTAL FM JUL 1 0 CLOUDY (SCALE 8-10) 0
DPTR FM NORMAL M
[CDD (BASE 65) ]
TOTAL THIS MO. 574
DPTR FM NORMAL M [PRESSURE DATA]
TOTAL FM JAN 1 2201 HIGHEST SLP M ON M
DPTR FM NORMAL M LOWEST SLP M ON M
[REMARKS]
#FINAL-08-21#