000
CXUS56 KSTO 011300
CF6VCB
PRELIMINARY LOCAL CLIMATOLOGICAL DATA (WS FORM: F-6)
STATION: VACAVILLE
MONTH: SEPTEMBER
YEAR: 2022
LATITUDE: 38 22 N
LONGITUDE: 121-58 E
TEMPERATURE IN F: :PCPN: SNOW: WIND :SUNSHINE: SKY :PK WND
================================================================================
1 2 3 4 5 6A 6B 7 8 9 10 11 12 13 14 15 16 17 18
12Z AVG MX 2MIN
DY MAX MIN AVG DEP HDD CDD WTR SNW DPTH SPD SPD DIR MIN PSBL S-S WX SPD DR
================================================================================
1 105 57 81 6 0 16 0.00 M M 2.7 10 250 M M 0 14 220
2 108 57 83 8 0 18 0.00 M M 4.4 14 260 M M 0 17 250
3 103 61 82 7 0 17 0.00 M M 4.1 12 230 M M 0 16 180
4 107 59 83 8 0 18 0.00 M M 2.3 10 150 M M 0 12 150
5 115 68 92 17 0 27 0.00 M M 3.9 10 100 M M 0 13 30
6 115 72 94 19 0 29 0.00 M M 4.9 15 220 M M 1 19 210
7 111 73 92 17 0 27 0.00 0.0 M 6.6 17 250 M M 0 22 230
8 111 69 90 15 0 25 0.00 0.0 M 3.4 13 240 M M 0 18 140
9 107 65 86 12 0 21 0.00 M M 3.8 15 220 M M 0 21 210
10 85 70 78 4 0 13 0.00 M M 11.6 22 230 M M 0 8 30 220
11 96 68 82 8 0 17 0.00 M M 4.4 13 220 M M 0 16 220
12 93 66 80 6 0 15 0.00 M M 4.9 15 210 M M 0 20 220
13 83 61 72 -2 0 7 0.00 M M 11.7 23 220 M M 0 29 220
14 83 51 67 -7 0 2 0.00 M M 5.8 20 230 M M 0 27 230
15 79 52 66 -8 0 1 0.00 M M 4.9 16 220 M M 0 22 230
16 86 52 69 -4 0 4 0.00 M M 4.7 14 220 M M 0 19 210
17 78 59 69 -4 0 4 0.00 M M 11.5 23 220 M M 0 30 220
18 72 58 65 -8 0 0 0.43 M M 6.6 24 160 M M 7 1 33 140
19 78 55 67 -6 0 2 0.33 M M 2.8 10 100 M M 6 13 12 240
20 76 59 68 -4 0 3 0.00 M M 4.3 9 20 M M 5 13 20
21 81 56 69 -3 0 4 0.02 M M 3.7 14 240 M M 5 18 210
22 85 53 69 -3 0 4 0.00 M M 4.9 14 360 M M 0 21 20
23 91 54 73 1 0 8 0.00 M M 4.0 12 30 M M 0 16 30
24 95 53 74 2 0 9 0.00 M M 1.7 9 70 M M 0 14 120
25 94 55 75 4 0 10 0.00 M M 3.7 10 220 M M 0 14 210
26 94 60 77 6 0 12 0.00 M M 5.3 14 230 M M 0 17 230
27 88 54 71 0 0 6 0.00 M M 6.3 12 220 M M 0 8 15 190
28 91 55 73 3 0 8 0.00 M M 5.8 16 260 M M 0 8 20 260
29 89 53 71 1 0 6 0.00 M M 4.4 13 20 M M 0 19 30
30 93 54 74 4 0 9 0.00 M M 4.0 14 20 M M 0 19 10
================================================================================
SM 2792 1779 0 342 0.78 0.0 153.1 M 24
================================================================================
AV 93.1 59.3 5.1 FASTST M M 1 MAX(MPH)
MISC ----> 24 160 33 140
================================================================================
NOTES:
# LAST OF SEVERAL OCCURRENCES
COLUMN 17 PEAK WIND IN M.P.H.
PRELIMINARY LOCAL CLIMATOLOGICAL DATA (WS FORM: F-6) , PAGE 2
STATION: VACAVILLE
MONTH: SEPTEMBER
YEAR: 2022
LATITUDE: 38 22 N
LONGITUDE: 121-58 E
[TEMPERATURE DATA] [PRECIPITATION DATA] SYMBOLS USED IN COLUMN 16
AVERAGE MONTHLY: 76.2 TOTAL FOR MONTH: 0.78 1 = FOG OR MIST
DPTR FM NORMAL: 3.1 DPTR FM NORMAL: 0.72 2 = FOG REDUCING VISIBILITY
HIGHEST: 115 ON 6, 5 GRTST 24HR 0.43 ON 18-18 TO 1/4 MILE OR LESS
LOWEST: 51 ON 14 3 = THUNDER
SNOW, ICE PELLETS, HAIL 4 = ICE PELLETS
TOTAL MONTH: 0.0 INCH 5 = HAIL
GRTST 24HR 0.0 6 = FREEZING RAIN OR DRIZZLE
GRTST DEPTH: M ON M 7 = DUSTSTORM OR SANDSTORM:
VSBY 1/2 MILE OR LESS
8 = SMOKE OR HAZE
[NO. OF DAYS WITH] [WEATHER - DAYS WITH] 9 = BLOWING SNOW
X = TORNADO
MAX 32 OR BELOW: 0 0.01 INCH OR MORE: 3
MAX 90 OR ABOVE: 17 0.10 INCH OR MORE: 2
MIN 32 OR BELOW: 0 0.50 INCH OR MORE: 0
MIN 0 OR BELOW: 0 1.00 INCH OR MORE: 0
[HDD (BASE 65) ]
TOTAL THIS MO. 0 CLEAR (SCALE 0-3) 26
DPTR FM NORMAL -6 PTCLDY (SCALE 4-7) 4
TOTAL FM JUL 1 0 CLOUDY (SCALE 8-10) 0
DPTR FM NORMAL -1
[CDD (BASE 65) ]
TOTAL THIS MO. 342
DPTR FM NORMAL 94 [PRESSURE DATA]
TOTAL FM JAN 1 1680 HIGHEST SLP 30.10 ON 22
DPTR FM NORMAL 359 LOWEST SLP 29.46 ON 9
[REMARKS]
#FINAL-09-22#