000
CXUS54 KCRP 090234
CF6VCT
PRELIMINARY LOCAL CLIMATOLOGICAL DATA (WS FORM: F-6)
STATION: VICTORIA
MONTH: JULY
YEAR: 2022
LATITUDE: 28 51 N
LONGITUDE: 96 55 W
TEMPERATURE IN F: :PCPN: SNOW: WIND :SUNSHINE: SKY :PK WND
================================================================================
1 2 3 4 5 6A 6B 7 8 9 10 11 12 13 14 15 16 17 18
12Z AVG MX 2MIN
DY MAX MIN AVG DEP HDD CDD WTR SNW DPTH SPD SPD DIR MIN PSBL S-S WX SPD DR
================================================================================
1 93 74 84 0 0 19 0.00 0.0 0 7.7 17 170 M M 3 23 170
2 96 78 87 3 0 22 0.00 0.0 0 11.8 22 150 M M 2 1 29 160
3 96 77 87 3 0 22 0.00 0.0 0 9.7 22 150 M M 2 1 29 180
4 97 75 86 2 0 21 0.00 0.0 0 10.5 21 160 M M 1 26 160
5 96 76 86 2 0 21 0.00 0.0 0 9.6 21 140 M M 2 29 180
6 97 75 86 2 0 21 0.00 0.0 0 8.7 21 180 M M 2 1 28 160
7 97 76 87 3 0 22 0.00 0.0 0 8.4 20 160 M M 1 1 25 180
8 98 76 87 3 0 22 0.00 0.0 0 8.3 18 170 M M 2 24 180
9 99 77 88 4 0 23 0.00 0.0 0 8.5 20 160 M M 1 25 170
10 103 78 91 7 0 26 0.00 0.0 0 9.3 20 160 M M 1 24 170
11 99 79 89 5 0 24 0.00 0.0 0 10.2 20 160 M M 1 26 140
12 99 77 88 4 0 23 0.00 0.0 0 8.8 20 160 M M 1 138 24 170
13 100 76 88 4 0 23 0.00 0.0 0 7.0 22 150 M M 1 1 29 160
14 99 73 86 2 0 21 0.05 0.0 0 4.6 39 50 M M 2 138 58 50
15 86 74 80 -4 0 15 2.00 0.0 0 7.2 17 170 M M 5 13 23 170
16 95 75 85 1 0 20 0.00 0.0 0 8.6 22 160 M M 1 18 29 150
17 96 74 85 0 0 20 0.00 0.0 0 8.2 18 160 M M 2 18 27 130
18 96 77 87 2 0 22 0.00 0.0 0 9.2 21 170 M M 1 18 29 170
19 96 77 87 2 0 22 0.00 0.0 0 13.4 24 150 M M 1 32 160
20 95 79 87 2 0 22 0.00 0.0 0 13.0 23 160 M M 3 1 29 160
21 95 78 87 2 0 22 0.00 0.0 0 11.2 22 150 M M 4 18 27 160
22 96 73 85 0 0 20 0.00 0.0 0 9.2 20 150 M M 1 1 26 160
23 95 74 85 0 0 20 T 0.0 0 9.2 22 160 M M 1 1 27 180
24 96 76 86 1 0 21 0.00 0.0 0 10.7 21 170 M M 1 1 30 130
25 97 74 86 1 0 21 0.00 0.0 0 8.5 20 150 M M 1 1 25 120
26 97 75 86 1 0 21 0.00 0.0 0 8.2 20 180 M M 2 1 27 160
27 95 73 84 -1 0 19 T 0.0 0 7.9 21 160 M M 2 18 27 180
28 98 75 87 2 0 22 0.00 0.0 0 9.9 20 140 M M 2 26 170
29 98 77 88 3 0 23 0.00 0.0 0 10.4 23 160 M M 1 32 140
30 99 76 88 3 0 23 0.00 0.0 0 9.1 22 160 M M 1 1 27 160
31 99 75 87 2 0 22 0.00 0.0 0 8.5 22 140 M M 2 1 27 140
================================================================================
SM 2998 2349 0 665 2.05 0.0 285.5 M 53
================================================================================
AV 96.7 75.8 9.2 FASTST M M 2 MAX(MPH)
MISC ----> 39 50 58 50
================================================================================
NOTES:
# LAST OF SEVERAL OCCURRENCES
COLUMN 17 PEAK WIND IN M.P.H.
PRELIMINARY LOCAL CLIMATOLOGICAL DATA (WS FORM: F-6) , PAGE 2
STATION: VICTORIA
MONTH: JULY
YEAR: 2022
LATITUDE: 28 51 N
LONGITUDE: 96 55 W
[TEMPERATURE DATA] [PRECIPITATION DATA] SYMBOLS USED IN COLUMN 16
AVERAGE MONTHLY: 86.2 TOTAL FOR MONTH: 2.05 1 = FOG OR MIST
DPTR FM NORMAL: 1.7 DPTR FM NORMAL: -1.41 2 = FOG REDUCING VISIBILITY
HIGHEST: 103 ON 10 GRTST 24HR 2.05 ON 14-15 TO 1/4 MILE OR LESS
LOWEST: 73 ON 27,22 3 = THUNDER
SNOW, ICE PELLETS, HAIL 4 = ICE PELLETS
TOTAL MONTH: 0.0 INCH 5 = HAIL
GRTST 24HR 0.0 6 = FREEZING RAIN OR DRIZZLE
GRTST DEPTH: 0 7 = DUSTSTORM OR SANDSTORM:
VSBY 1/2 MILE OR LESS
8 = SMOKE OR HAZE
[NO. OF DAYS WITH] [WEATHER - DAYS WITH] 9 = BLOWING SNOW
X = TORNADO
MAX 32 OR BELOW: 0 0.01 INCH OR MORE: 2
MAX 90 OR ABOVE: 30 0.10 INCH OR MORE: 1
MIN 32 OR BELOW: 0 0.50 INCH OR MORE: 1
MIN 0 OR BELOW: 0 1.00 INCH OR MORE: 1
[HDD (BASE 65) ]
TOTAL THIS MO. 0 CLEAR (SCALE 0-3) 29
DPTR FM NORMAL 0 PTCLDY (SCALE 4-7) 2
TOTAL FM JUL 1 0 CLOUDY (SCALE 8-10) 0
DPTR FM NORMAL 0
[CDD (BASE 65) ]
TOTAL THIS MO. 665
DPTR FM NORMAL 59 [PRESSURE DATA]
TOTAL FM JAN 1 2266 HIGHEST SLP 30.11 ON 30
DPTR FM NORMAL 418 LOWEST SLP 29.76 ON 11
[REMARKS]
#FINAL-07-22#