000
CXUS53 KSGF 080651
CF6VIH
PRELIMINARY LOCAL CLIMATOLOGICAL DATA (WS FORM: F-6)

                                          STATION:   VICHY-ROLLA MO
                                          MONTH:     JULY
                                          YEAR:      2013
                                          LATITUDE:   38  7 N
                                          LONGITUDE:  91 46 W

  TEMPERATURE IN F:       :PCPN:    SNOW:  WIND      :SUNSHINE: SKY     :PK WND
================================================================================
1   2   3   4   5  6A  6B    7    8   9   10  11  12  13   14  15   16   17  18
                                     12Z  AVG MX 2MIN
DY MAX MIN AVG DEP HDD CDD  WTR  SNW DPTH SPD SPD DIR MIN PSBL S-S WX    SPD DR
================================================================================

 1  78  59  69  -7   0   4 0.01    M    M  8.0 18 360   M    M   3        26 350
 2  76  54  65 -11   0   0 0.00    M    M  7.4 21 350   M    M   1        25 360
 3  81  54  68  -8   0   3 0.00    M    M  4.2 10 270   M    M   0        23 100
 4  84  58  71  -5   0   6 0.00    M    M  5.8 10 200   M    M   1        15 360
 5  85  61  73  -4   0   8 0.97    M    M  7.4 24 250   M    M   1 13     32 240
 6  85  63  74  -3   0   9    T    M    M  7.5 23 150   M    M   1 13     32 150
 7  88  67  78   1   0  13 0.00    M    M  8.1 14 210   M    M   0        17 210
 8  90  72  81   4   0  16 0.00    M    M  7.2 13 210   M    M   0         M  M
 9  91  73  82   5   0  17 0.00    M    M  7.7 13 220   M    M   0        17 210
10  86  69  78   1   0  13 0.30    M    M  6.1 28 260   M    M   2 13     33 260
11  82  63  73  -4   0   8 0.00    M    M  6.0 13  40   M    M   0        24 360
12  83  58  71  -6   0   6 0.01    M    M  6.0 13 100   M    M   0        16 100
13  82  57  70  -7   0   5 0.00    M    M  5.5 10  70   M    M   0        15  80
14  86  62  74  -3   0   9 0.31    M    M  7.1 15 170   M    M   2 1      21  80
15  87  68  78   0   0  13    T    M    M  7.3 15 210   M    M   3 3      18 210
16  89  71  80   2   0  15 0.00    M    M  5.2 12 110   M    M   2 1      20  80
17  94  70  82   4   0  17 0.00    M    M  2.8  7 110   M    M   0         9  50
18  94  71  83   5   0  18 0.00    M    M  5.6 14 140   M    M   0        21 130
19  94  72  83   5   0  18 0.00    M    M  7.4 18 140   M    M   0 3      26 120
20  90  68  79   1   0  14 1.16    M    M  7.7 16 340   M    M   4 13     23 340
21  81  68  75  -3   0  10 0.04    M    M  4.4 10 150   M    M   6 1      13 140
22  88  66  77  -1   0  12 0.00    M    M  5.6 15 230   M    M   2 1      20 200
23  91  67  79   1   0  14 0.00    M    M  6.7 20 230   M    M   2 3      24 230
24  81  64  73  -5   0   8 0.00    M    M  6.4 13  30   M    M   3        17  40
25  81  56  69  -9   0   4 0.00    M    M  3.1 10  50   M    M   0        23  30
26  71  65  68 -10   0   3 0.24    M    M  6.6 17 290   M    M   7 12     24 270
27  76  51  64 -14   1   0 0.00    M    M  6.6 15 330   M    M   3 1      22 340
28  78  50  64 -14   1   0 0.00    M    M  4.4 14 230   M    M   1        17 230
29  75  58  67 -11   0   2    T    M    M  7.3 17 120   M    M   4        21 100
30  83  66  75  -3   0  10 0.54    M    M  6.5 18 170   M    M   9 1      26 160
31  83  61  72  -6   0   7 0.02    M    M  5.6 15 320   M    M   7 12     18 320
================================================================================
SM 2613 1962         2 282  3.60    M    193.2          M       64
================================================================================
AV 84.3 63.3                               6.2 FASTST   M    M   2    MAX(MPH)
                                 MISC ---->  # 28 260               # 33  260
================================================================================
NOTES:
# LAST OF SEVERAL OCCURRENCES

COLUMN 17 PEAK WIND IN M.P.H.

PRELIMINARY LOCAL CLIMATOLOGICAL DATA (WS FORM: F-6) , PAGE 2

                                          STATION:  VICHY-ROLLA MO
                                          MONTH:    JULY
                                          YEAR:     2013
                                          LATITUDE:   38  7 N
                                          LONGITUDE:  91 46 W

[TEMPERATURE DATA]      [PRECIPITATION DATA]       SYMBOLS USED IN COLUMN 16

AVERAGE MONTHLY: 73.8   TOTAL FOR MONTH:   3.60    1 = FOG OR MIST
DPTR FM NORMAL:  -3.5   DPTR FM NORMAL:   -0.84    2 = FOG REDUCING VISIBILITY
HIGHEST:    94 ON 19,18 GRTST 24HR  1.20 ON 20-21      TO 1/4 MILE OR LESS
LOWEST:     50 ON 28                               3 = THUNDER
                        SNOW, ICE PELLETS, HAIL    4 = ICE PELLETS
                        TOTAL MONTH:    M          5 = HAIL
                        GRTST 24HR    M  ON   M    6 = FREEZING RAIN OR DRIZZLE
                        GRTST DEPTH:  M  ON   M    7 = DUSTSTORM OR SANDSTORM:
                                                       VSBY 1/2 MILE OR LESS
                                                   8 = SMOKE OR HAZE
[NO. OF DAYS WITH]      [WEATHER - DAYS WITH]      9 = BLOWING SNOW
                                                   X = TORNADO
MAX 32 OR BELOW:   0    0.01 INCH OR MORE:  10
MAX 90 OR ABOVE:   7    0.10 INCH OR MORE:   6
MIN 32 OR BELOW:   0    0.50 INCH OR MORE:   3
MIN  0 OR BELOW:   0    1.00 INCH OR MORE:   1

[HDD (BASE 65) ]
TOTAL THIS MO.     2    CLEAR  (SCALE 0-3)  24
DPTR FM NORMAL     1    PTCLDY (SCALE 4-7)   6
TOTAL FM JUL 1     2    CLOUDY (SCALE 8-10)  1
DPTR FM NORMAL     1

[CDD (BASE 65) ]
TOTAL THIS MO.   282
DPTR FM NORMAL  -100    [PRESSURE DATA]
TOTAL FM JAN 1   606    HIGHEST SLP 30.32 ON 17
DPTR FM NORMAL  -118    LOWEST  SLP 29.76 ON 22

[REMARKS]
#FINAL-07-13#
