000
CXUS53 KSGF 080652
CF6VIH
PRELIMINARY LOCAL CLIMATOLOGICAL DATA (WS FORM: F-6)

                                          STATION:   VICHY-ROLLA MO
                                          MONTH:     JUNE
                                          YEAR:      2013
                                          LATITUDE:   38  7 N
                                          LONGITUDE:  91 46 W

  TEMPERATURE IN F:       :PCPN:    SNOW:  WIND      :SUNSHINE: SKY     :PK WND
================================================================================
1   2   3   4   5  6A  6B    7    8   9   10  11  12  13   14  15   16   17  18
                                     12Z  AVG MX 2MIN
DY MAX MIN AVG DEP HDD CDD  WTR  SNW DPTH SPD SPD DIR MIN PSBL S-S WX    SPD DR
================================================================================

 1  75  60  68   0   0   3 0.24    M    M  9.7 21 270   M    M   6 13     30 280
 2  65  52  59 -10   6   0    T    M    M  6.0 14 300   M    M   9 1      17 310
 3  70  52  61  -8   4   0 0.00    M    M  4.0 10  70   M    M   4        14  60
 4  74  52  63  -6   2   0 0.00    M    M  7.1 14 150   M    M   1         M  M
 5  74  56  65  -5   0   0 0.13    M    M  5.5 15 360   M    M   5 1      20  10
 6  73  57  65  -5   0   0 0.00    M    M  4.9 18  20   M    M   6 128    31  90
 7  73  51  62  -8   3   0 0.00    M    M  5.7 16 340   M    M   1        22 340
 8  77  48  63  -7   2   0 0.00    M    M  5.7 14 220   M    M   1 1      17 160
 9  73  58  66  -5   0   1 0.55    M    M  7.2 16 280   M    M   4 13     23 280
10  80  57  69  -2   0   4 0.00    M    M  7.4 17 310   M    M   1        23 290
11  89  63  76   5   0  11 0.02    M    M  9.9 20 240   M    M   0 3      28 230
12  90  71  81   9   0  16 0.00    M    M 13.2 23 220   M    M   1        32 220
13  81  60  71  -1   0   6 0.00    M    M  8.4 17 310   M    M   3        24 310
14  84  58  71  -1   0   6 0.00    M    M  4.7 13 180   M    M   0        17  90
15  80  66  73   1   0   8 0.04    M    M  8.1 25 190   M    M   2 13     32 190
16  83  64  74   1   0   9 1.13    M    M  7.4 21 110   M    M   7 13     31 110
17  79  61  70  -3   0   5 0.21    M    M  5.0 20  90   M    M   2 1      29  90
18  84  57  71  -2   0   6 0.01    M    M  4.2 14  50   M    M   2 123    17  60
19  83  58  71  -3   0   6 0.00    M    M  2.3  8 110   M    M   0        21  30
20  86  66  76   2   0  11 0.00    M    M  8.6 15 160   M    M   1        20 160
21  89  72  81   7   0  16 0.00    M    M 10.1 17 200   M    M   1        23 200
22  88  70  79   5   0  14 0.00    M    M  9.3 16 160   M    M   0        22 130
23  88  67  78   4   0  13 0.87    M    M 10.6 23  40   M    M   2 13     31  40
24  88  68  78   3   0  13 0.00    M    M  9.3 21 180   M    M   0 18     28 180
25  88  71  80   5   0  15 0.00    M    M 10.2 22 170   M    M   1        30 150
26  92  74  83   8   0  18 0.00    M    M 10.3 20 230   M    M   0        28 240
27  90  66  78   3   0  13 0.00    M    M  5.6  9 310   M    M   0        24 320
28  86  68  77   1   0  12 0.01    M    M  7.9 24 280   M    M   1 13     37 270
29  82  61  72  -4   0   7 0.18    M    M 10.8 33 310   M    M   3 13     49 300
30  77  61  69  -7   0   4 0.40    M    M  7.8 16 350   M    M   8 13     23  50
================================================================================
SM 2441 1845        17 217  3.79    M    226.9          M       72
================================================================================
AV 81.4 61.5                               7.6 FASTST   M    M   2    MAX(MPH)
                                 MISC ---->  # 33 310               # 49  300
================================================================================
NOTES:
# LAST OF SEVERAL OCCURRENCES

COLUMN 17 PEAK WIND IN M.P.H.

PRELIMINARY LOCAL CLIMATOLOGICAL DATA (WS FORM: F-6) , PAGE 2

                                          STATION:  VICHY-ROLLA MO
                                          MONTH:    JUNE
                                          YEAR:     2013
                                          LATITUDE:   38  7 N
                                          LONGITUDE:  91 46 W

[TEMPERATURE DATA]      [PRECIPITATION DATA]       SYMBOLS USED IN COLUMN 16

AVERAGE MONTHLY: 71.4   TOTAL FOR MONTH:   3.79    1 = FOG OR MIST
DPTR FM NORMAL:  -1.0   DPTR FM NORMAL:   -0.84    2 = FOG REDUCING VISIBILITY
HIGHEST:    92 ON 26    GRTST 24HR  2.44 ON 31- 1      TO 1/4 MILE OR LESS
LOWEST:     48 ON  8                               3 = THUNDER
                        SNOW, ICE PELLETS, HAIL    4 = ICE PELLETS
                        TOTAL MONTH:    M          5 = HAIL
                        GRTST 24HR    M  ON   M    6 = FREEZING RAIN OR DRIZZLE
                        GRTST DEPTH:  M  ON   M    7 = DUSTSTORM OR SANDSTORM:
                                                       VSBY 1/2 MILE OR LESS
                                                   8 = SMOKE OR HAZE
[NO. OF DAYS WITH]      [WEATHER - DAYS WITH]      9 = BLOWING SNOW
                                                   X = TORNADO
MAX 32 OR BELOW:   0    0.01 INCH OR MORE:  12
MAX 90 OR ABOVE:   3    0.10 INCH OR MORE:   8
MIN 32 OR BELOW:   0    0.50 INCH OR MORE:   3
MIN  0 OR BELOW:   0    1.00 INCH OR MORE:   1

[HDD (BASE 65) ]
TOTAL THIS MO.    17    CLEAR  (SCALE 0-3)  22
DPTR FM NORMAL     3    PTCLDY (SCALE 4-7)   7
TOTAL FM JUL 1  4957    CLOUDY (SCALE 8-10)  1
DPTR FM NORMAL   109

[CDD (BASE 65) ]
TOTAL THIS MO.   217
DPTR FM NORMAL   -18    [PRESSURE DATA]
TOTAL FM JAN 1   324    HIGHEST SLP 30.09 ON 20
DPTR FM NORMAL   -18    LOWEST  SLP 29.68 ON 29

[REMARKS]
#FINAL-06-13#
