000
CXUS53 KSGF 010800
CF6VIH
PRELIMINARY LOCAL CLIMATOLOGICAL DATA (WS FORM: F-6)

                                          STATION:   VICHY-ROLLA MO
                                          MONTH:     SEPTEMBER
                                          YEAR:      2013
                                          LATITUDE:   38  7 N
                                          LONGITUDE:  91 46 W

  TEMPERATURE IN F:       :PCPN:    SNOW:  WIND      :SUNSHINE: SKY     :PK WND
================================================================================
1   2   3   4   5  6A  6B    7    8   9   10  11  12  13   14  15   16   17  18
                                     12Z  AVG MX 2MIN
DY MAX MIN AVG DEP HDD CDD  WTR  SNW DPTH SPD SPD DIR MIN PSBL S-S WX    SPD DR
================================================================================

 1  85  70  78   5   0  13 0.05    M    M  6.5 37 280   M    M   1 138    47 270
 2  85  56  71  -2   0   6 0.00    M    M  4.6 12 290   M    M   1        15 320
 3  84  52  68  -5   0   3 0.00    M    M  2.2 12 340   M    M   0        15 340
 4  87  59  73   1   0   8 0.00    M    M  3.5  8 260   M    M   0        14 300
 5  87  56  72   0   0   7 0.00    M    M  3.4  8 100   M    M   0        13 320
 6  87  60  74   2   0   9 0.00    M    M  4.4 12 140   M    M   0 1      17 190
 7  93  64  79   8   0  14 0.00    M    M  7.3 14 240   M    M   0        22 220
 8  82  69  76   5   0  11 0.13    M    M  7.9 17 150   M    M   2 13     21 150
 9  96  72  84  14   0  19 0.00    M    M  6.8 15 240   M    M   1 1      17 250
10  95  68  82  12   0  17 0.00    M    M  7.9 16 240   M    M   0        22 210
11  94  67  81  11   0  16 0.00    M    M  5.3 10 260   M    M   1        15 250
12  88  63  76   7   0  11 0.00    M    M  7.6 16  20   M    M   1 1      21  30
13  80  50  65  -4   0   0 0.00    M    M  6.2 15  30   M    M   0        20  50
14  77  43  60  -8   5   0 0.00    M    M  5.8 12 130   M    M   0        15 140
15  86  52  69   1   0   4 0.17    M    M  7.8 17 200   M    M   3 13     22 190
16  66  58  62  -6   3   0 1.22    M    M  6.8 15  50   M    M  10 13     20  50
17  71  58  65  -2   0   0 0.18    M    M  5.9 12 130   M    M   9 1      16 130
18  82  67  75   8   0  10 0.41    M    M  8.9 26 210   M    M   5 138    46 220
19  87  71  79  13   0  14 0.00    M    M  9.7 17 170   M    M   1 3      23 180
20  71  53  62  -4   3   0 0.70    M    M  6.2 17 320   M    M   5 13     24 330
21  71  48  60  -5   5   0 0.00    M    M  4.4 14 330   M    M   0 1      17 320
22  73  45  59  -6   6   0 0.00    M    M  3.8  9 110   M    M   0        16 110
23  76  51  64  -1   1   0 0.00    M    M  8.3 15 110   M    M   0        20 140
24  80  55  68   4   0   3    T    M    M  7.3 14 260   M    M   2 3      20 150
25  77  55  66   2   0   1 0.00    M    M  3.5 10  70   M    M   3 1      14 100
26  82  65  74  11   0   9 0.00    M    M  6.1 10 150   M    M   1 1       M  M
27  82  61  72   9   0   7 0.00    M    M  9.0 16 140   M    M   1        21 130
28  80  59  70   7   0   5    M    M    M 10.0 25 180   M    M   5 1      33 190
29  74  50  62   0   3   0    M    M    M  5.2 14  30   M    M   2 12     17 340
30  76  50  63   1   2   0    M    M    M  6.3 14 180   M    M   5 12     17 180
================================================================================
SM 2454 1747        28 187  2.86    M    188.6          M       59
================================================================================
AV 81.8 58.2                               6.3 FASTST   M    M   2    MAX(MPH)
                                 MISC ---->  # 37 280               # 47  270
================================================================================
NOTES:
# LAST OF SEVERAL OCCURRENCES

COLUMN 17 PEAK WIND IN M.P.H.

PRELIMINARY LOCAL CLIMATOLOGICAL DATA (WS FORM: F-6) , PAGE 2

                                          STATION:  VICHY-ROLLA MO
                                          MONTH:    SEPTEMBER
                                          YEAR:     2013
                                          LATITUDE:   38  7 N
                                          LONGITUDE:  91 46 W

[TEMPERATURE DATA]      [PRECIPITATION DATA]       SYMBOLS USED IN COLUMN 16

AVERAGE MONTHLY: 70.0   TOTAL FOR MONTH:   2.86    1 = FOG OR MIST
DPTR FM NORMAL:   2.4   DPTR FM NORMAL:   -1.18    2 = FOG REDUCING VISIBILITY
HIGHEST:    96 ON  9    GRTST 24HR  1.39 ON 15-16      TO 1/4 MILE OR LESS
LOWEST:     43 ON 14                               3 = THUNDER
                        SNOW, ICE PELLETS, HAIL    4 = ICE PELLETS
                        TOTAL MONTH:    M          5 = HAIL
                        GRTST 24HR    M  ON   M    6 = FREEZING RAIN OR DRIZZLE
                        GRTST DEPTH:  M  ON   M    7 = DUSTSTORM OR SANDSTORM:
                                                       VSBY 1/2 MILE OR LESS
                                                   8 = SMOKE OR HAZE
[NO. OF DAYS WITH]      [WEATHER - DAYS WITH]      9 = BLOWING SNOW
                                                   X = TORNADO
MAX 32 OR BELOW:   0    0.01 INCH OR MORE:   7
MAX 90 OR ABOVE:   4    0.10 INCH OR MORE:   6
MIN 32 OR BELOW:   0    0.50 INCH OR MORE:   2
MIN  0 OR BELOW:   0    1.00 INCH OR MORE:   1

[HDD (BASE 65) ]
TOTAL THIS MO.    28    CLEAR  (SCALE 0-3)  24
DPTR FM NORMAL   -33    PTCLDY (SCALE 4-7)   4
TOTAL FM JUL 1    32    CLOUDY (SCALE 8-10)  2
DPTR FM NORMAL   -32

[CDD (BASE 65) ]
TOTAL THIS MO.   187
DPTR FM NORMAL    46    [PRESSURE DATA]
TOTAL FM JAN 1  1086    HIGHEST SLP M ON M
DPTR FM NORMAL  -132    LOWEST  SLP 29.78 ON  1

[REMARKS]
#FINAL-09-13#
