000
CXUS53 KSGF 010800
CF6VIH
PRELIMINARY LOCAL CLIMATOLOGICAL DATA (WS FORM: F-6)

                                          STATION:   VICHY-ROLLA MO
                                          MONTH:     OCTOBER
                                          YEAR:      2013
                                          LATITUDE:   38  7 N
                                          LONGITUDE:  91 46 W

  TEMPERATURE IN F:       :PCPN:    SNOW:  WIND      :SUNSHINE: SKY     :PK WND
================================================================================
1   2   3   4   5  6A  6B    7    8   9   10  11  12  13   14  15   16   17  18
                                     12Z  AVG MX 2MIN
DY MAX MIN AVG DEP HDD CDD  WTR  SNW DPTH SPD SPD DIR MIN PSBL S-S WX    SPD DR
================================================================================

 1  81  65  73  12   0   8    M    M    M  7.4 13 190   M    M   6 1      18 190
 2  82  65  74  13   0   9 0.00    M    M  7.8 15 180   M    M   2 1      20 140
 3  83  66  75  14   0  10 0.00    M    M 10.7 16 170   M    M   2 3      23 190
 4  84  67  76  16   0  11 0.00    M    M 10.0 18 180   M    M   1 1      23 180
 5  72  47  60   0   5   0 0.34    M    M  7.7 26 290   M    M   5 13     34 290
 6  56  41  49 -11  16   0 0.00    M    M 10.3 21 260   M    M   5        27 260
 7  68  45  57  -2   8   0 0.00  0.0    0  5.8 14 310   M    M   4        19 300
 8  72  44  58  -1   7   0 0.00    M    0  6.9 14 150   M    M   0 1      19 150
 9  72  41  57  -2   8   0 0.00    M    0  5.6  9 130   M    M   0        14 120
10  76  48  62   4   3   0 0.00    M    M  7.3 15 160   M    M   0 18     18 160
11  77  53  65   7   0   0 0.00    M    M 11.3 21 150   M    M   1 1      26 150
12  72  48  60   2   5   0 0.00    M    M  7.1 15 330   M    M   2        19 310
13  73  46  60   2   5   0 0.00    M    M  6.5 14  60   M    M   2        19  70
14  66  48  57   0   8   0    T    M    0 10.0 16 120   M    M   2        20 110
15  63  49  56  -1   9   0 0.39    M    0  9.8 17 150   M    M   7 1      24 140
16  56  40  48  -9  17   0 0.00  0.0    0  7.5 16 270   M    M   4 8      21 300
17  62  45  54  -2  11   0    T    M    0  7.3 20 260   M    M   5 1      24 300
18  58  39  49  -7  16   0 0.21    M    M  8.1 14 330   M    M   4 1      18 310
19  56  36  46 -10  19   0 0.03    M    M 10.1 17 230   M    M   4 1      23 220
20  69  42  56   1   9   0 0.00    M    M 12.3 21 210   M    M   0        27 220
21  53  33  43 -12  22   0 0.00    M    M  7.0 15 280   M    M   3        18 290
22  63  34  49  -6  16   0 0.01    M    M 11.8 24 270   M    M   5        32 270
23  50  32  41 -13  24   0 0.00    M    M  6.0 17 280   M    M   6        20 280
24  49  26  38 -16  27   0 0.00    M    M  7.6 22 340   M    M   4        27 290
25  54  24  39 -15  26   0 0.00    M    M  5.8 15 190   M    M   0        20 200
26  64  35  50  -4  15   0 0.00    M    M 10.6 22 260   M    M   1        29 270
27  61  26  44  -9  21   0 0.00    M    M  2.5  9 190   M    M   0 8      12 230
28  69  39  54   1  11   0 0.00    M    M  6.2 10 210   M    M   0 1      13 100
29  62  46  54   1  11   0 0.73    M    M 10.1 18 140   M    M   8 1      25 140
30  71  61  66  14   0   1 0.04    M    M 13.2 23 180   M    M   7 1      31 200
31  63  46  55   3  10   0 0.49    M    M 11.9 21 190   M    M   8 1      28 180
================================================================================
SM 2057 1377       329  39  2.24     0.0 262.2          M       98
================================================================================
AV 66.4 44.4                               8.5 FASTST   M    M   3    MAX(MPH)
                                 MISC ---->  # 26 290               # 34  290
================================================================================
NOTES:
# LAST OF SEVERAL OCCURRENCES

COLUMN 17 PEAK WIND IN M.P.H.

PRELIMINARY LOCAL CLIMATOLOGICAL DATA (WS FORM: F-6) , PAGE 2

                                          STATION:  VICHY-ROLLA MO
                                          MONTH:    OCTOBER
                                          YEAR:     2013
                                          LATITUDE:   38  7 N
                                          LONGITUDE:  91 46 W

[TEMPERATURE DATA]      [PRECIPITATION DATA]       SYMBOLS USED IN COLUMN 16

AVERAGE MONTHLY: 55.4   TOTAL FOR MONTH:   2.24    1 = FOG OR MIST
DPTR FM NORMAL:  -1.2   DPTR FM NORMAL:   -1.27    2 = FOG REDUCING VISIBILITY
HIGHEST:    84 ON  4    GRTST 24HR  0.73 ON 29-29      TO 1/4 MILE OR LESS
LOWEST:     24 ON 25                               3 = THUNDER
                        SNOW, ICE PELLETS, HAIL    4 = ICE PELLETS
                        TOTAL MONTH:   0.0 INCH    5 = HAIL
                        GRTST 24HR     0.0         6 = FREEZING RAIN OR DRIZZLE
                        GRTST DEPTH:   0           7 = DUSTSTORM OR SANDSTORM:
                                                       VSBY 1/2 MILE OR LESS
                                                   8 = SMOKE OR HAZE
[NO. OF DAYS WITH]      [WEATHER - DAYS WITH]      9 = BLOWING SNOW
                                                   X = TORNADO
MAX 32 OR BELOW:   0    0.01 INCH OR MORE:   8
MAX 90 OR ABOVE:   0    0.10 INCH OR MORE:   5
MIN 32 OR BELOW:   4    0.50 INCH OR MORE:   1
MIN  0 OR BELOW:   0    1.00 INCH OR MORE:   0

[HDD (BASE 65) ]
TOTAL THIS MO.   329    CLEAR  (SCALE 0-3)  16
DPTR FM NORMAL    43    PTCLDY (SCALE 4-7)  14
TOTAL FM JUL 1   361    CLOUDY (SCALE 8-10)  1
DPTR FM NORMAL    11

[CDD (BASE 65) ]
TOTAL THIS MO.    39
DPTR FM NORMAL    14    [PRESSURE DATA]
TOTAL FM JAN 1  1125    HIGHEST SLP M ON M
DPTR FM NORMAL  -118    LOWEST  SLP 29.45 ON 31

[REMARKS]
#FINAL-10-13#
