000
CXUS53 KSGF 010800
CF6VIH
PRELIMINARY LOCAL CLIMATOLOGICAL DATA (WS FORM: F-6)

                                          STATION:   VICHY-ROLLA MO
                                          MONTH:     APRIL
                                          YEAR:      2013
                                          LATITUDE:   38  7 N
                                          LONGITUDE:  91 46 W

  TEMPERATURE IN F:       :PCPN:    SNOW:  WIND      :SUNSHINE: SKY     :PK WND
================================================================================
1   2   3   4   5  6A  6B    7    8   9   10  11  12  13   14  15   16   17  18
                                     12Z  AVG MX 2MIN
DY MAX MIN AVG DEP HDD CDD  WTR  SNW DPTH SPD SPD DIR MIN PSBL S-S WX    SPD DR
================================================================================

 1  49  33  41 -10  24   0 0.00    M    M  7.6 17  20   M    M   4        22  10
 2  48  28  38 -13  27   0 0.00    M    M  5.9 12  30   M    M   0        15 340
 3  52  29  41 -10  24   0 0.00    M    M  8.5 17  50   M    M   0        22  30
 4  58  29  44  -8  21   0 0.00    M    M   M   M   M   M    M   1         M  M
 5  68  33  51  -1  14   0 0.00    M    M  4.8 13 120   M    M   0        15 120
 6  72  52  62  10   3   0 0.00    M    M 15.0 29 200   M    M   0        37 190
 7  76  47  62   9   3   0 0.11    M    M  8.6 23 180   M    M   4 13     29 170
 8  75  58  67  14   0   2 0.00    M    M 11.9 25 180   M    M   3        31 180
 9  75  62  69  16   0   4 0.00    M    M 12.2 22 170   M    M   7 8      26 180
10  73  44  59   5   6   0 1.38    M    M  9.2 41 270   M    M   7 138    54 270
11  44  33  39 -15  26   0    T    M    M 10.9 20 260   M    M   9 1      25 260
12  46  33  40 -14  25   0 0.00    M    M 10.2 20 270   M    M   4        26 260
13  65  30  48  -6  17   0 0.00    M    M  7.0 16 160   M    M   2        25 180
14  78  50  64   9   1   0 0.16    M    M 16.9 30 170   M    M   1 13     39 180
15  69  49  59   4   6   0 0.04    M    M 10.4 17  10   M    M  10 12     22 130
16  49  42  46 -10  19   0 0.85    M    M 10.8 22 300   M    M  10 123    29 290
17  83  45  64   8   1   0 0.00    M    M 15.8 29 180   M    M   6 12     38 180
18  73  38  56   0   9   0 1.54    M    M 15.0 39 260   M    M   8 13     46 260
19  50  33  42 -14  23   0 0.00    M    M 14.7 25 260   M    M   7        33 290
20  58  28  43 -14  22   0 0.00    M    M  4.6 14 100   M    M   0        17 110
21  67  43  55  -2  10   0 0.00    M    M  9.7 17 150   M    M   2        24 140
22  71  44  58   1   7   0 0.00    M    M 10.7 20 160   M    M   2        25 150
23  60  36  48 -10  17   0 0.75    M    M 11.1 21 330   M    M  10 123    25 320
24  51  33  42 -16  23   0    T    M    M  9.4 18 330   M    M   5 16     24 320
25  64  34  49  -9  16   0 0.00    M    M  6.6 14 270   M    M   0        18 270
26  53  46  50  -8  15   0 0.67    M    M  9.6 17 170   M    M   9 1      22 160
27  51  46  49 -10  16   0 0.70    M    M  7.5 16 100   M    M  10 1      21 100
28  61  48  55  -4  10   0 0.00    M    M  6.8 14 310   M    M   7 12     17 310
29  82  50  66   7   0   1 0.00    M    M 11.4 18 180   M    M   0        24 160
30  82  60  71  11   0   6 0.00    M    M 12.0 22 190   M    M   0        30 190
================================================================================
SM 1903 1236       385  13  6.20    M    294.8          M      128
================================================================================
AV 63.4 41.2                              10.2 FASTST   M    M   4    MAX(MPH)
                                 MISC ---->  # 41 270               # 54  270
================================================================================
NOTES:
# LAST OF SEVERAL OCCURRENCES

COLUMN 17 PEAK WIND IN M.P.H.

PRELIMINARY LOCAL CLIMATOLOGICAL DATA (WS FORM: F-6) , PAGE 2

                                          STATION:  VICHY-ROLLA MO
                                          MONTH:    APRIL
                                          YEAR:     2013
                                          LATITUDE:   38  7 N
                                          LONGITUDE:  91 46 W

[TEMPERATURE DATA]      [PRECIPITATION DATA]       SYMBOLS USED IN COLUMN 16

AVERAGE MONTHLY: 52.3   TOTAL FOR MONTH:   6.20    1 = FOG OR MIST
DPTR FM NORMAL:  -2.9   DPTR FM NORMAL:    1.98    2 = FOG REDUCING VISIBILITY
HIGHEST:    83 ON 17    GRTST 24HR  1.54 ON 18-18      TO 1/4 MILE OR LESS
LOWEST:     28 ON 20, 2                            3 = THUNDER
                        SNOW, ICE PELLETS, HAIL    4 = ICE PELLETS
                        TOTAL MONTH:    M          5 = HAIL
                        GRTST 24HR    M  ON   M    6 = FREEZING RAIN OR DRIZZLE
                        GRTST DEPTH:  M  ON   M    7 = DUSTSTORM OR SANDSTORM:
                                                       VSBY 1/2 MILE OR LESS
                                                   8 = SMOKE OR HAZE
[NO. OF DAYS WITH]      [WEATHER - DAYS WITH]      9 = BLOWING SNOW
                                                   X = TORNADO
MAX 32 OR BELOW:   0    0.01 INCH OR MORE:   9
MAX 90 OR ABOVE:   0    0.10 INCH OR MORE:   8
MIN 32 OR BELOW:   5    0.50 INCH OR MORE:   6
MIN  0 OR BELOW:   0    1.00 INCH OR MORE:   2

[HDD (BASE 65) ]
TOTAL THIS MO.   385    CLEAR  (SCALE 0-3)  13
DPTR FM NORMAL    71    PTCLDY (SCALE 4-7)  10
TOTAL FM JUL 1  4790    CLOUDY (SCALE 8-10)  7
DPTR FM NORMAL    72

[CDD (BASE 65) ]
TOTAL THIS MO.    13
DPTR FM NORMAL    -9    [PRESSURE DATA]
TOTAL FM JAN 1    13    HIGHEST SLP M ON M
DPTR FM NORMAL   -13    LOWEST  SLP 29.50 ON 14

[REMARKS]
#FINAL-04-13#
