000
CXUS53 KSGF 010844
CF6VIH
PRELIMINARY LOCAL CLIMATOLOGICAL DATA (WS FORM: F-6)

                                          STATION:   VICHY-ROLLA MO
                                          MONTH:     MAY
                                          YEAR:      2013
                                          LATITUDE:   38  7 N
                                          LONGITUDE:  91 46 W

  TEMPERATURE IN F:       :PCPN:    SNOW:  WIND      :SUNSHINE: SKY     :PK WND
================================================================================
1   2   3   4   5  6A  6B    7    8   9   10  11  12  13   14  15   16   17  18
                                     12Z  AVG MX 2MIN
DY MAX MIN AVG DEP HDD CDD  WTR  SNW DPTH SPD SPD DIR MIN PSBL S-S WX    SPD DR
================================================================================

 1  81  57  69   9   0   4 0.00    M    M  7.6 16 160   M    M   4        22 140
 2  65  37  51  -9  14   0 0.08    M    M 10.6 18 330   M    M   9 1      23 320
 3  38  34  36 -24  29   0 0.89    M    M  9.7 16 320   M    M  10 1      21 320
 4  49  33  41 -20  24   0 0.02    M    M  4.1 12 150   M    M  10 1      20 110
 5  54  40  47 -14  18   0 0.21    M    M  7.3 17 310   M    M  10 12      M  M
 6  70  53  62   1   3   0 0.02    M    M  9.3 17  10   M    M   9 1      23  30
 7  78  54  66   4   0   1 0.00    M    M  5.0 12  40   M    M   6        15  60
 8  76  51  64   2   1   0 0.01    M    M  7.1 18 280   M    M   3        24 280
 9  75  58  67   5   0   2 0.56    M    M  9.3 26 210   M    M   6 13     35 200
10  65  52  59  -3   6   0 0.01    M    M  7.6 17 310   M    M   9        21 330
11  68  44  56  -6   9   0 0.00    M    M  9.5 22 300   M    M   3 12     29 310
12  61  35  48 -15  17   0 0.00    M    M  5.3 16 280   M    M   0        25 270
13  74  38  56  -7   9   0 0.00    M    M  6.6 15 190   M    M   1        18 190
14  88  58  73  10   0   8 0.00    M    M 13.9 25 230   M    M   0        32 240
15  85  61  73   9   0   8 0.00    M    M  9.5 20 230   M    M   1        24 230
16  75  60  68   4   0   3 0.00    M    M  6.8 17 180   M    M   6        23 170
17  75  57  66   2   0   1 0.00    M    M  3.7  9 120   M    M   7 1      12 140
18  81  60  71   7   0   6 0.00    M    M  7.6 16 190   M    M   4 12     21 200
19  87  67  77  12   0  12 0.00    M    M 11.7 24 160   M    M   1 138    33 160
20  76  59  68   3   0   3 1.58    M    M 11.3 36 270   M    M   7 13     47 270
21  73  59  66   1   0   1 0.00    M    M  9.6 22 250   M    M   1        31 250
22  70  55  63  -2   2   0 0.00    M    M  9.8 20 260   M    M   7        24 280
23  67  51  59  -7   6   0 0.00    M    M  8.9 18 320   M    M   6        25 340
24  69  48  59  -7   6   0 0.00    M    M  7.3 15 100   M    M   1 1      20 100
25  73  45  59  -7   6   0 0.00    M    M  9.6 18 170   M    M   2 3      23 160
26  84  61  73   7   0   8 0.00    M    M 10.4 17 180   M    M   2        23 170
27  79  63  71   4   0   6 0.73    M    M 10.2 22 340   M    M   4 13     30 350
28  79  67  73   6   0   8 0.13    M    M 12.5 23 190   M    M   2 13     31 170
29  83  67  75   8   0  10 0.00    M    M 12.9 23 190   M    M   1        33 170
30  82  62  72   4   0   7 0.69    M    M 14.5 32 170   M    M   3 138    44 180
31  81  61  71   3   0   6 2.20    M    M  9.9 20 330   M    M   5 13     24 330
================================================================================
SM 2261 1647       150  94  7.13    M    279.1          M      140
================================================================================
AV 72.9 53.1                               9.0 FASTST   M    M   5    MAX(MPH)
                                 MISC ---->  # 36 270               # 47  270
================================================================================
NOTES:
# LAST OF SEVERAL OCCURRENCES

COLUMN 17 PEAK WIND IN M.P.H.

PRELIMINARY LOCAL CLIMATOLOGICAL DATA (WS FORM: F-6) , PAGE 2

                                          STATION:  VICHY-ROLLA MO
                                          MONTH:    MAY
                                          YEAR:     2013
                                          LATITUDE:   38  7 N
                                          LONGITUDE:  91 46 W

[TEMPERATURE DATA]      [PRECIPITATION DATA]       SYMBOLS USED IN COLUMN 16

AVERAGE MONTHLY: 63.0   TOTAL FOR MONTH:   7.13    1 = FOG OR MIST
DPTR FM NORMAL:  -0.8   DPTR FM NORMAL:    2.09    2 = FOG REDUCING VISIBILITY
HIGHEST:    88 ON 14    GRTST 24HR  2.20 ON 31-31      TO 1/4 MILE OR LESS
LOWEST:     33 ON  4                               3 = THUNDER
                        SNOW, ICE PELLETS, HAIL    4 = ICE PELLETS
                        TOTAL MONTH:    M          5 = HAIL
                        GRTST 24HR    M  ON   M    6 = FREEZING RAIN OR DRIZZLE
                        GRTST DEPTH:  M  ON   M    7 = DUSTSTORM OR SANDSTORM:
                                                       VSBY 1/2 MILE OR LESS
                                                   8 = SMOKE OR HAZE
[NO. OF DAYS WITH]      [WEATHER - DAYS WITH]      9 = BLOWING SNOW
                                                   X = TORNADO
MAX 32 OR BELOW:   0    0.01 INCH OR MORE:  13
MAX 90 OR ABOVE:   0    0.10 INCH OR MORE:   8
MIN 32 OR BELOW:   0    0.50 INCH OR MORE:   6
MIN  0 OR BELOW:   0    1.00 INCH OR MORE:   2

[HDD (BASE 65) ]
TOTAL THIS MO.   150    CLEAR  (SCALE 0-3)  13
DPTR FM NORMAL    34    PTCLDY (SCALE 4-7)  12
TOTAL FM JUL 1  4940    CLOUDY (SCALE 8-10)  6
DPTR FM NORMAL   106

[CDD (BASE 65) ]
TOTAL THIS MO.    94
DPTR FM NORMAL    13    [PRESSURE DATA]
TOTAL FM JAN 1   107    HIGHEST SLP 30.39 ON 24
DPTR FM NORMAL     0    LOWEST  SLP 29.65 ON 21

[REMARKS]
#FINAL-05-13#
