000
CXUS53 KSGF 010800
CF6VIH
PRELIMINARY LOCAL CLIMATOLOGICAL DATA (WS FORM: F-6)

                                          STATION:   VICHY-ROLLA MO
                                          MONTH:     MARCH
                                          YEAR:      2013
                                          LATITUDE:   38  7 N
                                          LONGITUDE:  91 46 W

  TEMPERATURE IN F:       :PCPN:    SNOW:  WIND      :SUNSHINE: SKY     :PK WND
================================================================================
1   2   3   4   5  6A  6B    7    8   9   10  11  12  13   14  15   16   17  18
                                     12Z  AVG MX 2MIN
DY MAX MIN AVG DEP HDD CDD  WTR  SNW DPTH SPD SPD DIR MIN PSBL S-S WX    SPD DR
================================================================================

 1  30  24  27 -13  38   0 0.02    M    M  8.5 14 320   M    M  10 18     18 300
 2  31  16  24 -16  41   0    T    M    M  8.1 15 330   M    M   6 18     20 340
 3  40   9  25 -16  40   0 0.00    M    M  7.4 18 140   M    M   5        24 130
 4  56  34  45   4  20   0 0.00    M    M 11.5 17 160   M    M   1        24 160
 5  42  30  36  -6  29   0 0.05    M    M 18.2 32 290   M    M   9 1      43 290
 6  37  24  31 -11  34   0 0.00    M    M  9.7 22 320   M    M   6        31 310
 7  52  24  38  -4  27   0 0.00    M    M  8.1 14 120   M    M   1        16 150
 8  54  31  43   0  22   0    T    M    M 10.2 15 120   M    M   2        21 160
 9  68  41  55  12  10   0 0.32    M    M 15.3 30 180   M    M   8        37 180
10  58  34  46   3  19   0 1.14    M    M 12.0 22 270   M    M  10 13     29 270
11  34  24  29 -15  36   0    T    M    0 11.3 21 270   M    M   8 16     26 270
12  48  22  35  -9  30   0 0.00    M    0 11.4 24 280   M    M   3        32 270
13  43  24  34 -10  31   0 0.00  0.0    0  8.0 17 320   M    M   2        24 310
14  67  24  46   1  19   0 0.00    M    M  9.8 22 240   M    M   4        26 230
15  78  37  58  13   7   0 0.00    M    M 10.4 24 250   M    M   0        33 260
16  63  36  50   5  15   0 0.13    M    M 11.3 20 340   M    M   6 18     24 350
17  36  31  34 -12  31   0 1.16    M    M 12.8 25  90   M    M  10 136    31 100
18  50  33  42  -4  23   0 0.00  0.0    0 10.9 23 290   M    M   7 12     30 300
19  45  27  36 -10  29   0 0.00  0.0    0  6.7 17 320   M    M   6        21 320
20  35  20  28 -19  37   0 0.00  0.0    0 11.8 26 290   M    M   4        32 290
21  37  19  28 -19  37   0    T    M    M  4.8 13 210   M    M   6 1      16 170
22  35  29  32 -15  33   0 0.01    M    0  6.7 13 110   M    M  10 1      15 110
23  50  35  43  -5  22   0 0.11    M    M  9.2 17  50   M    M   7        22  40
24  37  27  32 -16  33   0 0.14    M    M 16.1 26 320   M    M  10        37 320
25  32  24  28 -20  37   0 0.01    M    M 13.6 22 280   M    M   7        31 300
26  37  23  30 -19  35   0 0.00    M    M  6.6 15 260   M    M   2        20 280
27  48  23  36 -13  29   0 0.00    M    M  4.3 10  70   M    M   2        14 180
28  59  38  49   0  16   0    T    M    M  7.9 15 170   M    M   6        20 120
29  64  41  53   3  12   0 0.05    M    M  5.8 16 170   M    M   5        20 180
30  52  43  48  -2  17   0 0.12    M    M  8.8 17 150   M    M   7        22 130
31  66  43  55   5  10   0 0.00    M    M  8.3 18 290   M    M   5        25 270
================================================================================
SM 1484  890       819   0  3.26     0.0 305.5          M      175
================================================================================
AV 47.9 28.7                               9.9 FASTST   M    M   6    MAX(MPH)
                                 MISC ---->  # 32 290               # 43  290
================================================================================
NOTES:
# LAST OF SEVERAL OCCURRENCES

COLUMN 17 PEAK WIND IN M.P.H.

PRELIMINARY LOCAL CLIMATOLOGICAL DATA (WS FORM: F-6) , PAGE 2

                                          STATION:  VICHY-ROLLA MO
                                          MONTH:    MARCH
                                          YEAR:     2013
                                          LATITUDE:   38  7 N
                                          LONGITUDE:  91 46 W

[TEMPERATURE DATA]      [PRECIPITATION DATA]       SYMBOLS USED IN COLUMN 16

AVERAGE MONTHLY: 38.3   TOTAL FOR MONTH:   3.26    1 = FOG OR MIST
DPTR FM NORMAL:  -7.0   DPTR FM NORMAL:   -0.19    2 = FOG REDUCING VISIBILITY
HIGHEST:    78 ON 15    GRTST 24HR  1.16 ON 17-17      TO 1/4 MILE OR LESS
LOWEST:      9 ON  3                               3 = THUNDER
                        SNOW, ICE PELLETS, HAIL    4 = ICE PELLETS
                        TOTAL MONTH:   0.0 INCH    5 = HAIL
                        GRTST 24HR     0.0         6 = FREEZING RAIN OR DRIZZLE
                        GRTST DEPTH:   0           7 = DUSTSTORM OR SANDSTORM:
                                                       VSBY 1/2 MILE OR LESS
                                                   8 = SMOKE OR HAZE
[NO. OF DAYS WITH]      [WEATHER - DAYS WITH]      9 = BLOWING SNOW
                                                   X = TORNADO
MAX 32 OR BELOW:   3    0.01 INCH OR MORE:  12
MAX 90 OR ABOVE:   0    0.10 INCH OR MORE:   7
MIN 32 OR BELOW:  20    0.50 INCH OR MORE:   2
MIN  0 OR BELOW:   0    1.00 INCH OR MORE:   2

[HDD (BASE 65) ]
TOTAL THIS MO.   819    CLEAR  (SCALE 0-3)   8
DPTR FM NORMAL   205    PTCLDY (SCALE 4-7)  17
TOTAL FM JUL 1  4405    CLOUDY (SCALE 8-10)  6
DPTR FM NORMAL     1

[CDD (BASE 65) ]
TOTAL THIS MO.     0
DPTR FM NORMAL    -4    [PRESSURE DATA]
TOTAL FM JAN 1     0    HIGHEST SLP M ON M
DPTR FM NORMAL    -4    LOWEST  SLP 29.58 ON 24

[REMARKS]
#FINAL-03-13#
