000
CXUS53 KSGF 310800
CF6VIH
PRELIMINARY LOCAL CLIMATOLOGICAL DATA (WS FORM: F-6)

                                          STATION:   VICHY-ROLLA MO
                                          MONTH:     DECEMBER
                                          YEAR:      2012
                                          LATITUDE:   38  7 N
                                          LONGITUDE:  91 46 W

  TEMPERATURE IN F:       :PCPN:    SNOW:  WIND      :SUNSHINE: SKY     :PK WND
================================================================================
1   2   3   4   5  6A  6B    7    8   9   10  11  12  13   14  15   16   17  18
                                     12Z  AVG MX 2MIN
DY MAX MIN AVG DEP HDD CDD  WTR  SNW DPTH SPD SPD DIR MIN PSBL S-S WX    SPD DR
================================================================================

 1  67  51  59  21   6   0 0.00    M    M 14.6 24 190   M    M   M        32 200
 2  73  57  65  27   0   0 0.00    M    M 10.2 20 180   M    M   M        26 170
 3  73  60  67  30   0   2 0.00    M    M 14.8 31 190   M    M   M        38 200
 4  62  33  48  11  17   0 0.98    M    M  6.3 15  10   M    M   M 138    21 250
 5  58  30  44   8  21   0 0.00    M    M  5.0 10 120   M    M   M        12 130
 6  59  37  48  12  17   0 0.00    M    M  6.8 12 210   M    M   M        16 210
 7  57  47  52  16  13   0    T    M    M  6.5 13 260   M    M   M 1      15 260
 8  47  41  44   8  21   0 0.02    M    M  8.0 17 100   M    M   M 12     22 120
 9  48  27  38   3  27   0 0.11    M    M  9.5 20 300   M    M   M 123    26 290
10  28  14  21 -14  44   0 0.00    M    M  9.7 20 290   M    M   M        24 300
11  41  16  29  -5  36   0 0.00    M    M  6.3 14 210   M    M   M        17 210
12  51  20  36   2  29   0 0.00    M    M  9.4 17 160   M    M   M        22 160
13  57  33  45  11  20   0 0.00    M    M 13.5 22 180   M    M   M        26 190
14   M   M   M   M   M   M 0.01    M    M   M   M   M   M    M   M         M  M
15   M   M   M   M   M   M 0.21    M    M   M   M   M   M    M   M         M  M
16   M   M   M   M   M   M 0.00    M    M   M   M   M   M    M   M         M  M
17   M   M   M   M   M   M    T    M    M  9.4 12 220   M    M   8 128     M  M
18  60  32  46  13  19   0 0.00    M    M 11.5 22 200   M    M   0 1      30 180
19  56  32  44  11  21   0 0.15    M    M 11.6 23 150   M    M   4 13     29 170
20  54  24  39   7  26   0 0.67    M    M 22.8 38 300   M    M   8 1368   54 280
21  37  18  28  -4  37   0 0.00    M    M  9.3 22 280   M    M   0        30 290
22  56  19  38   6  27   0 0.00    M    M 10.3 18 180   M    M   0        22 190
23  57  34  46  14  19   0 0.00    M    M  6.9 12  60   M    M   1        14  60
24  36  20  28  -4  37   0 0.00    M    M  9.6 16 300   M    M   6 18     21 300
25  30  19  25  -7  40   0 0.00    M    M 13.9 22 360   M    M   8 18     31  10
26  31  20  26  -6  39   0 0.00    M    M 12.3 21 330   M    M   9        30 340
27  35  24  30  -1  35   0 0.00    M    M  8.1 16 160   M    M   5        21 150
28  35  29  32   1  33   0    T    M    M  7.8 23 220   M    M  10 18     26 220
29  30  17  24  -7  41   0    T    M    M 12.2 21 300   M    M   6 18     25 310
30  44  17  31   0  34   0 0.00    M    M 11.5 18 210   M    M   0        23 220
================================================================================
SM 1282  771       659   2  2.15    M    277.8          M       65
================================================================================
AV 49.3 29.7                              10.3 FASTST   M    M   5    MAX(MPH)
                                 MISC ---->  # 38 300               # 54  280
================================================================================
NOTES:
# LAST OF SEVERAL OCCURRENCES

COLUMN 17 PEAK WIND IN M.P.H.

PRELIMINARY LOCAL CLIMATOLOGICAL DATA (WS FORM: F-6) , PAGE 2

                                          STATION:  VICHY-ROLLA MO
                                          MONTH:    DECEMBER
                                          YEAR:     2012
                                          LATITUDE:   38  7 N
                                          LONGITUDE:  91 46 W

[TEMPERATURE DATA]      [PRECIPITATION DATA]       SYMBOLS USED IN COLUMN 16

AVERAGE MONTHLY: 39.5   TOTAL FOR MONTH:   2.15    1 = FOG OR MIST
DPTR FM NORMAL:   5.7   DPTR FM NORMAL:   -0.42    2 = FOG REDUCING VISIBILITY
HIGHEST:    73 ON  3, 2 GRTST 24HR  0.98 ON  3- 4      TO 1/4 MILE OR LESS
LOWEST:     14 ON 10                               3 = THUNDER
                        SNOW, ICE PELLETS, HAIL    4 = ICE PELLETS
                        TOTAL MONTH:    M          5 = HAIL
                        GRTST 24HR    M  ON   M    6 = FREEZING RAIN OR DRIZZLE
                        GRTST DEPTH:  M  ON   M    7 = DUSTSTORM OR SANDSTORM:
                                                       VSBY 1/2 MILE OR LESS
                                                   8 = SMOKE OR HAZE
[NO. OF DAYS WITH]      [WEATHER - DAYS WITH]      9 = BLOWING SNOW
                                                   X = TORNADO
MAX 32 OR BELOW:   4    0.01 INCH OR MORE:   7
MAX 90 OR ABOVE:   0    0.10 INCH OR MORE:   5
MIN 32 OR BELOW:  17    0.50 INCH OR MORE:   2
MIN  0 OR BELOW:   0    1.00 INCH OR MORE:   0

[HDD (BASE 65) ]
TOTAL THIS MO.   659    CLEAR  (SCALE 0-3)   5
DPTR FM NORMAL  -277    PTCLDY (SCALE 4-7)   7
TOTAL FM JUL 1  1722    CLOUDY (SCALE 8-10)  2
DPTR FM NORMAL  -161

[CDD (BASE 65) ]
TOTAL THIS MO.     2
DPTR FM NORMAL     2    [PRESSURE DATA]
TOTAL FM JAN 1  1695    HIGHEST SLP M ON M
DPTR FM NORMAL   449    LOWEST  SLP 29.34 ON 20

[REMARKS]
