000
CXUS53 KSGF 010800
CF6VIH
PRELIMINARY LOCAL CLIMATOLOGICAL DATA (WS FORM: F-6)

                                          STATION:   VICHY-ROLLA MO
                                          MONTH:     JANUARY
                                          YEAR:      2013
                                          LATITUDE:   38  7 N
                                          LONGITUDE:  91 46 W

  TEMPERATURE IN F:       :PCPN:    SNOW:  WIND      :SUNSHINE: SKY     :PK WND
================================================================================
1   2   3   4   5  6A  6B    7    8   9   10  11  12  13   14  15   16   17  18
                                     12Z  AVG MX 2MIN
DY MAX MIN AVG DEP HDD CDD  WTR  SNW DPTH SPD SPD DIR MIN PSBL S-S WX    SPD DR
================================================================================

 1  31  11  21 -10  44   0 0.00    M    M  6.9 14  10   M    M   7 1      18  10
 2  31   3  17 -14  48   0 0.00    M    M  5.9 10 230   M    M   0 18     12 230
 3  36  12  24  -7  41   0 0.00    M    M  6.7 14 250   M    M   3 1      17 270
 4  38  15  27  -4  38   0 0.00    M    M  7.0 15 230   M    M   3        18 250
 5  40  25  33   2  32   0 0.00    M    M  9.9 17 220   M    M   7        22 230
 6  36  17  27  -4  38   0 0.00    M    M  8.5 20 300   M    M   2        25 330
 7  48  18  33   2  32   0 0.00    M    M  9.8 18 180   M    M   0        22 180
 8  55  29  42  11  23   0    T    M    M 11.8 17 200   M    M   3        22 210
 9  56  37  47  16  18   0    T    M    M  5.9 14  80   M    M   3 12     17  90
10  52  38  45  14  20   0 0.12    M    M 11.5 25 220   M    M   9 12     32 220
11  62  46  54  23  11   0 0.00    M    M 13.8 23 180   M    M   2        30 190
12  54  29  42  11  23   0 0.28    M    M 11.3 22 340   M    M   7 16     29 350
13  29  11  20 -11  45   0 0.00    M    M 10.2 18 290   M    M   7 1      24 300
14  26  12  19 -12  46   0 0.00    M    M  4.2  9  10   M    M   0         M  M
15  27  13  20 -11  45   0 0.00    M    M  5.6 15  60   M    M   4        21  50
16  39  13  26  -5  39   0 0.00    M    M  8.2 17 260   M    M   0 1      22 230
17  40  19  30  -1  35   0 0.00    M    M  8.1 18 350   M    M   2        24 340
18  55  19  37   6  28   0 0.00    M    M 13.8 24 210   M    M   0        30 200
19  63  38  51  20  14   0 0.00    M    M 14.2 25 230   M    M   0        31 250
20  44  23  34   3  31   0 0.00    M    M  7.2 18 320   M    M   1        23 330
21  27  14  21 -10  44   0 0.00    M    M  9.7 21 290   M    M   4        26 290
22  26  14  20 -11  45   0 0.00    M    M  5.4 10 100   M    M   5        13  90
23  48  14  31   0  34   0 0.00    M    M  7.4 15 300   M    M   0        17 300
24  28  14  21 -10  44   0 0.00    M    M 11.0 17  50   M    M   3        22  60
25  43  25  34   3  31   0 0.00    M    M  8.0 16 290   M    M   5 18     20 290
26  49  24  37   5  28   0 0.00    M    M  5.7 14 110   M    M   0        16 120
27  56  33  45  13  20   0 0.13    M    M 16.0 25 190   M    M   9 1      33 190
28  73  56  65  33   0   0 0.00    M    M 15.9 30 220   M    M   7        38 220
29  66  50  58  26   7   0 1.89    M    M 13.5 31 190   M    M   9 13     46 190
30  50  24  37   5  28   0 0.05    M    M 16.4 29 290   M    M  10 1      40 300
31  34  10  22 -10  43   0    T    M    M 13.7 28 290   M    M   6        37 280
================================================================================
SM 1362  706       975   0  2.47    M    303.2          M      118
================================================================================
AV 43.9 22.8                               9.8 FASTST   M    M   4    MAX(MPH)
                                 MISC ---->  # 31 190               # 46  190
================================================================================
NOTES:
# LAST OF SEVERAL OCCURRENCES

COLUMN 17 PEAK WIND IN M.P.H.

PRELIMINARY LOCAL CLIMATOLOGICAL DATA (WS FORM: F-6) , PAGE 2

                                          STATION:  VICHY-ROLLA MO
                                          MONTH:    JANUARY
                                          YEAR:     2013
                                          LATITUDE:   38  7 N
                                          LONGITUDE:  91 46 W

[TEMPERATURE DATA]      [PRECIPITATION DATA]       SYMBOLS USED IN COLUMN 16

AVERAGE MONTHLY: 33.4   TOTAL FOR MONTH:   2.47    1 = FOG OR MIST
DPTR FM NORMAL:   2.3   DPTR FM NORMAL:    0.30    2 = FOG REDUCING VISIBILITY
HIGHEST:    73 ON 28    GRTST 24HR  1.94 ON 29-30      TO 1/4 MILE OR LESS
LOWEST:      3 ON  2                               3 = THUNDER
                        SNOW, ICE PELLETS, HAIL    4 = ICE PELLETS
                        TOTAL MONTH:    M          5 = HAIL
                        GRTST 24HR    M  ON   M    6 = FREEZING RAIN OR DRIZZLE
                        GRTST DEPTH:  M  ON   M    7 = DUSTSTORM OR SANDSTORM:
                                                       VSBY 1/2 MILE OR LESS
                                                   8 = SMOKE OR HAZE
[NO. OF DAYS WITH]      [WEATHER - DAYS WITH]      9 = BLOWING SNOW
                                                   X = TORNADO
MAX 32 OR BELOW:   8    0.01 INCH OR MORE:   5
MAX 90 OR ABOVE:   0    0.10 INCH OR MORE:   4
MIN 32 OR BELOW:  24    0.50 INCH OR MORE:   1
MIN  0 OR BELOW:   0    1.00 INCH OR MORE:   1

[HDD (BASE 65) ]
TOTAL THIS MO.   975    CLEAR  (SCALE 0-3)  15
DPTR FM NORMAL   -76    PTCLDY (SCALE 4-7)  12
TOTAL FM JUL 1  2728    CLOUDY (SCALE 8-10)  4
DPTR FM NORMAL  -240

[CDD (BASE 65) ]
TOTAL THIS MO.     0
DPTR FM NORMAL     0    [PRESSURE DATA]
TOTAL FM JAN 1     0    HIGHEST SLP M ON M
DPTR FM NORMAL     0    LOWEST  SLP 29.42 ON M

[REMARKS]
#FINAL-01-13#
