000
CXUS53 KSGF 010800
CF6VIH
PRELIMINARY LOCAL CLIMATOLOGICAL DATA (WS FORM: F-6)

                                          STATION:   VICHY-ROLLA MO
                                          MONTH:     SEPTEMBER
                                          YEAR:      2012
                                          LATITUDE:   38  7 N
                                          LONGITUDE:  91 46 W

  TEMPERATURE IN F:       :PCPN:    SNOW:  WIND      :SUNSHINE: SKY     :PK WND
================================================================================
1   2   3   4   5  6A  6B    7    8   9   10  11  12  13   14  15   16   17  18
                                     12Z  AVG MX 2MIN
DY MAX MIN AVG DEP HDD CDD  WTR  SNW DPTH SPD SPD DIR MIN PSBL S-S WX    SPD DR
================================================================================

 1  75  71  73   0   0   8 0.15    M    M 10.2 18 190   M    M  10 1      24 180
 2  79  69  74   1   0   9 0.16    M    M  8.8 16 290   M    M   7 1      22 300
 3  90  67  79   6   0  14 0.00    M    M  4.8 13  30   M    M   2 128    16  40
 4  93  68  81   9   0  16 0.00    M    M  5.5 16 310   M    M   0 3      33 330
 5  89  72  81   9   0  16 0.02    M    M  5.6 15  30   M    M   1 13     20 280
 6  90  66  78   6   0  13 0.50    M    M  5.8 43 270   M    M   2 13     53 270
 7  93  61  77   6   0  12 0.28    M    M 11.8 31 330   M    M   2 13     47 340
 8  73  53  63  -8   2   0 0.00    M    M  9.7 20 330   M    M   1 8      25 350
 9  75  51  63  -7   2   0 0.00    M    M   M   M   M   M    M   0 8       M  M
10  78  49  64  -6   1   0 0.00  0.0    0  5.2 12 160   M    M   0        16 170
11  84  56  70   0   0   5 0.00    M    M  9.0 15 160   M    M   0         M 180
12  83  60  72   3   0   7 0.00    M    M 11.1 22 190   M    M   1         M 320
13  84  57  71   2   0   6 0.00    M    M  8.4 20 340   M    M   4        23 360
14  61  53  57 -11   8   0 0.39    M    M  6.7 13  40   M    M   8 1      17 360
15  60  56  58 -10   7   0 0.10    M    M  7.2 15 120   M    M   6 1       M  M
16  71  59  65  -3   0   0 0.00    M    M  3.8  9 200   M    M   9 1      12 190
17  75  58  67   0   0   2 0.00  0.0    0  6.1 22 350   M    M   8 12     39 320
18  67  42  55 -12  10   0    T    M    0  7.5 20 280   M    M   1        30 220
19  75  42  59  -7   6   0 0.00  0.0    0 12.8 30 320   M    M   0        33 320
20  77  50  64  -2   1   0 0.00  0.0    0  6.9 17 280   M    M   0        26 230
21  82  53  68   3   0   3 0.00  0.0    0 11.8 24 280   M    M   1        31 260
22  70  43  57  -8   8   0 0.00    M    M  7.1 18 320   M    M   0        30  80
23  67  38  53 -12  12   0 0.00    M    M  4.6 10 360   M    M   0        14 330
24  73  41  57  -7   8   0 0.00  0.0    0 10.9 22 160   M    M   1        25 150
25  90  64  77  13   0  12 0.21  0.0    0 11.7 29 340   M    M   4 3      36 280
26  73  58  66   3   0   1 0.42  0.0    0  3.7 16 160   M    M   5 13     25 330
27  72  60  66   3   0   1 0.09  0.0    0  3.7  9  90   M    M   9 12     16 160
28  67  51  59  -4   6   0 0.01  0.0    0   M  14  60   M    M   6 1       M  M
29  73  46  60  -2   5   0 0.00  0.0    0  2.3 10  40   M    M   0        22 340
30  69  51  60  -2   5   0 0.00  0.0    0  2.2  M   M   M    M   0         M 330
================================================================================
SM 2308 1665        81 125  2.33     0.0 204.9          M       88
================================================================================
AV 76.9 55.5                               7.3 FASTST   M    M   3    MAX(MPH)
                                 MISC ---->  # 43 270               # 53  270
================================================================================
NOTES:
# LAST OF SEVERAL OCCURRENCES

COLUMN 17 PEAK WIND IN M.P.H.

PRELIMINARY LOCAL CLIMATOLOGICAL DATA (WS FORM: F-6) , PAGE 2

                                          STATION:  VICHY-ROLLA MO
                                          MONTH:    SEPTEMBER
                                          YEAR:     2012
                                          LATITUDE:   38  7 N
                                          LONGITUDE:  91 46 W

[TEMPERATURE DATA]      [PRECIPITATION DATA]       SYMBOLS USED IN COLUMN 16

AVERAGE MONTHLY: 66.2   TOTAL FOR MONTH:   2.33    1 = FOG OR MIST
DPTR FM NORMAL:  -1.4   DPTR FM NORMAL:   -1.71    2 = FOG REDUCING VISIBILITY
HIGHEST:    93 ON  7, 4 GRTST 24HR  1.54 ON 31- 1      TO 1/4 MILE OR LESS
LOWEST:     38 ON 23                               3 = THUNDER
                        SNOW, ICE PELLETS, HAIL    4 = ICE PELLETS
                        TOTAL MONTH:   0.0 INCH    5 = HAIL
                        GRTST 24HR     0.0         6 = FREEZING RAIN OR DRIZZLE
                        GRTST DEPTH:   0           7 = DUSTSTORM OR SANDSTORM:
                                                       VSBY 1/2 MILE OR LESS
                                                   8 = SMOKE OR HAZE
[NO. OF DAYS WITH]      [WEATHER - DAYS WITH]      9 = BLOWING SNOW
                                                   X = TORNADO
MAX 32 OR BELOW:   0    0.01 INCH OR MORE:  11
MAX 90 OR ABOVE:   5    0.10 INCH OR MORE:   8
MIN 32 OR BELOW:   0    0.50 INCH OR MORE:   1
MIN  0 OR BELOW:   0    1.00 INCH OR MORE:   0

[HDD (BASE 65) ]
TOTAL THIS MO.    81    CLEAR  (SCALE 0-3)  19
DPTR FM NORMAL    20    PTCLDY (SCALE 4-7)   8
TOTAL FM JUL 1    82    CLOUDY (SCALE 8-10)  3
DPTR FM NORMAL    18

[CDD (BASE 65) ]
TOTAL THIS MO.   125
DPTR FM NORMAL   -16    [PRESSURE DATA]
TOTAL FM JAN 1  1666    HIGHEST SLP M ON M
DPTR FM NORMAL   448    LOWEST  SLP 29.65 ON  7

[REMARKS]
#FINAL-09-12#
