000
CXUS53 KSGF 010800
CF6VIH
PRELIMINARY LOCAL CLIMATOLOGICAL DATA (WS FORM: F-6)

                                          STATION:   VICHY-ROLLA MO
                                          MONTH:     OCTOBER
                                          YEAR:      2012
                                          LATITUDE:   38  7 N
                                          LONGITUDE:  91 46 W

  TEMPERATURE IN F:       :PCPN:    SNOW:  WIND      :SUNSHINE: SKY     :PK WND
================================================================================
1   2   3   4   5  6A  6B    7    8   9   10  11  12  13   14  15   16   17  18
                                     12Z  AVG MX 2MIN
DY MAX MIN AVG DEP HDD CDD  WTR  SNW DPTH SPD SPD DIR MIN PSBL S-S WX    SPD DR
================================================================================

 1  67  44  56  -5   9   0 0.00    M    M  6.0 16  40   M    M   0 8      22 360
 2  72  42  57  -4   8   0 0.00    M    M  3.8 13 330   M    M   0 8      16 330
 3  71  56  64   3   1   0 0.00    M    M   M   M   M   M    M   6 18      M  M
 4  78  50  64   4   1   0 0.00    M    M  8.9 18 230   M    M   4 1      24 240
 5  50  36  43 -17  22   0 0.80    M    M  8.3 16 340   M    M   8 13     23 350
 6  44  34  39 -21  26   0    T    M    M  4.5 12 350   M    M   6        23 220
 7  53  31  42 -17  23   0 0.00    M    M  4.6 13 340   M    M   2        26  90
 8  59  31  45 -14  20   0 0.00    M    M  9.1 17 210   M    M   0 18     22 200
 9  66  41  54  -5  11   0 0.01    M    0 10.6 24 340   M    M   3 1      31 340
10  57  35  46 -12  19   0 0.00    M    M  5.2 13 350   M    M   1        21  20
11  59  39  49  -9  16   0    T    M    M  8.5 21 190   M    M   7 13     24 190
12  61  49  55  -3  10   0 0.00    M    M  8.3 16  60   M    M   7        20  50
13  76  56  66   8   0   1 1.13    M    M 14.4 26 190   M    M   8 138    33 180
14  66  44  55  -2  10   0 0.26    M    M 13.1 26 220   M    M   6 18     37 250
15  73  42  58   1   7   0 0.00    M    M  5.2  M   M   M    M   0         M  M
16  80  54  67  10   0   2 0.00    M    M 12.7 24 230   M    M   0 8      30 220
17  67  44  56   0   9   0 0.43    M    M 11.9 31 310   M    M   5 13     43 310
18  61  38  50  -6  15   0 0.00    M    M 15.4 29 260   M    M   5        39 290
19  51  46  49  -7  16   0    T    M    M 12.4 24 280   M    M  10 18     31 290
20  68  38  53  -2  12   0 0.00  0.0    0  5.8 12 170   M    M   1        14 160
21  78  53  66  11   0   1 0.00    M    M 10.4 16 150   M    M   3        22 150
22  79  65  72  17   0   7 0.00    M    M 13.2 23 190   M    M   3        29 210
23  81  62  72  18   0   7 0.27  0.0    0 12.4 20 200   M    M   6 13     30 340
24  81  63  72  18   0   7 0.00  0.0    M 14.3 22 180   M    M   M 2      28 200
25  78  42  60   6   5   0 0.20    M    M 14.4 29 310   M    M   M 1      37 280
26  49  34  42 -12  23   0 0.00    M    M 12.0  M   M   M    M   M         M  M
27  48  29  39 -14  26   0 0.00    M    M  7.6  M   M   M    M   M         M  M
28  50  28  39 -14  26   0 0.00    M    M  5.0  M   M   M    M   M         M  M
29  52  24  38 -15  27   0 0.00    M    M  2.5  M   M   M    M   M         M  M
30  56  29  43  -9  22   0 0.00  0.0    M  6.0 14 310   M    M   M 8       M  M
31  57  35  46  -6  19   0 0.00  0.0    M  7.9 16 290   M    M   M        22 330
================================================================================
SM 1988 1314       383  25  3.10     0.0 274.4          M       91
================================================================================
AV 64.1 42.4                               9.1 FASTST   M    M   4    MAX(MPH)
                                 MISC ---->  # 31 310               # 43  310
================================================================================
NOTES:
# LAST OF SEVERAL OCCURRENCES

COLUMN 17 PEAK WIND IN M.P.H.

PRELIMINARY LOCAL CLIMATOLOGICAL DATA (WS FORM: F-6) , PAGE 2

                                          STATION:  VICHY-ROLLA MO
                                          MONTH:    OCTOBER
                                          YEAR:     2012
                                          LATITUDE:   38  7 N
                                          LONGITUDE:  91 46 W

[TEMPERATURE DATA]      [PRECIPITATION DATA]       SYMBOLS USED IN COLUMN 16

AVERAGE MONTHLY: 53.3   TOTAL FOR MONTH:   3.10    1 = FOG OR MIST
DPTR FM NORMAL:  -3.3   DPTR FM NORMAL:   -0.41    2 = FOG REDUCING VISIBILITY
HIGHEST:    81 ON 24,23 GRTST 24HR  1.39 ON 13-14      TO 1/4 MILE OR LESS
LOWEST:     24 ON 29                               3 = THUNDER
                        SNOW, ICE PELLETS, HAIL    4 = ICE PELLETS
                        TOTAL MONTH:   0.0 INCH    5 = HAIL
                        GRTST 24HR     0.0         6 = FREEZING RAIN OR DRIZZLE
                        GRTST DEPTH:   0           7 = DUSTSTORM OR SANDSTORM:
                                                       VSBY 1/2 MILE OR LESS
                                                   8 = SMOKE OR HAZE
[NO. OF DAYS WITH]      [WEATHER - DAYS WITH]      9 = BLOWING SNOW
                                                   X = TORNADO
MAX 32 OR BELOW:   0    0.01 INCH OR MORE:   7
MAX 90 OR ABOVE:   0    0.10 INCH OR MORE:   6
MIN 32 OR BELOW:   6    0.50 INCH OR MORE:   2
MIN  0 OR BELOW:   0    1.00 INCH OR MORE:   1

[HDD (BASE 65) ]
TOTAL THIS MO.   383    CLEAR  (SCALE 0-3)  10
DPTR FM NORMAL    97    PTCLDY (SCALE 4-7)  12
TOTAL FM JUL 1   465    CLOUDY (SCALE 8-10)  1
DPTR FM NORMAL   115

[CDD (BASE 65) ]
TOTAL THIS MO.    25
DPTR FM NORMAL     0    [PRESSURE DATA]
TOTAL FM JAN 1  1691    HIGHEST SLP M ON M
DPTR FM NORMAL   448    LOWEST  SLP 29.43 ON 17

[REMARKS]
#FINAL-10-12#
