000
CXUS53 KSGF 010800
CF6VIH
PRELIMINARY LOCAL CLIMATOLOGICAL DATA (WS FORM: F-6)

                                          STATION:   VICHY-ROLLA MO
                                          MONTH:     JUNE
                                          YEAR:      2012
                                          LATITUDE:   38  7 N
                                          LONGITUDE:  91 46 W

  TEMPERATURE IN F:       :PCPN:    SNOW:  WIND      :SUNSHINE: SKY     :PK WND
================================================================================
1   2   3   4   5  6A  6B    7    8   9   10  11  12  13   14  15   16   17  18
                                     12Z  AVG MX 2MIN
DY MAX MIN AVG DEP HDD CDD  WTR  SNW DPTH SPD SPD DIR MIN PSBL S-S WX    SPD DR
================================================================================

 1  65  48  57 -11   8   0 0.00    M    M  7.9 15 290   M    M   6 18     21 290
 2  78  47  63  -6   2   0 0.00    M    M  8.3 18 280   M    M   3 1      32 300
 3  78  58  68  -1   0   3    T    M    M  6.4 17  70   M    M   3        22  60
 4  89  61  75   6   0  10 0.00  0.0    0  7.9 20  40   M    M   1 1      28 320
 5  82  58  70   0   0   5 0.00  0.0    0  7.8 17  20   M    M   1        22  40
 6  81  58  70   0   0   5 0.00  0.0    0  7.1 16  40   M    M   0        22  40
 7  80  54  67  -3   0   2 0.00    M    M  5.0 17 360   M    M   0 8      23 360
 8  85  54  70   0   0   5 0.00    M    M  4.2 12 150   M    M   0 8      15 180
 9  89  58  74   3   0   9 0.00    M    M  9.0 22 190   M    M   1        26 150
10  85  67  76   5   0  11 0.00    M    M 11.7 20 160   M    M   3        25 160
11  75  62  69  -2   0   4 0.28  0.0    0  9.2 25 110   M    M   4 13     32 120
12  83  57  70  -2   0   5 0.00  0.0    0  6.1 15 330   M    M   0        18 330
13  84  50  67  -5   0   2 0.00  0.0    0  5.7 14 140   M    M   0        32 200
14  89  56  73   1   0   8 0.00  0.0    0  8.1 15 170   M    M   0        21 170
15  90  62  76   4   0  11 0.00  0.0    0 11.5 23 170   M    M   0        29 180
16  93  67  80   7   0  15 1.16  0.0    0 11.4 32 330   M    M   0 13     41 320
17  88  66  77   4   0  12    T  0.0    0  8.9 20 180   M    M   3 3      26 170
18  90  71  81   8   0  16 0.00    M    M 14.5 23 200   M    M   0        31 190
19  88  73  81   7   0  16 0.00    M    M 15.1 24 190   M    M   2        31 180
20  90  73  82   8   0  17 0.00    M    M 13.2 21 190   M    M   1        28 190
21  82  64  73  -1   0   8 0.00    M    M  7.2 21 330   M    M   3        25 330
22  87  59  73  -1   0   8 0.00    M    M  4.3 10  50   M    M   1 8      16  30
23  90  63  77   3   0  12 0.00    M    M  7.0 14 140   M    M   0        17 140
24  97  70  84   9   0  19 0.00    M    M  8.3 15 220   M    M   0        20 210
25  96  71  84   9   0  19 0.00    M    M  8.0 17  40   M    M   0        21  60
26  91  60  76   1   0  11 0.00    M    M  9.0 16 120   M    M   0        24 130
27 100  60  80   5   0  15 0.00    M    M 10.0 20 200   M    M   0 8      24 190
28 106  70  88  12   0  23 0.00    M    M  9.3 20 280   M    M   0 8      26 290
29 102  70  86  10   0  21 0.00    M    M  7.1 15 260   M    M   0        21 260
30 102  71  87  11   0  22 0.00    M    M  6.9 21 200   M    M   0        26 210
================================================================================
SM 2635 1858        10 314  1.44     0.0 256.1          M       32
================================================================================
AV 87.8 61.9                               8.5 FASTST   M    M   1    MAX(MPH)
                                 MISC ---->  # 32 330               # 41  320
================================================================================
NOTES:
# LAST OF SEVERAL OCCURRENCES

COLUMN 17 PEAK WIND IN M.P.H.

PRELIMINARY LOCAL CLIMATOLOGICAL DATA (WS FORM: F-6) , PAGE 2

                                          STATION:  VICHY-ROLLA MO
                                          MONTH:    JUNE
                                          YEAR:     2012
                                          LATITUDE:   38  7 N
                                          LONGITUDE:  91 46 W

[TEMPERATURE DATA]      [PRECIPITATION DATA]       SYMBOLS USED IN COLUMN 16

AVERAGE MONTHLY: 74.9   TOTAL FOR MONTH:   1.44    1 = FOG OR MIST
DPTR FM NORMAL:   2.5   DPTR FM NORMAL:   -3.19    2 = FOG REDUCING VISIBILITY
HIGHEST:   106 ON 28    GRTST 24HR  1.16 ON 16-16      TO 1/4 MILE OR LESS
LOWEST:     47 ON  2                               3 = THUNDER
                        SNOW, ICE PELLETS, HAIL    4 = ICE PELLETS
                        TOTAL MONTH:   0.0 INCH    5 = HAIL
                        GRTST 24HR     0.0         6 = FREEZING RAIN OR DRIZZLE
                        GRTST DEPTH:   0           7 = DUSTSTORM OR SANDSTORM:
                                                       VSBY 1/2 MILE OR LESS
                                                   8 = SMOKE OR HAZE
[NO. OF DAYS WITH]      [WEATHER - DAYS WITH]      9 = BLOWING SNOW
                                                   X = TORNADO
MAX 32 OR BELOW:   0    0.01 INCH OR MORE:   2
MAX 90 OR ABOVE:  12    0.10 INCH OR MORE:   2
MIN 32 OR BELOW:   0    0.50 INCH OR MORE:   1
MIN  0 OR BELOW:   0    1.00 INCH OR MORE:   1

[HDD (BASE 65) ]
TOTAL THIS MO.    10    CLEAR  (SCALE 0-3)  28
DPTR FM NORMAL    -4    PTCLDY (SCALE 4-7)   2
TOTAL FM JUL 1  3755    CLOUDY (SCALE 8-10)  0
DPTR FM NORMAL -1093

[CDD (BASE 65) ]
TOTAL THIS MO.   314
DPTR FM NORMAL    79    [PRESSURE DATA]
TOTAL FM JAN 1   590    HIGHEST SLP M ON M
DPTR FM NORMAL   248    LOWEST  SLP 29.74 ON 10

[REMARKS]
#FINAL-06-12#
