000
CXUS53 KSGF 010800
CF6VIH
PRELIMINARY LOCAL CLIMATOLOGICAL DATA (WS FORM: F-6)

                                          STATION:   VICHY-ROLLA MO
                                          MONTH:     APRIL
                                          YEAR:      2012
                                          LATITUDE:   38  7 N
                                          LONGITUDE:  91 46 W

  TEMPERATURE IN F:       :PCPN:    SNOW:  WIND      :SUNSHINE: SKY     :PK WND
================================================================================
1   2   3   4   5  6A  6B    7    8   9   10  11  12  13   14  15   16   17  18
                                     12Z  AVG MX 2MIN
DY MAX MIN AVG DEP HDD CDD  WTR  SNW DPTH SPD SPD DIR MIN PSBL S-S WX    SPD DR
================================================================================

 1  87  60  74  23   0   9 0.00    M    M  9.6 17 230   M    M   0        28 240
 2  89  61  75  24   0  10 0.00    M    M  8.2 16 220   M    M   0 18     22 230
 3  77  54  66  15   0   1    T    M    M  6.6 15 330   M    M   4 1      20 140
 4  69  52  61   9   4   0 0.21    M    M  4.9 22  40   M    M   8 1238   35 270
 5  58  45  52   0  13   0 0.04    M    M  8.2 17  30   M    M   9 1      22  40
 6  62  35  49  -3  16   0 0.00    M    M  8.0 14  90   M    M   0 8      18 120
 7  65  42  54   1  11   0    T    M    M  9.0 16 160   M    M   4        36 100
 8  67  41  54   1  11   0 0.00    M    M  3.5 18 130   M    M   0 18     33 210
 9  70  38  54   1  11   0 0.00    M    M  5.8 14 290   M    M   0 18     21 340
10  62  42  52  -2  13   0 0.00    M    M  6.9 17 320   M    M   1        22 300
11  58  34  46  -8  19   0 0.00    M    M  6.9 13 330   M    M   0        20 350
12  65  33  49  -5  16   0 0.00    M    M  8.1 16 180   M    M   3        23 180
13  58  46  52  -2  13   0 1.94    M    M 11.7 21 150   M    M   9 138    28 120
14  75  55  65  10   0   0 1.74    M    M 13.2 24 170   M    M   8 13     36 160
15  73  53  63   8   2   0 0.78    M    M 18.1 29 220   M    M   6 123    41 210
16  65  43  54  -2  11   0 0.00    M    M 11.4 26 290   M    M   2 8      36 270
17  69  42  56   0   9   0 0.00    M    M  4.6 10 120   M    M   1        17 120
18  75  47  61   5   4   0 0.00    M    M  9.5 16 180   M    M   0 18     21 190
19  78  49  64   8   1   0 0.00    M    M 12.1 25 160   M    M   0 8      31 150
20  62  46  54  -3  11   0 0.05    M    M 10.1 18 300   M    M   9 1      24 300
21  61  34  48  -9  17   0 0.00    M    M  4.8 13  20   M    M   4 128    17  20
22  55  41  48  -9  17   0 0.01    M    M 10.0 24 330   M    M   5 1      31 330
23  62  36  49  -9  16   0 0.00    M    M  8.3 20 320   M    M   2        28 310
24  77  37  57  -1   8   0 0.00    M    M 11.6 22 230   M    M   0        28 250
25  86  60  73  15   0   8    T    M    M 10.5 22 260   M    M   1        29 220
26  80  61  71  13   0   6 0.00    M    M  7.9 14 330   M    M   0        17  60
27  61  49  55  -4  10   0    M    M    M 15.9 29 110   M    M   3 3      38 110
28  77  56  67   8   0   2 0.01    M    M  8.7 16 230   M    M   6 1      21 220
29  73  55  64   5   1   0 0.02    M    M  7.4 16 180   M    M   8 128    23 190
30  73  56  65   5   0   0 0.12  0.0    0  6.1 15 300   M    M   7 1      20 310
================================================================================
SM 2089 1403       234  36  4.92     0.0 267.6          M      100
================================================================================
AV 69.6 46.8                               8.9 FASTST   M    M   3    MAX(MPH)
                                 MISC ---->  # 29 220               # 41  210
================================================================================
NOTES:
# LAST OF SEVERAL OCCURRENCES

COLUMN 17 PEAK WIND IN M.P.H.

PRELIMINARY LOCAL CLIMATOLOGICAL DATA (WS FORM: F-6) , PAGE 2

                                          STATION:  VICHY-ROLLA MO
                                          MONTH:    APRIL
                                          YEAR:     2012
                                          LATITUDE:   38  7 N
                                          LONGITUDE:  91 46 W

[TEMPERATURE DATA]      [PRECIPITATION DATA]       SYMBOLS USED IN COLUMN 16

AVERAGE MONTHLY: 58.2   TOTAL FOR MONTH:   4.92    1 = FOG OR MIST
DPTR FM NORMAL:   3.0   DPTR FM NORMAL:    0.70    2 = FOG REDUCING VISIBILITY
HIGHEST:    89 ON  2    GRTST 24HR  3.08 ON 13-14      TO 1/4 MILE OR LESS
LOWEST:     33 ON 12                               3 = THUNDER
                        SNOW, ICE PELLETS, HAIL    4 = ICE PELLETS
                        TOTAL MONTH:   0.0 INCH    5 = HAIL
                        GRTST 24HR     0.0         6 = FREEZING RAIN OR DRIZZLE
                        GRTST DEPTH:   0           7 = DUSTSTORM OR SANDSTORM:
                                                       VSBY 1/2 MILE OR LESS
                                                   8 = SMOKE OR HAZE
[NO. OF DAYS WITH]      [WEATHER - DAYS WITH]      9 = BLOWING SNOW
                                                   X = TORNADO
MAX 32 OR BELOW:   0    0.01 INCH OR MORE:  10
MAX 90 OR ABOVE:   0    0.10 INCH OR MORE:   5
MIN 32 OR BELOW:   0    0.50 INCH OR MORE:   3
MIN  0 OR BELOW:   0    1.00 INCH OR MORE:   2

[HDD (BASE 65) ]
TOTAL THIS MO.   234    CLEAR  (SCALE 0-3)  16
DPTR FM NORMAL   -80    PTCLDY (SCALE 4-7)  10
TOTAL FM JUL 1  3708    CLOUDY (SCALE 8-10)  4
DPTR FM NORMAL -1010

[CDD (BASE 65) ]
TOTAL THIS MO.    36
DPTR FM NORMAL    14    [PRESSURE DATA]
TOTAL FM JAN 1    86    HIGHEST SLP M ON M
DPTR FM NORMAL    60    LOWEST  SLP 29.57 ON  1

[REMARKS]
#FINAL-04-12#
