000
CXUS53 KSGF 010800
CF6VIH
PRELIMINARY LOCAL CLIMATOLOGICAL DATA (WS FORM: F-6)

                                          STATION:   VICHY-ROLLA MO
                                          MONTH:     JULY
                                          YEAR:      2012
                                          LATITUDE:   38  7 N
                                          LONGITUDE:  91 46 W

  TEMPERATURE IN F:       :PCPN:    SNOW:  WIND      :SUNSHINE: SKY     :PK WND
================================================================================
1   2   3   4   5  6A  6B    7    8   9   10  11  12  13   14  15   16   17  18
                                     12Z  AVG MX 2MIN
DY MAX MIN AVG DEP HDD CDD  WTR  SNW DPTH SPD SPD DIR MIN PSBL S-S WX    SPD DR
================================================================================

 1 100  70  85   9   0  20 0.00  0.0    0  7.4  M   M   M    M   0         M  M
 2 102  71  87  11   0  22 3.45    M    M  8.1 29  70   M    M   1 13     58 280
 3  96  70  83   7   0  18 0.00    M    M   M   M   M   M    M   1         M  M
 4  99  72  86  10   0  21 0.00    M    M   M   M 320   M    M   0         M  M
 5 100  72  86   9   0  21 0.00    M    M   M   M   M   M    M   0         M  M
 6 102  74  88  11   0  23 0.00    M    M   M   M   M   M    M   0         M  M
 7 102  70  86   9   0  21 0.95    M    M  6.3 18 100   M    M   1 13     22 310
 8  97  70  84   7   0  19 0.18    M    M  5.1 25 350   M    M   1 13     32 360
 9  88  70  79   2   0  14 0.19    M    M  4.2 28 230   M    M   4 13     32 200
10  91  67  79   2   0  14 0.00    M    M  6.0 30 210   M    M   1        35 210
11  91  67  79   2   0  14 0.00    M    M  5.7  9  50   M    M   0         M  M
12  92  66  79   2   0  14 0.00    M    M  3.5 13 120   M    M   0        25 210
13  92  68  80   3   0  15 0.01    M    M  6.2 22 340   M    M   0 38     30 360
14  87  68  78   1   0  13 0.00    M    M  4.7  M   M   M    M   1         M  M
15  91  64  78   0   0  13 0.00    M    M  6.0  M   M   M    M   2         M  M
16  93  72  83   5   0  18 0.00  0.0    0  7.7 15 190   M    M   1        18 190
17  96  73  85   7   0  20 0.00  0.0    0  8.3 15 260   M    M   1        25 200
18  99  74  87   9   0  22 0.00  0.0    0  7.7 14 250   M    M   2        29 100
19  97  75  86   8   0  21    T  0.0    0  7.4 20 260   M    M   0        36 320
20  90  70  80   2   0  15 0.00  0.0    0  7.8 17  30   M    M   1        22  50
21  95  67  81   3   0  16 0.00  0.0    0  6.5 14  40   M    M   0 1      32 340
22  99  65  82   4   0  17 0.00  0.0    0  6.6 30 210   M    M   0        33 210
23 102  75  89  11   0  24 0.00    M    M  9.2 16 210   M    M   0        23 180
24 102  76  89  11   0  24 0.00    M    M  8.2 14 210   M    M   0        17 200
25 103  76  90  12   0  25 0.00    M    M 10.8 29 230   M    M   1        32 320
26  92  68  80   2   0  15    T    M    M  6.9 22 310   M    M   2        29 310
27 100  69  85   7   0  20 0.00    M    M 10.2 23 310   M    M   0        31 330
28  98  61  80   2   0  15 0.00    M    M  5.6 17 160   M    M   0        37 200
29  94  68  81   3   0  16 0.07    M    M 10.2 28 340   M    M   4 13     33 340
30  97  73  85   7   0  20 0.00    M    M  6.6 21 260   M    M   1        35 330
31 104  64  84   6   0  19 0.00    M    M  2.3 17 240   M    M   0 1      33 210
================================================================================
SM 2991 2165         0 569  4.85     0.0 185.2          M       25
================================================================================
AV 96.5 69.8                               6.9 FASTST   M    M   1    MAX(MPH)
                                 MISC ---->  # 30 210               # 58  280
================================================================================
NOTES:
# LAST OF SEVERAL OCCURRENCES

COLUMN 17 PEAK WIND IN M.P.H.

PRELIMINARY LOCAL CLIMATOLOGICAL DATA (WS FORM: F-6) , PAGE 2

                                          STATION:  VICHY-ROLLA MO
                                          MONTH:    JULY
                                          YEAR:     2012
                                          LATITUDE:   38  7 N
                                          LONGITUDE:  91 46 W

[TEMPERATURE DATA]      [PRECIPITATION DATA]       SYMBOLS USED IN COLUMN 16

AVERAGE MONTHLY: 83.2   TOTAL FOR MONTH:   4.85    1 = FOG OR MIST
DPTR FM NORMAL:   5.9   DPTR FM NORMAL:    0.41    2 = FOG REDUCING VISIBILITY
HIGHEST:   104 ON 31    GRTST 24HR  3.45 ON  2- 2      TO 1/4 MILE OR LESS
LOWEST:     61 ON 28                               3 = THUNDER
                        SNOW, ICE PELLETS, HAIL    4 = ICE PELLETS
                        TOTAL MONTH:   0.0 INCH    5 = HAIL
                        GRTST 24HR     0.0         6 = FREEZING RAIN OR DRIZZLE
                        GRTST DEPTH:   0           7 = DUSTSTORM OR SANDSTORM:
                                                       VSBY 1/2 MILE OR LESS
                                                   8 = SMOKE OR HAZE
[NO. OF DAYS WITH]      [WEATHER - DAYS WITH]      9 = BLOWING SNOW
                                                   X = TORNADO
MAX 32 OR BELOW:   0    0.01 INCH OR MORE:   6
MAX 90 OR ABOVE:  29    0.10 INCH OR MORE:   4
MIN 32 OR BELOW:   0    0.50 INCH OR MORE:   2
MIN  0 OR BELOW:   0    1.00 INCH OR MORE:   1

[HDD (BASE 65) ]
TOTAL THIS MO.     0    CLEAR  (SCALE 0-3)  29
DPTR FM NORMAL    -1    PTCLDY (SCALE 4-7)   2
TOTAL FM JUL 1     0    CLOUDY (SCALE 8-10)  0
DPTR FM NORMAL    -1

[CDD (BASE 65) ]
TOTAL THIS MO.   569
DPTR FM NORMAL   187    [PRESSURE DATA]
TOTAL FM JAN 1  1159    HIGHEST SLP M ON M
DPTR FM NORMAL   435    LOWEST  SLP 29.73 ON 25

[REMARKS]
#FINAL-07-12#
