000
CXUS53 KSGF 010800
CF6VIH
PRELIMINARY LOCAL CLIMATOLOGICAL DATA (WS FORM: F-6)

                                          STATION:   VICHY-ROLLA MO
                                          MONTH:     MAY
                                          YEAR:      2012
                                          LATITUDE:   38  7 N
                                          LONGITUDE:  91 46 W

  TEMPERATURE IN F:       :PCPN:    SNOW:  WIND      :SUNSHINE: SKY     :PK WND
================================================================================
1   2   3   4   5  6A  6B    7    8   9   10  11  12  13   14  15   16   17  18
                                     12Z  AVG MX 2MIN
DY MAX MIN AVG DEP HDD CDD  WTR  SNW DPTH SPD SPD DIR MIN PSBL S-S WX    SPD DR
================================================================================

 1  81  61  71  11   0   6 0.09    M    M 11.8 21 230   M    M   3 3      26 220
 2  85  68  77  17   0  12 0.00    M    M 13.5 24 210   M    M   0        32 210
 3  82  66  74  14   0   9 0.00    M    M 11.9 22 170   M    M   3        28 160
 4  83  67  75  14   0  10 0.00    M    M  7.5 18 200   M    M   4 1      24 200
 5  88  66  77  16   0  12 0.00    M    M  5.9 13 200   M    M   1         M  M
 6  87  64  76  15   0  11 0.34    M    M  8.0 22 330   M    M   1 13     28 330
 7  71  59  65   3   0   0 0.12    M    M  6.6 21 290   M    M   8 138    30 290
 8  72  52  62   0   3   0 0.00    M    M  5.6 15 300   M    M   1 18     20 330
 9  69  47  58  -4   7   0 0.00    M    M  6.6 16 340   M    M   2        22 340
10  72  44  58  -4   7   0 0.00    M    M  2.9  9 120   M    M   0        12 120
11  73  49  61  -1   4   0 0.00    M    M  6.2 15 150   M    M   0        18 160
12  75  55  65   2   0   0 0.00    M    M  4.3 10  20   M    M   2        13  20
13  75  54  65   2   0   0 0.00    M    M  5.3 14  10   M    M   4 128    16 350
14  77  46  62  -1   3   0 0.00    M    M  3.5 15  30   M    M   0 18     18  30
15  79  47  63  -1   2   0 0.00    M    M  4.7 12 340   M    M   0 8      30 210
16  81  54  68   4   0   3 0.00    M    M  7.7 14  30   M    M   0        21  10
17  80  50  65   1   0   0 0.00    M    M  7.0 12 100   M    M   0        16 110
18  88  56  72   8   0   7 0.00    M    M  7.5 13 190   M    M   0        17 150
19  90  62  76  11   0  11 0.00    M    M  9.3 17 200   M    M   1        23 160
20  87  62  75  10   0  10 0.14    M    M  8.2 20 290   M    M   2 13     29 180
21  73  48  61  -4   4   0 0.00    M    M  7.8 17 330   M    M   1        26 220
22  78  42  60  -5   5   0 0.00    M    M  4.0 10 100   M    M   0 8      30 240
23  86  54  70   4   0   5 0.00    M    M 11.4 20 180   M    M   0 8      24 150
24  91  67  79  13   0  14 0.00    M    M 14.7 28 160   M    M   2 8      36 160
25  93  69  81  15   0  16 0.00    M    M  8.1 20 130   M    M   3         M  M
26  98  67  83  17   0  18 0.00    M    M  9.2 17 210   M    M   0        23 190
27  95  68  82  15   0  17 0.00    M    M 11.2 21 170   M    M   0        31 240
28  92  64  78  11   0  13 1.46    M    M 10.6 32 190   M    M   4 123    48 200
29  87  64  76   9   0  11 0.88    M    M  4.7 20 330   M    M   3 13     26 340
30  81  58  70   2   0   5 0.11    M    M  7.0 20  20   M    M   2 1      24  10
31  74  52  63  -5   2   0 0.40    M    M 10.7 25 150   M    M   8 13     32 150
================================================================================
SM 2543 1782        37 190  3.54    M    243.4          M       55
================================================================================
AV 82.0 57.5                               7.9 FASTST   M    M   2    MAX(MPH)
                                 MISC ---->  # 32 190               # 48  200
================================================================================
NOTES:
# LAST OF SEVERAL OCCURRENCES

COLUMN 17 PEAK WIND IN M.P.H.

PRELIMINARY LOCAL CLIMATOLOGICAL DATA (WS FORM: F-6) , PAGE 2

                                          STATION:  VICHY-ROLLA MO
                                          MONTH:    MAY
                                          YEAR:     2012
                                          LATITUDE:   38  7 N
                                          LONGITUDE:  91 46 W

[TEMPERATURE DATA]      [PRECIPITATION DATA]       SYMBOLS USED IN COLUMN 16

AVERAGE MONTHLY: 69.8   TOTAL FOR MONTH:   3.54    1 = FOG OR MIST
DPTR FM NORMAL:   6.0   DPTR FM NORMAL:   -1.50    2 = FOG REDUCING VISIBILITY
HIGHEST:    98 ON 26    GRTST 24HR  2.34 ON 28-29      TO 1/4 MILE OR LESS
LOWEST:     42 ON 22                               3 = THUNDER
                        SNOW, ICE PELLETS, HAIL    4 = ICE PELLETS
                        TOTAL MONTH:    M          5 = HAIL
                        GRTST 24HR    M  ON   M    6 = FREEZING RAIN OR DRIZZLE
                        GRTST DEPTH:  M  ON   M    7 = DUSTSTORM OR SANDSTORM:
                                                       VSBY 1/2 MILE OR LESS
                                                   8 = SMOKE OR HAZE
[NO. OF DAYS WITH]      [WEATHER - DAYS WITH]      9 = BLOWING SNOW
                                                   X = TORNADO
MAX 32 OR BELOW:   0    0.01 INCH OR MORE:   8
MAX 90 OR ABOVE:   6    0.10 INCH OR MORE:   7
MIN 32 OR BELOW:   0    0.50 INCH OR MORE:   2
MIN  0 OR BELOW:   0    1.00 INCH OR MORE:   1

[HDD (BASE 65) ]
TOTAL THIS MO.    37    CLEAR  (SCALE 0-3)  25
DPTR FM NORMAL   -79    PTCLDY (SCALE 4-7)   5
TOTAL FM JUL 1  3745    CLOUDY (SCALE 8-10)  1
DPTR FM NORMAL -1089

[CDD (BASE 65) ]
TOTAL THIS MO.   190
DPTR FM NORMAL   109    [PRESSURE DATA]
TOTAL FM JAN 1   276    HIGHEST SLP M ON M
DPTR FM NORMAL   169    LOWEST  SLP 29.53 ON 24

[REMARKS]
#FINAL-05-12#
