000
CXUS53 KSGF 070037
CF6VIH
PRELIMINARY LOCAL CLIMATOLOGICAL DATA (WS FORM: F-6)

                                          STATION:   VICHY-ROLLA MO
                                          MONTH:     JANUARY
                                          YEAR:      2012
                                          LATITUDE:   38  7 N
                                          LONGITUDE:  91 46 W

  TEMPERATURE IN F:       :PCPN:    SNOW:  WIND      :SUNSHINE: SKY     :PK WND
================================================================================
1   2   3   4   5  6A  6B    7    8   9   10  11  12  13   14  15   16   17  18
                                     12Z  AVG MX 2MIN
DY MAX MIN AVG DEP HDD CDD  WTR  SNW DPTH SPD SPD DIR MIN PSBL S-S WX    SPD DR
================================================================================

 1  52  32  42  11  23   0 0.00    M    M 19.0 28 280   M    M   2        40 300
 2  34  20  27  -4  38   0 0.00    M    M 15.9 30 330   M    M   0        39 290
 3  42  13  28  -3  37   0 0.00    M    M 10.2 20 180   M    M   0        25 190
 4  50  30  40   9  25   0 0.00    M    M 11.5 21 290   M    M   0        31 280
 5  65  30  48  17  17   0 0.00    M    M 11.8 20 240   M    M   0        24 240
 6  68  42  55  24  10   0 0.00    M    M 12.9 23 220   M    M   0        30 220
 7  52  32  42  11  23   0 0.00    M    M  5.1 10 340   M    M   0        21  70
 8  42  27  35   4  30   0 0.00    M    M  6.6 12  50   M    M   7 1      14  50
 9  49  21  35   4  30   0 0.00    M    M  3.1 10 210   M    M   0 18     13 340
10  56  22  39   8  26   0    T    M    M  4.5 10 210   M    M   1        12 110
11  56  30  43  12  22   0 0.01    M    M  8.1 23 300   M    M   5        31 320
12  30  15  23  -8  42   0 0.01    M    M 17.2 28 290   M    M  10 18     38 280
13  27  13  20 -11  45   0    T    M    M 10.3 21 280   M    M   5        25 290
14   M  18   M   M   M   M 0.00    M    M   M   M   M   M    M   2         M  M
15  49  21  35   4  30   0 0.00    M    M 15.6 28 150   M    M   0        36 160
16  68  44  56  25   9   0 0.00    M    M 17.1 29 200   M    M   2        37 210
17  61  20  41  10  24   0 0.58    M    M 16.1 31 310   M    M   6 138    40 320
18  36  12  24  -7  41   0 0.00    M    M  8.2 20 170   M    M   1        23 180
19  43  20  32   1  33   0 0.00    M    M  9.4 17  50   M    M   0        22  30
20  34  17  26  -5  39   0 0.00    M    M 10.5 17 100   M    M   6 1      22 100
21  30  18  24  -7  41   0 0.00    M    M  8.5 20 140   M    M   9 18     28 130
22  54  28  41  10  24   0 0.00    M    M 15.8 26 180   M    M   9 1      36 170
23  53  28  41  10  24   0 0.00    M    M 14.8 33 270   M    M   6        41 260
24  52  20  36   5  29   0 0.00    M    M  5.1 23 180   M    M   0 8      35 200
25  40  33  37   6  28   0 0.39    M    M  8.8 18 110   M    M   8 1      31 210
26  40  33  37   5  28   0 0.09    M    M  6.7 29 220   M    M   7 12     32 220
27  46  25  36   4  29   0 0.05    M    M  5.4 18 320   M    M   4 18     22 320
28  42  26  34   2  31   0    T    M    M 11.2 21 320   M    M   1 1      28 300
29  50  29  40   8  25   0 0.00    M    M  8.6 16 280   M    M   0        21 270
30  65  37  51  19  14   0 0.00    M    M 14.0 23 210   M    M   0        29 200
31  62  47  55  23  10   0 0.00    M    M 12.9 25 220   M    M   6        32 220
================================================================================
SM 1448  803       827   0  1.13    M    324.9          M       97
================================================================================
AV 48.3 25.9                              10.8 FASTST   M    M   3    MAX(MPH)
                                 MISC ---->  # 33 270               # 41  260
================================================================================
NOTES:
# LAST OF SEVERAL OCCURRENCES

COLUMN 17 PEAK WIND IN M.P.H.

PRELIMINARY LOCAL CLIMATOLOGICAL DATA (WS FORM: F-6) , PAGE 2

                                          STATION:  VICHY-ROLLA MO
                                          MONTH:    JANUARY
                                          YEAR:     2012
                                          LATITUDE:   38  7 N
                                          LONGITUDE:  91 46 W

[TEMPERATURE DATA]      [PRECIPITATION DATA]       SYMBOLS USED IN COLUMN 16

AVERAGE MONTHLY: 37.1   TOTAL FOR MONTH:   1.13    1 = FOG OR MIST
DPTR FM NORMAL:   6.0   DPTR FM NORMAL:   -1.04    2 = FOG REDUCING VISIBILITY
HIGHEST:    68 ON 16, 6 GRTST 24HR  0.58 ON 17-17      TO 1/4 MILE OR LESS
LOWEST:     12 ON 18                               3 = THUNDER
                        SNOW, ICE PELLETS, HAIL    4 = ICE PELLETS
                        TOTAL MONTH:    M          5 = HAIL
                        GRTST 24HR    M  ON   M    6 = FREEZING RAIN OR DRIZZLE
                        GRTST DEPTH:  M  ON   M    7 = DUSTSTORM OR SANDSTORM:
                                                       VSBY 1/2 MILE OR LESS
                                                   8 = SMOKE OR HAZE
[NO. OF DAYS WITH]      [WEATHER - DAYS WITH]      9 = BLOWING SNOW
                                                   X = TORNADO
MAX 32 OR BELOW:   3    0.01 INCH OR MORE:   6
MAX 90 OR ABOVE:   0    0.10 INCH OR MORE:   2
MIN 32 OR BELOW:  25    0.50 INCH OR MORE:   1
MIN  0 OR BELOW:   0    1.00 INCH OR MORE:   0

[HDD (BASE 65) ]
TOTAL THIS MO.   827    CLEAR  (SCALE 0-3)  18
DPTR FM NORMAL  -224    PTCLDY (SCALE 4-7)  10
TOTAL FM JUL 1  2516    CLOUDY (SCALE 8-10)  3
DPTR FM NORMAL  -452

[CDD (BASE 65) ]
TOTAL THIS MO.     0
DPTR FM NORMAL     0    [PRESSURE DATA]
TOTAL FM JAN 1     0    HIGHEST SLP 30.53 ON  3
DPTR FM NORMAL     0    LOWEST  SLP 29.40 ON 23

[REMARKS]
#FINAL-01-12#
