000
CXUS53 KSGF 010800
CF6VIH
PRELIMINARY LOCAL CLIMATOLOGICAL DATA (WS FORM: F-6)

                                          STATION:   VICHY-ROLLA MO
                                          MONTH:     MARCH
                                          YEAR:      2012
                                          LATITUDE:   38  7 N
                                          LONGITUDE:  91 46 W

  TEMPERATURE IN F:       :PCPN:    SNOW:  WIND      :SUNSHINE: SKY     :PK WND
================================================================================
1   2   3   4   5  6A  6B    7    8   9   10  11  12  13   14  15   16   17  18
                                     12Z  AVG MX 2MIN
DY MAX MIN AVG DEP HDD CDD  WTR  SNW DPTH SPD SPD DIR MIN PSBL S-S WX    SPD DR
================================================================================

 1  71  27  49   9  16   0 0.00    M    M  9.8 26 180   M    M   0        32 180
 2  57  30  44   4  21   0 0.07    M    M 11.5 30 300   M    M   5 138    38 290
 3  46  22  34  -7  31   0 0.00    M    M 11.5 26 300   M    M   1 8      37 280
 4  57  22  40  -1  25   0    T    M    M 10.4 28 330   M    M   6 8      33 330
 5  55  21  38  -4  27   0 0.00    M    M  8.9 23 170   M    M   1        30 170
 6  72  45  59  17   6   0 0.00    M    M 21.3 36 200   M    M   0 8      46 190
 7  70  56  63  21   2   0 0.00    M    M 20.3 32 200   M    M   5        46 190
 8  65  29  47   4  18   0 0.26    M    M 10.3 31 330   M    M   6 1      43 330
 9  58  31  45   2  20   0 0.00    M    M  6.7 14  20   M    M   0        21  20
10  65  30  48   5  17   0 0.00    M    M  9.0 16 160   M    M   0        22 200
11  57  41  49   5  16   0 0.35    M    M 12.2 23 130   M    M   5 18     30 130
12  79  51  65  21   0   0 0.00    M    M 14.4 25 210   M    M   2        33 210
13  81  47  64  20   1   0 0.00    M    M  8.6 16 160   M    M   0        21 190
14  83  60  72  27   0   7 0.00    M    M 11.6 22 200   M    M   3        29 210
15  80  57  69  24   0   4 0.48    M    M  9.4 18  50   M    M   5 13     24 160
16  79  56  68  23   0   3 0.00    M    M  9.9 16 170   M    M   1 3      20 170
17  76  55  66  20   0   1 1.97    M    M  8.6 21 200   M    M   4 138    24 240
18  78  60  69  23   0   4    T    M    M 11.9 23 180   M    M   1 3      29 200
19  79  65  72  26   0   7    T    M    M 17.4 31 160   M    M   3        40 170
20  78  56  67  20   0   2 0.25    M    M 12.5 33 160   M    M   7 13     41 170
21  69  54  62  15   3   0 0.45    M    M  9.3 28 130   M    M   9 1      39 120
22  69  48  59  12   6   0 0.13    M    M  8.9 22 220   M    M   3 1      38 100
23  61  50  56   8   9   0 0.14    M    M 10.1 18 250   M    M   8 13     31 100
24  70  50  60  12   5   0 0.02    M    M  8.4 21 320   M    M   6        29 310
25  75  54  65  17   0   0 0.00    M    M   M   M   M   M    M   1 128     M  M
26  79  50  65  16   0   0 0.00    M    M  7.9 15 170   M    M   0 1      23 140
27  81  58  70  21   0   5 0.00  0.0    0 11.5 21 190   M    M   0        25 210
28  82  61  72  23   0   7 0.00  0.0    0  6.9 15 290   M    M   6        18 270
29  78  59  69  19   0   4 0.00    M    M  7.4 14 180   M    M   3        20 180
30  78  58  68  18   0   3 0.00    M    M  8.1 16 230   M    M   2        22 250
31  82  54  68  18   0   3 0.00    M    M  6.3 12 100   M    M   1 1      15 100
================================================================================
SM 2210 1457       223  50  4.12     0.0 321.0          M       94
================================================================================
AV 71.3 47.0                              10.7 FASTST   M    M   3    MAX(MPH)
                                 MISC ---->  # 36 200               # 46  190
================================================================================
NOTES:
# LAST OF SEVERAL OCCURRENCES

COLUMN 17 PEAK WIND IN M.P.H.

PRELIMINARY LOCAL CLIMATOLOGICAL DATA (WS FORM: F-6) , PAGE 2

                                          STATION:  VICHY-ROLLA MO
                                          MONTH:    MARCH
                                          YEAR:     2012
                                          LATITUDE:   38  7 N
                                          LONGITUDE:  91 46 W

[TEMPERATURE DATA]      [PRECIPITATION DATA]       SYMBOLS USED IN COLUMN 16

AVERAGE MONTHLY: 59.1   TOTAL FOR MONTH:   4.12    1 = FOG OR MIST
DPTR FM NORMAL:  13.8   DPTR FM NORMAL:    0.67    2 = FOG REDUCING VISIBILITY
HIGHEST:    83 ON 14    GRTST 24HR  1.97 ON 17-17      TO 1/4 MILE OR LESS
LOWEST:     21 ON  5                               3 = THUNDER
                        SNOW, ICE PELLETS, HAIL    4 = ICE PELLETS
                        TOTAL MONTH:   0.0 INCH    5 = HAIL
                        GRTST 24HR     0.0         6 = FREEZING RAIN OR DRIZZLE
                        GRTST DEPTH:   0           7 = DUSTSTORM OR SANDSTORM:
                                                       VSBY 1/2 MILE OR LESS
                                                   8 = SMOKE OR HAZE
[NO. OF DAYS WITH]      [WEATHER - DAYS WITH]      9 = BLOWING SNOW
                                                   X = TORNADO
MAX 32 OR BELOW:   0    0.01 INCH OR MORE:  10
MAX 90 OR ABOVE:   0    0.10 INCH OR MORE:   8
MIN 32 OR BELOW:   8    0.50 INCH OR MORE:   1
MIN  0 OR BELOW:   0    1.00 INCH OR MORE:   1

[HDD (BASE 65) ]
TOTAL THIS MO.   223    CLEAR  (SCALE 0-3)  17
DPTR FM NORMAL  -391    PTCLDY (SCALE 4-7)  13
TOTAL FM JUL 1  3474    CLOUDY (SCALE 8-10)  1
DPTR FM NORMAL  -930

[CDD (BASE 65) ]
TOTAL THIS MO.    50
DPTR FM NORMAL    46    [PRESSURE DATA]
TOTAL FM JAN 1    50    HIGHEST SLP M ON M
DPTR FM NORMAL    46    LOWEST  SLP 29.36 ON  2

[REMARKS]
#FINAL-03-12#
