000
CXUS53 KSGF 010800
CF6VIH
PRELIMINARY LOCAL CLIMATOLOGICAL DATA (WS FORM: F-6)

                                          STATION:   VICHY-ROLLA MO
                                          MONTH:     MAY
                                          YEAR:      2014
                                          LATITUDE:   38  7 N
                                          LONGITUDE:  91 46 W

  TEMPERATURE IN F:       :PCPN:    SNOW:  WIND      :SUNSHINE: SKY     :PK WND
================================================================================
1   2   3   4   5  6A  6B    7    8   9   10  11  12  13   14  15   16   17  18
                                     12Z  AVG MX 2MIN
DY MAX MIN AVG DEP HDD CDD  WTR  SNW DPTH SPD SPD DIR MIN PSBL S-S WX    SPD DR
================================================================================

 1  53  35  44 -16  21   0 0.00    M    M 10.5 22 270   M    M   8        27 250
 2  62  37  50 -10  15   0 0.00    M    M  9.8 18 280   M    M   6        23 270
 3  78  50  64   4   1   0 0.00    M    M  8.0 17 290   M    M   2        20 290
 4  91  48  70   9   0   5 0.00    M    M  6.8 22 230   M    M   0        27 220
 5  91  58  75  14   0  10 0.00    M    M  8.1 17 220   M    M   0 8      22 210
 6  87  57  72  11   0   7 0.00    M    M 13.2 25 150   M    M   0        33 170
 7  84  62  73  11   0   8    T    M    M 14.8 23 170   M    M   1 3      29 200
 8  81  63  72  10   0   7 0.44    M    M 14.6 28 210   M    M   3 13     37 210
 9  75  55  65   3   0   0 0.11    M    M  8.9 21 260   M    M   3 1      27 250
10  82  51  67   5   0   2 0.00    M    M  8.6 18 170   M    M   1        23 180
11  83  62  73  11   0   8 0.00    M    M 13.4 24 190   M    M   4        35 180
12  85  64  75  12   0  10 0.46    M    M 14.0 28 250   M    M   5 13     37 250
13  64  48  56  -7   9   0 0.14    M    M  9.1 23 290   M    M   9 1      28 300
14  50  43  47 -16  18   0 0.25    M    M  8.4 22  20   M    M   7 1      28  20
15  62  37  50 -14  15   0 0.04    M    M  9.9 26 300   M    M   3 3      34 270
16  57  34  46 -18  19   0 0.00    M    M  8.0 18 290   M    M   2        24 310
17  63  34  49 -15  16   0 0.00    M    M  3.9 10  90   M    M   0        15  20
18  69  43  56  -8   9   0 0.00    M    M  7.9 15 150   M    M   0        19 150
19  78  50  64  -1   1   0 0.00    M    M 15.4 28 160   M    M   1        35 180
20  83  62  73   8   0   8 0.00    M    M 13.8 24 190   M    M   0        30 210
21  83  65  74   9   0   9    T    M    M  9.3 17 230   M    M   3 3      22 220
22  81  63  72   7   0   7 0.00    M    M  5.9 13  30   M    M   6 1      17  30
23  79  59  69   3   0   4 0.07    M    M  6.0 12  70   M    M   3 3      15  50
24  66  60  63  -3   2   0 1.22    M    M  9.0 16 120   M    M   7 13     19 140
25  83  60  72   6   0   7 0.00    M    M  5.7 12 200   M    M   3        15 200
26  80  62  71   5   0   6 1.02    M    M  8.3 22 210   M    M   3 13     30 220
27  80  61  71   4   0   6 0.01    M    M  5.3 17 140   M    M   4 12     22 150
28  80  60  70   3   0   5 0.00    M    M  3.5  9 200   M    M   4 12     11 130
29  80  64  72   5   0   7 0.00    M    M  6.9 15 110   M    M   1 1      18 110
30  83  64  74   6   0   9 0.04    M    M  7.5 18 100   M    M   5 13     23 100
31  84  65  75   7   0  10 0.00    M    M  7.0 15 120   M    M   2 3      20 130
================================================================================
SM 2357 1676       126 135  3.80    M    281.5          M       96
================================================================================
AV 76.0 54.1                               9.1 FASTST   M    M   3    MAX(MPH)
                                 MISC ---->  # 28 210               # 37  210
================================================================================
NOTES:
# LAST OF SEVERAL OCCURRENCES

COLUMN 17 PEAK WIND IN M.P.H.

PRELIMINARY LOCAL CLIMATOLOGICAL DATA (WS FORM: F-6) , PAGE 2

                                          STATION:  VICHY-ROLLA MO
                                          MONTH:    MAY
                                          YEAR:     2014
                                          LATITUDE:   38  7 N
                                          LONGITUDE:  91 46 W

[TEMPERATURE DATA]      [PRECIPITATION DATA]       SYMBOLS USED IN COLUMN 16

AVERAGE MONTHLY: 65.0   TOTAL FOR MONTH:   3.80    1 = FOG OR MIST
DPTR FM NORMAL:   1.2   DPTR FM NORMAL:   -1.24    2 = FOG REDUCING VISIBILITY
HIGHEST:    91 ON  5, 4 GRTST 24HR  1.22 ON 24-24      TO 1/4 MILE OR LESS
LOWEST:     34 ON 17,16                            3 = THUNDER
                        SNOW, ICE PELLETS, HAIL    4 = ICE PELLETS
                        TOTAL MONTH:    M          5 = HAIL
                        GRTST 24HR    M  ON   M    6 = FREEZING RAIN OR DRIZZLE
                        GRTST DEPTH:  M  ON   M    7 = DUSTSTORM OR SANDSTORM:
                                                       VSBY 1/2 MILE OR LESS
                                                   8 = SMOKE OR HAZE
[NO. OF DAYS WITH]      [WEATHER - DAYS WITH]      9 = BLOWING SNOW
                                                   X = TORNADO
MAX 32 OR BELOW:   0    0.01 INCH OR MORE:  11
MAX 90 OR ABOVE:   2    0.10 INCH OR MORE:   7
MIN 32 OR BELOW:   0    0.50 INCH OR MORE:   2
MIN  0 OR BELOW:   0    1.00 INCH OR MORE:   2

[HDD (BASE 65) ]
TOTAL THIS MO.   126    CLEAR  (SCALE 0-3)  19
DPTR FM NORMAL    10    PTCLDY (SCALE 4-7)  11
TOTAL FM JUL 1  5478    CLOUDY (SCALE 8-10)  1
DPTR FM NORMAL   644

[CDD (BASE 65) ]
TOTAL THIS MO.   135
DPTR FM NORMAL    54    [PRESSURE DATA]
TOTAL FM JAN 1   147    HIGHEST SLP M ON M
DPTR FM NORMAL    40    LOWEST  SLP 29.61 ON  6

[REMARKS]
#FINAL-05-14#
