625
CXUS53 KSGF 010800
CF6VIH
PRELIMINARY LOCAL CLIMATOLOGICAL DATA (WS FORM: F-6)

                                          STATION:   VICHY-ROLLA MO
                                          MONTH:     MARCH
                                          YEAR:      2016
                                          LATITUDE:   38  7 N
                                          LONGITUDE:  91 46 W

  TEMPERATURE IN F:       :PCPN:    SNOW:  WIND      :SUNSHINE: SKY     :PK WND
================================================================================
1   2   3   4   5  6A  6B    7    8   9   10  11  12  13   14  15   16   17  18
                                     12Z  AVG MX 2MIN
DY MAX MIN AVG DEP HDD CDD  WTR  SNW DPTH SPD SPD DIR MIN PSBL S-S WX    SPD DR
================================================================================

 1  55  26  41   1  24   0 0.11    M    M 13.9 25 300   M    M   7 13     32 330
 2  48  19  34  -6  31   0 0.00    M    M  9.5 21 170   M    M   4        26 170
 3  52  38  45   4  20   0 0.10    M    M  8.8 20 170   M    M   9 1      25 170
 4  55  34  45   4  20   0 0.00    M    M  7.1 18 190   M    M   6 1      24 190
 5  61  37  49   7  16   0 0.00    M    M 11.6 28 330   M    M   0        36 330
 6  69  33  51   9  14   0 0.00    M    M 16.1 25 170   M    M   1        36 180
 7  72  58  65  23   0   0 0.00    M    M 17.5 26 190   M    M   4        35 190
 8  69  56  63  20   2   0 0.62    M    M 14.9 25 190   M    M   6 1      34 180
 9  63  51  57  14   8   0 0.04    M    M  6.5 13 220   M    M   7 1      15 190
10  55  40  48   5  17   0 0.40    M    M  8.1 16  30   M    M   8 1      21  10
11  60  37  49   5  16   0    T    M    M  8.6 17  90   M    M   3        22  90
12  58  48  53   9  12   0 0.06    M    M  7.1 12 100   M    M  10 12     16 170
13  66  54  60  16   5   0 0.01    M    M  5.6 10 280   M    M   9 123    13 260
14  70  48  59  14   6   0 0.02    M    M  5.6 13 150   M    M   6 12     18 170
15  82  46  64  19   1   0 0.00    M    M 14.6 31 300   M    M   1        44 300
16  59  41  50   5  15   0 0.00    M    M 12.2 25 260   M    M   2        33 260
17  62  37  50   4  15   0 0.00    M    M  5.9 16 310   M    M   0        22 300
18  52  35  44  -2  21   0 0.03    M    M 10.2 22  10   M    M   8        26  20
19  46  29  38  -8  27   0 0.01    M    M  8.8 22 290   M    M   7 18     29 260
20  43  28  36 -11  29   0 0.02    M    M  9.1 18 330   M    M   8 1      25 320
21  59  27  43  -4  22   0 0.00    M    M 12.2 20 210   M    M   0        24 200
22  72  45  59  12   6   0 0.00    M    M 20.4 30 190   M    M   0        40 180
23  73  56  65  17   0   0    T    M    M 17.7 26 190   M    M   4        35 180
24  61  35  48   0  17   0 0.27    M    M 16.1 28 260   M    M   9 18     38 260
25  54  34  44  -4  21   0 0.00    M    M  6.7 14 150   M    M   5        18 120
26  67  38  53   4  12   0 0.00    M    M  8.9 17 160   M    M   0        23 180
27  52  34  43  -6  22   0 0.04    M    M  8.7 23 290   M    M   4 1      29 290
28  63  27  45  -4  20   0 0.00    M    M  6.3 10 110   M    M   0 1      14  10
29  66  40  53   3  12   0 0.00    M    M 12.0 22 130   M    M   0        39 100
30  70  52  61  11   4   0 0.97    M    M 15.0 26 190   M    M   5 13     33 190
31  65  43  54   4  11   0 0.16    M    M 13.0 25 270   M    M   5 13     31 250
================================================================================
SM 1899 1226       446   0  2.86    M    338.7          M      138
================================================================================
AV 61.3 39.5                              10.9 FASTST   M    M   4    MAX(MPH)
                                 MISC ---->  # 31 300               # 44  300
================================================================================
NOTES:
# LAST OF SEVERAL OCCURRENCES

COLUMN 17 PEAK WIND IN M.P.H.

PRELIMINARY LOCAL CLIMATOLOGICAL DATA (WS FORM: F-6) , PAGE 2

                                          STATION:  VICHY-ROLLA MO
                                          MONTH:    MARCH
                                          YEAR:     2016
                                          LATITUDE:   38  7 N
                                          LONGITUDE:  91 46 W

[TEMPERATURE DATA]      [PRECIPITATION DATA]       SYMBOLS USED IN COLUMN 16

AVERAGE MONTHLY: 50.4   TOTAL FOR MONTH:   2.86    1 = FOG OR MIST
DPTR FM NORMAL:   5.1   DPTR FM NORMAL:   -0.59    2 = FOG REDUCING VISIBILITY
HIGHEST:    82 ON 15    GRTST 24HR  1.13 ON 30-31      TO 1/4 MILE OR LESS
LOWEST:     19 ON  2                               3 = THUNDER
                        SNOW, ICE PELLETS, HAIL    4 = ICE PELLETS
                        TOTAL MONTH:    M          5 = HAIL
                        GRTST 24HR    M  ON   M    6 = FREEZING RAIN OR DRIZZLE
                        GRTST DEPTH:  M  ON   M    7 = DUSTSTORM OR SANDSTORM:
                                                       VSBY 1/2 MILE OR LESS
                                                   8 = SMOKE OR HAZE
[NO. OF DAYS WITH]      [WEATHER - DAYS WITH]      9 = BLOWING SNOW
                                                   X = TORNADO
MAX 32 OR BELOW:   0    0.01 INCH OR MORE:  15
MAX 90 OR ABOVE:   0    0.10 INCH OR MORE:   7
MIN 32 OR BELOW:   6    0.50 INCH OR MORE:   2
MIN  0 OR BELOW:   0    1.00 INCH OR MORE:   0

[HDD (BASE 65) ]
TOTAL THIS MO.   446    CLEAR  (SCALE 0-3)  11
DPTR FM NORMAL  -168    PTCLDY (SCALE 4-7)  16
TOTAL FM JUL 1  3649    CLOUDY (SCALE 8-10)  4
DPTR FM NORMAL  -755

[CDD (BASE 65) ]
TOTAL THIS MO.     0
DPTR FM NORMAL    -4    [PRESSURE DATA]
TOTAL FM JAN 1     0    HIGHEST SLP M ON M
DPTR FM NORMAL    -4    LOWEST  SLP 29.45 ON 31

[REMARKS]
#FINAL-03-16#
