000
CXUS53 KSGF 050314
CF6VIH
PRELIMINARY LOCAL CLIMATOLOGICAL DATA (WS FORM: F-6)

                                          STATION:   VICHY-ROLLA MO
                                          MONTH:     DECEMBER
                                          YEAR:      2015
                                          LATITUDE:   38  7 N
                                          LONGITUDE:  91 46 W

  TEMPERATURE IN F:       :PCPN:    SNOW:  WIND      :SUNSHINE: SKY     :PK WND
================================================================================
1   2   3   4   5  6A  6B    7    8   9   10  11  12  13   14  15   16   17  18
                                     12Z  AVG MX 2MIN
DY MAX MIN AVG DEP HDD CDD  WTR  SNW DPTH SPD SPD DIR MIN PSBL S-S WX    SPD DR
================================================================================

 1  49  31  40   2  25   0 0.00    M    M 10.6 20 260   M    M   2        36 290
 2  39  32  36  -2  29   0    T    M    M 11.4 20 290   M    M   9        27 300
 3  47  25  36  -1  29   0 0.00    M    M  1.7  8 140   M    M   0 1      10 210
 4  53  28  41   4  24   0 0.00    M    M  7.9 13 150   M    M   0 18     15 150
 5  55  31  43   7  22   0 0.00    M    M 11.8 20 160   M    M   0        26 160
 6  50  37  44   8  21   0 0.00    M    M  8.9 17 170   M    M   5        21 170
 7  51  34  43   7  22   0    T    M    M  6.4 15 180   M    M   4 12     19 190
 8  63  41  52  16  13   0 0.00    M    M 11.3 20 170   M    M   0        23 180
 9  59  37  48  13  17   0 0.00    M    M  9.0 14 190   M    M   0        19 190
10  69  36  53  18  12   0 0.00    M    M 10.4 23 240   M    M   0        29 220
11  62  36  49  15  16   0    T    M    M 11.3 24 160   M    M   1 1      30 170
12  69  58  64  30   1   0    T    M    M 12.2 23 160   M    M   3 1      30 160
13  67  52  60  26   5   0 1.33    M    M 16.7 29 230   M    M  10 1      37 230
14  52  42  47  13  18   0 0.09    M    M 16.3 31 240   M    M   9 1      41 230
15  58  42  50  17  15   0 0.01    M    M 10.4 20 160   M    M   6        26 150
16  52  30  41   8  24   0 0.02    M    M 12.8 26 230   M    M   3        32 250
17  35  25  30  -3  35   0 0.00    M    M  8.1 14 290   M    M   7        19 300
18  39  23  31  -2  34   0 0.00    M    M 11.2 23 230   M    M   1        29 230
19  51  23  37   4  28   0 0.00    M    M  9.4 22 170   M    M   0        30 170
20  53  41  47  15  18   0 0.09    M    M 18.8 30 180   M    M   2 1      40 170
21  63  38  51  19  14   0 0.10    M    M 14.0 25 250   M    M   7 1      38 180
22  58  35  47  15  18   0 0.00    M    M 10.0 20 150   M    M   5 1      25 140
23  65  38  52  20  13   0 0.50    M    M 16.1 32 230   M    M   6 13     41 240
24  52  32  42  10  23   0 0.00    M    M  7.4 17 180   M    M   4        22 180
25  51  32  42  10  23   0 0.00    M    M 10.1 20 100   M    M   1        24  90
26  53  43  48  16  17   0 4.31    M    M 11.1 30 280   M    M  10 13     36 280
27  43  36  40   9  25   0 2.34    M    M 17.3 32  40   M    M  10 13     40  40
28  45  31  38   7  27   0 1.53    M    M 15.8 30  70   M    M  10 13     39  70
29  31  27  29  -2  36   0 0.00    M    M  7.3 23 250   M    M  10        32 260
30  31  27  29  -2  36   0 0.00    M    M  6.0 14 280   M    M  10 1      17 270
31  34  26  30  -1  35   0 0.00    M    M  7.5 15 300   M    M   6        19 310
================================================================================
SM 1599 1069       675   0 10.32    M    339.2          M      141
================================================================================
AV 51.6 34.5                              10.9 FASTST   M    M   5    MAX(MPH)
                                 MISC ---->  # 32 230               # 41  230
================================================================================
NOTES:
# LAST OF SEVERAL OCCURRENCES

COLUMN 17 PEAK WIND IN M.P.H.

PRELIMINARY LOCAL CLIMATOLOGICAL DATA (WS FORM: F-6) , PAGE 2

                                          STATION:  VICHY-ROLLA MO
                                          MONTH:    DECEMBER
                                          YEAR:     2015
                                          LATITUDE:   38  7 N
                                          LONGITUDE:  91 46 W

[TEMPERATURE DATA]      [PRECIPITATION DATA]       SYMBOLS USED IN COLUMN 16

AVERAGE MONTHLY: 43.0   TOTAL FOR MONTH:  10.32    1 = FOG OR MIST
DPTR FM NORMAL:   9.3   DPTR FM NORMAL:    7.68    2 = FOG REDUCING VISIBILITY
HIGHEST:    69 ON 12,10 GRTST 24HR  5.08 ON 26-27      TO 1/4 MILE OR LESS
LOWEST:     23 ON 19,18                            3 = THUNDER
                        SNOW, ICE PELLETS, HAIL    4 = ICE PELLETS
                        TOTAL MONTH:    M          5 = HAIL
                        GRTST 24HR    M  ON   M    6 = FREEZING RAIN OR DRIZZLE
                        GRTST DEPTH:  M  ON   M    7 = DUSTSTORM OR SANDSTORM:
                                                       VSBY 1/2 MILE OR LESS
                                                   8 = SMOKE OR HAZE
[NO. OF DAYS WITH]      [WEATHER - DAYS WITH]      9 = BLOWING SNOW
                                                   X = TORNADO
MAX 32 OR BELOW:   2    0.01 INCH OR MORE:  10
MAX 90 OR ABOVE:   0    0.10 INCH OR MORE:   6
MIN 32 OR BELOW:  15    0.50 INCH OR MORE:   5
MIN  0 OR BELOW:   0    1.00 INCH OR MORE:   4

[HDD (BASE 65) ]
TOTAL THIS MO.   675    CLEAR  (SCALE 0-3)  14
DPTR FM NORMAL  -295    PTCLDY (SCALE 4-7)   9
TOTAL FM JUL 1  1396    CLOUDY (SCALE 8-10)  8
DPTR FM NORMAL  -521

[CDD (BASE 65) ]
TOTAL THIS MO.     0
DPTR FM NORMAL     0    [PRESSURE DATA]
TOTAL FM JAN 1  1280    HIGHEST SLP 30.57 ON  4
DPTR FM NORMAL    34    LOWEST  SLP 29.15 ON 23

[REMARKS]
#FINAL-12-15#
