000
CXUS53 KSGF 010800
CF6VIH
PRELIMINARY LOCAL CLIMATOLOGICAL DATA (WS FORM: F-6)

                                          STATION:   VICHY-ROLLA MO
                                          MONTH:     OCTOBER
                                          YEAR:      2016
                                          LATITUDE:   38  7 N
                                          LONGITUDE:  91 46 W

  TEMPERATURE IN F:       :PCPN:    SNOW:  WIND      :SUNSHINE: SKY     :PK WND
================================================================================
1   2   3   4   5  6A  6B    7    8   9   10  11  12  13   14  15   16   17  18
                                     12Z  AVG MX 2MIN
DY MAX MIN AVG DEP HDD CDD  WTR  SNW DPTH SPD SPD DIR MIN PSBL S-S WX    SPD DR
================================================================================

 1  66  53  60  -1   5   0 0.00    M    0  5.2 12 290   M    M   9 1      22 320
 2  68  53  61   0   4   0 0.00    M    0  3.4 16 130   M    M   7 1      28 100
 3  73  54  64   3   1   0 0.00  0.0    0  5.9 12 160   M    M   6 1      15 130
 4  79  57  68   8   0   3    T  0.0    0 11.5 22 150   M    M   0        29 150
 5  80  59  70  10   0   5 0.11  0.0    0  8.6 17 250   M    M   4 1      22 260
 6  78  66  72  12   0   7    T    M    M  8.4 17 270   M    M   2        21 260
 7  68  44  56  -3   9   0    T    M    M  8.5 22 310   M    M   3        28 310
 8  69  37  53  -6  12   0 0.00    M    M  2.1 12  30   M    M   0 8      21 210
 9  73  44  59   0   6   0 0.00    M    0  5.4 10 230   M    M   0 8      14 200
10  72  48  60   2   5   0    T    M    M  9.3 18 150   M    M   0        24 160
11  79  54  67   9   0   2 0.00    M    M 11.5 18 180   M    M   1 8      23 180
12  72  48  60   2   5   0 0.02    M    M 11.7 20 270   M    M   7 18     24 270
13  60  45  53  -5  12   0 0.00    M    M  6.2 13 360   M    M   5        20  40
14  69  48  59   2   6   0    T    M    M  9.2 15 180   M    M   7        18 180
15  77  59  68  11   0   3    T    M    M 14.7 23 200   M    M   6 1      29 190
16  84  67  76  19   0  11    T    M    M 15.1 24 180   M    M   4        34 170
17  86  67  77  21   0  12 0.00999.0    M 19.3 31 180   M    M   0        40 180
18  83  65  74  18   0   9    T  0.0    0  9.9 20 180   M    M   4        24 180
19  66  55  61   5   4   0 2.41    M    M  9.8 18  30   M    M   9 13     22  30
20  61  42  52  -3  13   0 0.02    M    M 10.7 24 320   M    M   7 138    32 340
21  58  37  48  -7  17   0 0.00    M    M  3.8 12 330   M    M   0        15 290
22  70  39  55   0  10   0 0.00    M    M  8.5 14 200   M    M   0        18 200
23  78  51  65  11   0   0 0.00    M    M  9.6 20 210   M    M   0 8      24 220
24  68  46  57   3   8   0 0.00    M    M  7.2 13 110   M    M   0        16  90
25  73  48  61   7   4   0 0.00    M    M  9.8 16 160   M    M   2        21 170
26  69  54  62   8   3   0 0.16    M    M  9.8 17 230   M    M   5 18     22 180
27  69  54  62   9   3   0 0.00    M    M  6.4 13 180   M    M   4 18     17 180
28  80  57  69  16   0   4 0.00    M    M 13.3 23 210   M    M   1 18     28 190
29  80  61  71  18   0   6 0.00    M    M 11.8 21 240   M    M   0 8      26 220
30  73  54  64  12   1   0 0.00    M    M  8.1 15 350   M    M   4 18     19 340
31  77  50  64  12   1   0 0.00  0.0    0  9.1 15 190   M    M   2 1      22 190
================================================================================
SM 2258 1616       129  62  2.72   999.0 283.8          M       99
================================================================================
AV 72.8 52.1                               9.2 FASTST   M    M   3    MAX(MPH)
                                 MISC ---->  # 31 180               # 40  180
================================================================================
NOTES:
# LAST OF SEVERAL OCCURRENCES

COLUMN 17 PEAK WIND IN M.P.H.

PRELIMINARY LOCAL CLIMATOLOGICAL DATA (WS FORM: F-6) , PAGE 2

                                          STATION:  VICHY-ROLLA MO
                                          MONTH:    OCTOBER
                                          YEAR:     2016
                                          LATITUDE:   38  7 N
                                          LONGITUDE:  91 46 W

[TEMPERATURE DATA]      [PRECIPITATION DATA]       SYMBOLS USED IN COLUMN 16

AVERAGE MONTHLY: 62.5   TOTAL FOR MONTH:   2.72    1 = FOG OR MIST
DPTR FM NORMAL:   5.9   DPTR FM NORMAL:   -0.79    2 = FOG REDUCING VISIBILITY
HIGHEST:    86 ON 17    GRTST 24HR  2.42 ON 19-20      TO 1/4 MILE OR LESS
LOWEST:     37 ON 21, 8                            3 = THUNDER
                        SNOW, ICE PELLETS, HAIL    4 = ICE PELLETS
                        TOTAL MONTH: 999.0 INCHES  5 = HAIL
                        GRTST 24HR 999.0 ON 17-17  6 = FREEZING RAIN OR DRIZZLE
                        GRTST DEPTH:   0           7 = DUSTSTORM OR SANDSTORM:
                                                       VSBY 1/2 MILE OR LESS
                                                   8 = SMOKE OR HAZE
[NO. OF DAYS WITH]      [WEATHER - DAYS WITH]      9 = BLOWING SNOW
                                                   X = TORNADO
MAX 32 OR BELOW:   0    0.01 INCH OR MORE:   5
MAX 90 OR ABOVE:   0    0.10 INCH OR MORE:   3
MIN 32 OR BELOW:   0    0.50 INCH OR MORE:   1
MIN  0 OR BELOW:   0    1.00 INCH OR MORE:   1

[HDD (BASE 65) ]
TOTAL THIS MO.   129    CLEAR  (SCALE 0-3)  15
DPTR FM NORMAL  -157    PTCLDY (SCALE 4-7)  14
TOTAL FM JUL 1   153    CLOUDY (SCALE 8-10)  2
DPTR FM NORMAL  -197

[CDD (BASE 65) ]
TOTAL THIS MO.    62
DPTR FM NORMAL    37    [PRESSURE DATA]
TOTAL FM JAN 1  1462    HIGHEST SLP M ON M
DPTR FM NORMAL   219    LOWEST  SLP 29.55 ON 17

[REMARKS]
#FINAL-10-16#
