000
CXUS53 KSGF 022140
CF6VIH
PRELIMINARY LOCAL CLIMATOLOGICAL DATA (WS FORM: F-6)

                                          STATION:   VICHY-ROLLA MO
                                          MONTH:     SEPTEMBER
                                          YEAR:      2017
                                          LATITUDE:   38  7 N
                                          LONGITUDE:  91 46 W

  TEMPERATURE IN F:       :PCPN:    SNOW:  WIND      :SUNSHINE: SKY     :PK WND
================================================================================
1   2   3   4   5  6A  6B    7    8   9   10  11  12  13   14  15   16   17  18
                                     12Z  AVG MX 2MIN
DY MAX MIN AVG DEP HDD CDD  WTR  SNW DPTH SPD SPD DIR MIN PSBL S-S WX    SPD DR
================================================================================

 1  77  58  68  -5   0   3 0.00    M    M  7.4 14 360   M    M   3 1      19  20
 2  80  48  64  -9   1   0 0.00    M    M  4.2 10 280   M    M   0 1      13 280
 3  86  63  75   2   0  10    T    M    M  5.7 12 220   M    M   2        16 210
 4  89  67  78   6   0  13 0.00    M    M 10.6 18 230   M    M   2        24 240
 5  75  53  64  -8   1   0 0.00    M    M  8.8 23 340   M    M   3        33 340
 6  70  47  59 -13   6   0 0.00    M    M  6.9 18 340   M    M   2        26 340
 7  75  46  61 -10   4   0 0.00    M    M  5.4 14 270   M    M   0        22 230
 8  83  50  67  -4   0   2 0.00    M    M  3.6  8 190   M    M   0         M  M
 9  83  58  71   1   0   6 0.00    M    M  5.7 12 200   M    M   2         M  M
10  80  55  68  -2   0   3 0.00    M    M  6.3 13  70   M    M   1        18  80
11  80  47  64  -6   1   0 0.00    M    M  5.7 14  30   M    M   0        18  70
12  75  55  65  -4   0   0    T    M    M  8.6 20  20   M    M   2        25  30
13  81  58  70   1   0   5 0.00    M    M  5.2 10 340   M    M   5        16 320
14  87  56  72   4   0   7 0.00    M    M  6.9 12 180   M    M   0        21 120
15  88  64  76   8   0  11 0.00    M    M  9.2 16 160   M    M   0        22 160
16  88  64  76   8   0  11 0.00    M    M  9.1 20 180   M    M   1 1      24 180
17  76  64  70   3   0   5 0.13    M    M  6.9 15 310   M    M   5 1      20 320
18  81  64  73   6   0   8 0.03    M    M  7.5 18 300   M    M   4 13     23 110
19  90  61  76  10   0  11 0.00    M    M  6.7 15 180   M    M   1 12     20 180
20  94  71  83  17   0  18 0.00    M    M 10.9 21 210   M    M   0        34 210
21  94  71  83  18   0  18 0.00    M    M  9.2 16 180   M    M   1        21 180
22  93  70  82  17   0  17 0.00    M    M  7.7 16 190   M    M   1        23 140
23  93  65  79  14   0  14 0.00    M    M  6.4 12  80   M    M   1        15  70
24  90  65  78  14   0  13    T    M    M  6.2 16 230   M    M   2 3      22 230
25  91  65  78  14   0  13 0.00    M    M  7.7 16 160   M    M   1        22 170
26  87  65  76  13   0  11 0.00    M    M  7.6 14 320   M    M   3        24 170
27  67  57  62  -1   3   0 0.03    M    M  6.6 13 340   M    M   7 1      18  60
28  76  52  64   1   1   0 0.00    M    M  5.3 16  10   M    M   0        19  40
29  82  48  65   3   0   0 0.00    M    M  3.2 12  70   M    M   0 8      16  40
30  78  53  66   4   0   1 0.00    M    M  8.8 14 100   M    M   0        23  20
================================================================================
SM 2489 1760        17 200  0.19    M    210.0          M       49
================================================================================
AV 83.0 58.7                               7.0 FASTST   M    M   2    MAX(MPH)
                                 MISC ---->  # 23 340               # 34  210
================================================================================
NOTES:
# LAST OF SEVERAL OCCURRENCES

COLUMN 17 PEAK WIND IN M.P.H.

PRELIMINARY LOCAL CLIMATOLOGICAL DATA (WS FORM: F-6) , PAGE 2

                                          STATION:  VICHY-ROLLA MO
                                          MONTH:    SEPTEMBER
                                          YEAR:     2017
                                          LATITUDE:   38  7 N
                                          LONGITUDE:  91 46 W

[TEMPERATURE DATA]      [PRECIPITATION DATA]       SYMBOLS USED IN COLUMN 16

AVERAGE MONTHLY: 70.8   TOTAL FOR MONTH:   0.19    1 = FOG OR MIST
DPTR FM NORMAL:   3.2   DPTR FM NORMAL:   -3.85    2 = FOG REDUCING VISIBILITY
HIGHEST:    94 ON 21,20 GRTST 24HR  0.13 ON 17-17      TO 1/4 MILE OR LESS
LOWEST:     46 ON  7                               3 = THUNDER
                        SNOW, ICE PELLETS, HAIL    4 = ICE PELLETS
                        TOTAL MONTH:    M          5 = HAIL
                        GRTST 24HR    M  ON   M    6 = FREEZING RAIN OR DRIZZLE
                        GRTST DEPTH:  M  ON   M    7 = DUSTSTORM OR SANDSTORM:
                                                       VSBY 1/2 MILE OR LESS
                                                   8 = SMOKE OR HAZE
[NO. OF DAYS WITH]      [WEATHER - DAYS WITH]      9 = BLOWING SNOW
                                                   X = TORNADO
MAX 32 OR BELOW:   0    0.01 INCH OR MORE:   3
MAX 90 OR ABOVE:   7    0.10 INCH OR MORE:   1
MIN 32 OR BELOW:   0    0.50 INCH OR MORE:   0
MIN  0 OR BELOW:   0    1.00 INCH OR MORE:   0

[HDD (BASE 65) ]
TOTAL THIS MO.    17    CLEAR  (SCALE 0-3)  26
DPTR FM NORMAL   -44    PTCLDY (SCALE 4-7)   4
TOTAL FM JUL 1    18    CLOUDY (SCALE 8-10)  0
DPTR FM NORMAL   -46

[CDD (BASE 65) ]
TOTAL THIS MO.   200
DPTR FM NORMAL    59    [PRESSURE DATA]
TOTAL FM JAN 1  1170    HIGHEST SLP 30.34 ON 30
DPTR FM NORMAL   -48    LOWEST  SLP 29.73 ON 13

[REMARKS]
#FINAL-09-17#
