000
CXUS53 KSGF 052221
CF6VIH
PRELIMINARY LOCAL CLIMATOLOGICAL DATA (WS FORM: F-6)

                                          STATION:   VICHY-ROLLA MO
                                          MONTH:     DECEMBER
                                          YEAR:      2017
                                          LATITUDE:   38  7 N
                                          LONGITUDE:  91 46 W

  TEMPERATURE IN F:       :PCPN:    SNOW:  WIND      :SUNSHINE: SKY     :PK WND
================================================================================
1   2   3   4   5  6A  6B    7    8   9   10  11  12  13   14  15   16   17  18
                                     12Z  AVG MX 2MIN
DY MAX MIN AVG DEP HDD CDD  WTR  SNW DPTH SPD SPD DIR MIN PSBL S-S WX    SPD DR
================================================================================

 1  57  23  40   2  25   0 0.00    M    M  6.0 13 180   M    M   0        17 190
 2  65  42  54  16  11   0 0.00    M    M  6.3 13 190   M    M   3        17 190
 3  71  39  55  18  10   0 0.00    M    M 10.9 21 180   M    M   M        30 160
 4  66  42  54  17  11   0 0.17    M    M 17.6 26 190   M    M   4 13     39 190
 5  43  29  36   0  29   0 0.00    M    M 12.5 24 290   M    M   1        33 310
 6  48  29  39   3  26   0 0.00    M    M 11.2 22 320   M    M   3        28 320
 7  34  17  26 -10  39   0 0.00    M    M 10.5 21 330   M    M   4        29 320
 8  37   9  23 -13  42   0 0.00    M    M  8.4 14 210   M    M   0        19 210
 9  39  17  28  -7  37   0 0.00    M    M 10.9 21 310   M    M   2        30 310
10  53  19  36   1  29   0 0.00    M    M 11.4 20 290   M    M   0        26 230
11  61  29  45  11  20   0 0.00    M    M 16.7 28 320   M    M   2        38 330
12  40  21  31  -3  34   0 0.00    M    M 11.0 23 330   M    M   3        35 340
13  58  25  42   8  23   0 0.00    M    M 15.2 26 280   M    M   0        37 290
14  40  27  34   0  31   0 0.00    M    M  6.4 21 330   M    M   9        28 360
15  42  19  31  -2  34   0 0.00    M    M  9.1 17 300   M    M   5        25 250
16  61  32  47  14  18   0 0.00    M    M 14.3 22 230   M    M   0        32 200
17  47  43  45  12  20   0    T    M    M  8.0 15 190   M    M   8 1      20 190
18  53  40  47  14  18   0    T    M    M 10.5 20 250   M    M   5 1      26 260
19  53  38  46  13  19   0 0.00    M    M  7.8 15 240   M    M   8 1      20 210
20  51  38  45  13  20   0 0.00    M    M  8.1 14  60   M    M   3 1      19  70
21  59  43  51  19  14   0 0.00    M    M 11.4 21 160   M    M   6        27 180
22  50  33  42  10  23   0 0.33    M    M  9.2 14 320   M    M   9 18     18 320
23  33  25  29  -3  36   0 0.14    M    M  7.3 17 330   M    M   3 16     23 330
24  28  17  23  -9  42   0    T    M    M 10.4 24 290   M    M   6 1      34 290
25  29  17  23  -9  42   0 0.00    M    M  6.0 13 260   M    M   4        17 250
26  26   8  17 -15  48   0    T    M    M  9.1 15  50   M    M  10        19  40
27  16   2   9 -22  56   0 0.00    M    M  6.5 14 100   M    M   0        19 100
28  22   7  15 -16  50   0 0.00    M    M  5.9 16 110   M    M   8        20 110
29  36  15  26  -5  39   0    T    M    M  4.8 16 170   M    M   7        21 170
30  30   8  19 -12  46   0    T    M    M 11.7 20 360   M    M   8 1      29 360
31  13   1   7 -24  58   0 0.00    M    M 11.1 18 330   M    M   5        23 330
================================================================================
SM 1361  754       950   0  0.64    M    306.2          M      126
================================================================================
AV 43.9 24.3                               9.9 FASTST   M    M   4    MAX(MPH)
                                 MISC ---->  # 28 320               # 39  190
================================================================================
NOTES:
# LAST OF SEVERAL OCCURRENCES

COLUMN 17 PEAK WIND IN M.P.H.

PRELIMINARY LOCAL CLIMATOLOGICAL DATA (WS FORM: F-6) , PAGE 2

                                          STATION:  VICHY-ROLLA MO
                                          MONTH:    DECEMBER
                                          YEAR:     2017
                                          LATITUDE:   38  7 N
                                          LONGITUDE:  91 46 W

[TEMPERATURE DATA]      [PRECIPITATION DATA]       SYMBOLS USED IN COLUMN 16

AVERAGE MONTHLY: 34.1   TOTAL FOR MONTH:   0.64    1 = FOG OR MIST
DPTR FM NORMAL:   0.4   DPTR FM NORMAL:   -2.00    2 = FOG REDUCING VISIBILITY
HIGHEST:    71 ON  3    GRTST 24HR  0.33 ON 22-22      TO 1/4 MILE OR LESS
LOWEST:      1 ON 31                               3 = THUNDER
                        SNOW, ICE PELLETS, HAIL    4 = ICE PELLETS
                        TOTAL MONTH:    M          5 = HAIL
                        GRTST 24HR    M  ON   M    6 = FREEZING RAIN OR DRIZZLE
                        GRTST DEPTH:  M  ON   M    7 = DUSTSTORM OR SANDSTORM:
                                                       VSBY 1/2 MILE OR LESS
                                                   8 = SMOKE OR HAZE
[NO. OF DAYS WITH]      [WEATHER - DAYS WITH]      9 = BLOWING SNOW
                                                   X = TORNADO
MAX 32 OR BELOW:   7    0.01 INCH OR MORE:   3
MAX 90 OR ABOVE:   0    0.10 INCH OR MORE:   3
MIN 32 OR BELOW:  22    0.50 INCH OR MORE:   0
MIN  0 OR BELOW:   0    1.00 INCH OR MORE:   0

[HDD (BASE 65) ]
TOTAL THIS MO.   950    CLEAR  (SCALE 0-3)  13
DPTR FM NORMAL   -20    PTCLDY (SCALE 4-7)  11
TOTAL FM JUL 1  1702    CLOUDY (SCALE 8-10)  6
DPTR FM NORMAL  -215

[CDD (BASE 65) ]
TOTAL THIS MO.     0
DPTR FM NORMAL     0    [PRESSURE DATA]
TOTAL FM JAN 1  1247    HIGHEST SLP 30.83 ON 27
DPTR FM NORMAL     1    LOWEST  SLP 29.66 ON 13

[REMARKS]
#FINAL-12-17#
