000
CXUS53 KSGF 271514
CF6VIH
PRELIMINARY LOCAL CLIMATOLOGICAL DATA (WS FORM: F-6)

                                          STATION:   VICHY-ROLLA MO
                                          MONTH:     FEBRUARY
                                          YEAR:      2012
                                          LATITUDE:   38  7 N
                                          LONGITUDE:  91 46 W

  TEMPERATURE IN F:       :PCPN:    SNOW:  WIND      :SUNSHINE: SKY     :PK WND
================================================================================
1   2   3   4   5  6A  6B    7    8   9   10  11  12  13   14  15   16   17  18
                                     12Z  AVG MX 2MIN
DY MAX MIN AVG DEP HDD CDD  WTR  SNW DPTH SPD SPD DIR MIN PSBL S-S WX    SPD DR
================================================================================

 1  60  33  47  15  18   0 0.00    M    M  4.1 13 340   M    M   0        16 330
 2  63  30  47  15  18   0 0.00    M    M  5.6 12 130   M    M   0        15 120
 3  51  42  47  14  18   0 0.99    M    M 12.8 25 110   M    M   7 13     32 100
 4  49  41  45  12  20   0 0.08    M    M  7.8 30 120   M    M  10 12     37 130
 5  45  27  36   3  29   0 0.01    M    M  5.6 14 340   M    M   7 1      24 350
 6  48  22  35   2  30   0 0.00    M    M  4.8 15 300   M    M   0 1      18 300
 7  46  26  36   2  29   0 0.02    M    M  6.4 15 170   M    M   5 1      32  30
 8  33  30  32  -2  33   0    T    M    M  5.8 10  10   M    M  10 12     14 320
 9  37  30  34   0  31   0 0.00    M    M  4.1 30 210   M    M  10 1       M  M
10  39  17  28  -6  37   0 0.01    M    M 12.8 24 320   M    M   8 18     32 310
11  28  12  20 -14  45   0 0.00    M    M 12.7 23 340   M    M   2        31 220
12  35  11  23 -12  42   0 0.00    M    M  6.0 12 350   M    M   1        16 290
13  32  26  29  -6  36   0 0.09    M    M 13.1 23 170   M    M  10 12     29 200
14  42  30  36   1  29   0    T    M    M  7.7 15 170   M    M   7 12     18 170
15  46  36  41   5  24   0 0.37    M    M 11.6 20 160   M    M   9 1      24 150
16  48  29  39   3  26   0 0.01    M    M  6.9 17 310   M    M   5 128    24 310
17  55  25  40   4  25   0 0.00    M    M  7.1 15 170   M    M   0 18     20 170
18  45  32  39   3  26   0 0.00    M    M  8.5 16  30   M    M   9        20  40
19  48  28  38   1  27   0 0.00    M    M  6.4 14 110   M    M   3 1      16 120
20  53  26  40   3  25   0 0.03    M    M 13.3 28 180   M    M   2        36 180
21  55  33  44   7  21   0 0.00    M    M 13.9 22 260   M    M   4        29 230
22  64  32  48  10  17   0 0.00    M    M  9.7 18 290   M    M   2        24 270
23  71  41  56  18   9   0    T    M    0 13.2 29 280   M    M   2        40 310
24  45  25  35  -3  30   0 0.00    M    M 15.6 30 280   M    M   6        41 300
25  44  26  35  -4  30   0    T    M    M  8.4 15 120   M    M   1        21 320
26  62  35  49  10  16   0 0.00    M    M 13.8 29 200   M    M   0        39 190
27  54  37  46   7  19   0 0.00    M    M  8.4 16 100   M    M   2        20 100
28  66  34  50  10  15   0 0.00    M    M 14.6 26 180   M    M   6        35 180
29  65  45  55  15  10   0 0.06    M    M 17.9 40 260   M    M   2 38     51 270
================================================================================
SM 1429  861       735   0  1.67    M    278.6          M      130
================================================================================
AV 49.3 29.7                               9.6 FASTST   M    M   4    MAX(MPH)
                                 MISC ---->  # 40 260               # 51  270
================================================================================
NOTES:
# LAST OF SEVERAL OCCURRENCES

COLUMN 17 PEAK WIND IN M.P.H.

PRELIMINARY LOCAL CLIMATOLOGICAL DATA (WS FORM: F-6) , PAGE 2

                                          STATION:  VICHY-ROLLA MO
                                          MONTH:    FEBRUARY
                                          YEAR:     2012
                                          LATITUDE:   38  7 N
                                          LONGITUDE:  91 46 W

[TEMPERATURE DATA]      [PRECIPITATION DATA]       SYMBOLS USED IN COLUMN 16

AVERAGE MONTHLY: 39.5   TOTAL FOR MONTH:   1.67    1 = FOG OR MIST
DPTR FM NORMAL:   3.8   DPTR FM NORMAL:   -0.26    2 = FOG REDUCING VISIBILITY
HIGHEST:    71 ON 23    GRTST 24HR  1.06 ON  3- 4      TO 1/4 MILE OR LESS
LOWEST:     11 ON 12                               3 = THUNDER
                        SNOW, ICE PELLETS, HAIL    4 = ICE PELLETS
                        TOTAL MONTH:    M          5 = HAIL
                        GRTST 24HR    M  ON   M    6 = FREEZING RAIN OR DRIZZLE
                        GRTST DEPTH:   0           7 = DUSTSTORM OR SANDSTORM:
                                                       VSBY 1/2 MILE OR LESS
                                                   8 = SMOKE OR HAZE
[NO. OF DAYS WITH]      [WEATHER - DAYS WITH]      9 = BLOWING SNOW
                                                   X = TORNADO
MAX 32 OR BELOW:   2    0.01 INCH OR MORE:  10
MAX 90 OR ABOVE:   0    0.10 INCH OR MORE:   2
MIN 32 OR BELOW:  19    0.50 INCH OR MORE:   1
MIN  0 OR BELOW:   0    1.00 INCH OR MORE:   0

[HDD (BASE 65) ]
TOTAL THIS MO.   735    CLEAR  (SCALE 0-3)  13
DPTR FM NORMAL   -87    PTCLDY (SCALE 4-7)   9
TOTAL FM JUL 1  3251    CLOUDY (SCALE 8-10)  7
DPTR FM NORMAL  -564

[CDD (BASE 65) ]
TOTAL THIS MO.     0
DPTR FM NORMAL     0    [PRESSURE DATA]
TOTAL FM JAN 1     0    HIGHEST SLP 30.62 ON 12
DPTR FM NORMAL     0    LOWEST  SLP 29.18 ON 23

[REMARKS]
#FINAL-02-12#
