000
CXUS53 KSGF 010800
CF6VIH
PRELIMINARY LOCAL CLIMATOLOGICAL DATA (WS FORM: F-6)

                                          STATION:   VICHY-ROLLA MO
                                          MONTH:     OCTOBER
                                          YEAR:      2011
                                          LATITUDE:   38  7 N
                                          LONGITUDE:  91 46 W

  TEMPERATURE IN F:       :PCPN:    SNOW:  WIND      :SUNSHINE: SKY     :PK WND
================================================================================
1   2   3   4   5  6A  6B    7    8   9   10  11  12  13   14  15   16   17  18
                                     12Z  AVG MX 2MIN
DY MAX MIN AVG DEP HDD CDD  WTR  SNW DPTH SPD SPD DIR MIN PSBL S-S WX    SPD DR
================================================================================

 1  66  40  53  -8  12   0 0.00    M    M  3.9 13  30   M    M   0        16  20
 2  70  38  54  -7  11   0 0.00    M    M  1.1  8  30   M    M   0 8      17 330
 3  76  42  59  -2   6   0 0.00    M    M   M   M   M   M    M   0         M  M
 4  79  45  62   2   3   0 0.00    M    M  5.0 10 120   M    M   0 8      14 110
 5  78  49  64   4   1   0 0.00    M    M   M  20 170   M    M   0         M  M
 6  80  54  67   7   0   2 0.00    M    M 10.7 20 150   M    M   0        24 150
 7  81  59  70  11   0   5 0.00    M    M 11.1 23 170   M    M   0 8      29 190
 8  80  60  70  11   0   5 0.00    M    M  9.5 18 160   M    M   0 8      24 160
 9  79  55  67   8   0   2 0.00    M    M  9.3 18 120   M    M   0        37 110
10  78  55  67   9   0   2 0.00    M    M  7.6 15 170   M    M   1 8      17 170
11  77  56  67   9   0   2 0.08    M    M  5.4 15 220   M    M   6 13     22 220
12  66  56  61   3   4   0 0.51    M    M  9.4 22 250   M    M   5 13     26 250
13  71  48  60   2   5   0 0.02    M    M 11.2 24 290   M    M   2        32 310
14  71  43  57   0   8   0 0.00    M    M 10.2 23 270   M    M   1        30 300
15  70  38  54  -3  11   0 0.00    M    M  8.2 15 190   M    M   0        24 190
16  83  50  67  10   0   2 0.00    M    M 11.3 26 250   M    M   0 8      32 260
17  62  43  53  -3  12   0 0.70    M    M  7.8 18  40   M    M   6 13     24  30
18  50  43  47  -9  18   0 0.53    M    M  9.5 20  70   M    M  10 13     33  70
19  44  39  42 -14  23   0    T    M    M 12.1 23 300   M    M  10 1      30 310
20  53  36  45 -10  20   0 0.00    M    M 11.8 23 290   M    M   1 8      31 290
21  61  31  46  -9  19   0 0.00    M    M  4.8 13 280   M    M   0 8      16 270
22  72  39  56   1   9   0 0.00    M    M  5.6 13 210   M    M   0 8      20 310
23  74  45  60   6   5   0 0.00    M    M  6.0 14 230   M    M   2        18 220
24  75  45  60   6   5   0 0.00    M    M  6.1 14 210   M    M   0 18     17 220
25  79  58  69  15   0   4 0.00    M    M 15.7 29 200   M    M   1        38 190
26  68  47  58   4   7   0 0.05    M    M  8.6 13  10   M    M   8 1       M  M
27  54  42  48  -5  17   0 0.00    M    M  5.5 12  10   M    M   6        14 350
28  58  29  44  -9  21   0 0.00    M    M  4.4 15 270   M    M   1        17 290
29  61  29  45  -8  20   0 0.00    M    M  6.9 13 180   M    M   0        17 180
30  63  36  50  -2  15   0 0.00    M    M 12.0 28 230   M    M   3        35 210
31  64  32  48  -4  17   0 0.00    M    M  7.8 15 280   M    M   0        22 270
================================================================================
SM 2143 1382       269  24  1.89    M    238.5          M       63
================================================================================
AV 69.1 44.6                               8.2 FASTST   M    M   2    MAX(MPH)
                                 MISC ---->  # 29 200               # 38  190
================================================================================
NOTES:
# LAST OF SEVERAL OCCURRENCES

COLUMN 17 PEAK WIND IN M.P.H.

PRELIMINARY LOCAL CLIMATOLOGICAL DATA (WS FORM: F-6) , PAGE 2

                                          STATION:  VICHY-ROLLA MO
                                          MONTH:    OCTOBER
                                          YEAR:     2011
                                          LATITUDE:   38  7 N
                                          LONGITUDE:  91 46 W

[TEMPERATURE DATA]      [PRECIPITATION DATA]       SYMBOLS USED IN COLUMN 16

AVERAGE MONTHLY: 56.9   TOTAL FOR MONTH:   1.89    1 = FOG OR MIST
DPTR FM NORMAL:   0.3   DPTR FM NORMAL:   -1.62    2 = FOG REDUCING VISIBILITY
HIGHEST:    83 ON 16    GRTST 24HR  1.23 ON 17-18      TO 1/4 MILE OR LESS
LOWEST:     29 ON 29,28                            3 = THUNDER
                        SNOW, ICE PELLETS, HAIL    4 = ICE PELLETS
                        TOTAL MONTH:    M          5 = HAIL
                        GRTST 24HR    M  ON   M    6 = FREEZING RAIN OR DRIZZLE
                        GRTST DEPTH:  M  ON   M    7 = DUSTSTORM OR SANDSTORM:
                                                       VSBY 1/2 MILE OR LESS
                                                   8 = SMOKE OR HAZE
[NO. OF DAYS WITH]      [WEATHER - DAYS WITH]      9 = BLOWING SNOW
                                                   X = TORNADO
MAX 32 OR BELOW:   0    0.01 INCH OR MORE:   6
MAX 90 OR ABOVE:   0    0.10 INCH OR MORE:   3
MIN 32 OR BELOW:   4    0.50 INCH OR MORE:   3
MIN  0 OR BELOW:   0    1.00 INCH OR MORE:   0

[HDD (BASE 65) ]
TOTAL THIS MO.   269    CLEAR  (SCALE 0-3)  24
DPTR FM NORMAL   -17    PTCLDY (SCALE 4-7)   5
TOTAL FM JUL 1   383    CLOUDY (SCALE 8-10)  2
DPTR FM NORMAL    33

[CDD (BASE 65) ]
TOTAL THIS MO.    24
DPTR FM NORMAL    -1    [PRESSURE DATA]
TOTAL FM JAN 1  1508    HIGHEST SLP 30.23 ON 28
DPTR FM NORMAL   265    LOWEST  SLP 29.64 ON 12

[REMARKS]
#FINAL-10-11#
