000
CXUS53 KSGF 162338
CF6VIH
PRELIMINARY LOCAL CLIMATOLOGICAL DATA (WS FORM: F-6)

                                          STATION:   VICHY-ROLLA MO
                                          MONTH:     NOVEMBER
                                          YEAR:      2011
                                          LATITUDE:   38  7 N
                                          LONGITUDE:  91 46 W

  TEMPERATURE IN F:       :PCPN:    SNOW:  WIND      :SUNSHINE: SKY     :PK WND
================================================================================
1   2   3   4   5  6A  6B    7    8   9   10  11  12  13   14  15   16   17  18
                                     12Z  AVG MX 2MIN
DY MAX MIN AVG DEP HDD CDD  WTR  SNW DPTH SPD SPD DIR MIN PSBL S-S WX    SPD DR
================================================================================

 1  73  48  61   9   4   0 0.00    M    M 12.4 21 170   M    M   0        30 200
 2  72  50  61  10   4   0 0.29    M    M 13.8 25 280   M    M   1 1      32 160
 3  53  37  45  -6  20   0 0.49    M    M 13.9 26 260   M    M  10 1      33 260
 4  55  42  49  -1  16   0 0.00    M    M  5.7 15 140   M    M   5        20 130
 5  57  44  51   1  14   0 0.00    M    M 13.3 25 160   M    M   5        35 160
 6  62  53  58   8   7   0 0.02    M    M 14.9 26 190   M    M   8 8      35 190
 7  65  54  60  11   5   0 0.96    M    M  8.7 21 150   M    M   8 1      31 150
 8  63  55  59  10   6   0 0.56    M    M 10.1 23 180   M    M   7 1      32 170
 9  58  37  48   0  17   0 0.08    M    M 14.3 30 280   M    M   6 1      36 280
10  47  26  37 -11  28   0 0.00    M    M  9.9 26 300   M    M   0 8      38 290
11  66  26  46  -1  19   0 0.00    M    M 12.2 26 230   M    M   0        37 230
12  62  44  53   6  12   0 0.00    M    M 18.0 31 190   M    M   1        43 190
13  74  50  62  16   3   0 0.00    M    M 15.1 31 210   M    M   1        41 190
14  73  52  63  17   2   0 0.00    M    M 13.7 32 230   M    M   2        44 230
15  65  49  57  11   8   0 0.00    M    M  9.0 18 360   M    M   5        26 350
16  50  34  42  -3  23   0 0.00    M    M 10.8 25  30   M    M   4 8      31  40
17  46  25  36  -9  29   0 0.00    M    M  6.6 14 190   M    M   1        20 190
18  56  36  46   2  19   0 0.00    M    M 17.4 29 180   M    M   1 8      38 180
19  63  45  54  10  11   0    T    M    M 16.1 30 180   M    M   6        39 180
20  52  35  44   1  21   0 0.53    M    M  8.2 15  40   M    M  10 1      18  40
21  46  38  42  -1  23   0 0.20    M    M  4.0 13  30   M    M  10 123    15  30
22  49  44  47   5  18   0 0.99    M    M 10.6 18 300   M    M  10 1      23 300
23  46  39  43   1  22   0 0.00    M    M  5.7 13 170   M    M   9 1      15 180
24  61  41  51  10  14   0 0.00    M    M 11.3 16 180   M    M   5 1      20 180
25  65  42  54  13  11   0 0.00    M    M 14.7 25 190   M    M   0        30 190
26  60  39  50  10  15   0 0.50    M    M 14.5 23 300   M    M   9 1      30 310
27  39  33  36  -4  29   0    T    M    M 11.9 22 330   M    M  10 1      28 320
28  35  31  33  -6  32   0    T    M    M 11.5 21 340   M    M  10 6      28 350
29  45  28  37  -2  28   0 0.00    M    M 12.7 24 340   M    M   2        31 350
30  46  22  34  -5  31   0 0.00    M    M  5.0 12 160   M    M   0        14 170
================================================================================
SM 1704 1199       491   0  4.62    M    346.0          M      146
================================================================================
AV 56.8 40.0                              11.5 FASTST   M    M   5    MAX(MPH)
                                 MISC ---->  # 32 230               # 44  230
================================================================================
NOTES:
# LAST OF SEVERAL OCCURRENCES

COLUMN 17 PEAK WIND IN M.P.H.

PRELIMINARY LOCAL CLIMATOLOGICAL DATA (WS FORM: F-6) , PAGE 2

                                          STATION:  VICHY-ROLLA MO
                                          MONTH:    NOVEMBER
                                          YEAR:     2011
                                          LATITUDE:   38  7 N
                                          LONGITUDE:  91 46 W

[TEMPERATURE DATA]      [PRECIPITATION DATA]       SYMBOLS USED IN COLUMN 16

AVERAGE MONTHLY: 48.4   TOTAL FOR MONTH:   4.62    1 = FOG OR MIST
DPTR FM NORMAL:   3.2   DPTR FM NORMAL:    0.75    2 = FOG REDUCING VISIBILITY
HIGHEST:    74 ON 13    GRTST 24HR  1.19 ON 21-22      TO 1/4 MILE OR LESS
LOWEST:     22 ON 30                               3 = THUNDER
                        SNOW, ICE PELLETS, HAIL    4 = ICE PELLETS
                        TOTAL MONTH:    M          5 = HAIL
                        GRTST 24HR    M  ON   M    6 = FREEZING RAIN OR DRIZZLE
                        GRTST DEPTH:  M  ON   M    7 = DUSTSTORM OR SANDSTORM:
                                                       VSBY 1/2 MILE OR LESS
                                                   8 = SMOKE OR HAZE
[NO. OF DAYS WITH]      [WEATHER - DAYS WITH]      9 = BLOWING SNOW
                                                   X = TORNADO
MAX 32 OR BELOW:   0    0.01 INCH OR MORE:  10
MAX 90 OR ABOVE:   0    0.10 INCH OR MORE:   8
MIN 32 OR BELOW:   6    0.50 INCH OR MORE:   5
MIN  0 OR BELOW:   0    1.00 INCH OR MORE:   0

[HDD (BASE 65) ]
TOTAL THIS MO.   491    CLEAR  (SCALE 0-3)  12
DPTR FM NORMAL  -106    PTCLDY (SCALE 4-7)   8
TOTAL FM JUL 1   874    CLOUDY (SCALE 8-10) 10
DPTR FM NORMAL   -73

[CDD (BASE 65) ]
TOTAL THIS MO.     0
DPTR FM NORMAL    -3    [PRESSURE DATA]
TOTAL FM JAN 1  1508    HIGHEST SLP 30.39 ON 17
DPTR FM NORMAL   262    LOWEST  SLP 29.49 ON 13

[REMARKS]
#FINAL-11-11#
