000
CXUS53 KSGF 310800
CF6VIH
PRELIMINARY LOCAL CLIMATOLOGICAL DATA (WS FORM: F-6)

                                          STATION:   VICHY-ROLLA MO
                                          MONTH:     DECEMBER
                                          YEAR:      2011
                                          LATITUDE:   38  7 N
                                          LONGITUDE:  91 46 W

  TEMPERATURE IN F:       :PCPN:    SNOW:  WIND      :SUNSHINE: SKY     :PK WND
================================================================================
1   2   3   4   5  6A  6B    7    8   9   10  11  12  13   14  15   16   17  18
                                     12Z  AVG MX 2MIN
DY MAX MIN AVG DEP HDD CDD  WTR  SNW DPTH SPD SPD DIR MIN PSBL S-S WX    SPD DR
================================================================================

 1  59  29  44   6  21   0 0.00    M    M  7.3 15 180   M    M   0        21 150
 2  48  29  39   1  26   0    T    M    M  7.2 16 170   M    M   6 18     20 160
 3  61  45  53  16  12   0 0.21    M    M 14.9 28 170   M    M   6 1      37 180
 4  55  32  44   7  21   0 0.00    M    M 11.3 22 250   M    M  10        28 240
 5  32  27  30  -6  35   0 0.00    M    M 12.2 17 360   M    M  10        23 340
 6  28  24  26 -10  39   0    T    M    M  9.0 15 350   M    M  10 18     20 340
 7  37  20  29  -7  36   0 0.00    M    M  8.0 14 240   M    M   3 1      17 270
 8  45  23  34  -2  31   0 0.00    M    M   M   M   M   M    M   2         M  M
 9  37  19  28  -7  37   0 0.00    M    M  4.6 14  10   M    M   5 18     20  10
10  38  16  27  -8  38   0 0.00    M    M  5.2 10 200   M    M   0        14 230
11  48  25  37   3  28   0 0.00    M    M  8.7 14 180   M    M   0        17 190
12  48  28  38   4  27   0    T    M    M  7.9 16 190   M    M   7        20 190
13  50  39  45  11  20   0 0.50    M    M  9.3 18 160   M    M  10 1      23 150
14  59  48  54  20  11   0 0.53    M    M 15.1 22 200   M    M   9 13     29 200
15  58  30  44  11  21   0 0.00    M    M 10.8 23 290   M    M   7        30 280
16  39  23  31  -2  34   0 0.00    M    M  3.6 10 320   M    M   0        13 360
17  48  22  35   2  30   0 0.00    M    M  8.6 15 260   M    M   0        21 280
18  57  28  43  10  22   0 0.00    M    M 11.7 22 220   M    M   3        29 210
19  52  44  48  15  17   0 0.61    M    M  9.0 20 190   M    M  10 1      28 190
20  50  43  47  15  18   0 0.20    M    M  6.7 18  90   M    M  10 12     23 100
21  46  30  38   6  27   0 0.01    M    M  9.6 21 270   M    M   8 12     26 260
22  38  30  34   2  31   0 0.00    M    M  6.7 18 350   M    M   5 1      23 350
23  37  25  31  -1  34   0 0.00    M    M  7.5 13 220   M    M   6 1      15 340
24  48  22  35   3  30   0 0.00    M    M  9.0 16 220   M    M   0        20 220
25  52  25  39   7  26   0 0.00    M    M  6.8 15 330   M    M   0        18 310
26  38  25  32   0  33   0 0.45    M    M  7.5 14 150   M    M   6 1      18 140
27  44  32  38   7  27   0 0.04    M    M 11.0 25 300   M    M   4 1      32 310
28  51  24  38   7  27   0 0.00  0.0    0  7.5 16 220   M    M   0        21 210
29  59  35  47  16  18   0    T    M    M 12.5 21 240   M    M   2        25 240
30  54  37  46  15  19   0 0.00    M    M 15.5 29 260   M    M   4 8      39 260
================================================================================
SM 1416  879       796   0  2.55     0.0 264.7          M      143
================================================================================
AV 47.2 29.3                               9.1 FASTST   M    M   5    MAX(MPH)
                                 MISC ---->  # 29 260               # 39  260
================================================================================
NOTES:
# LAST OF SEVERAL OCCURRENCES

COLUMN 17 PEAK WIND IN M.P.H.

PRELIMINARY LOCAL CLIMATOLOGICAL DATA (WS FORM: F-6) , PAGE 2

                                          STATION:  VICHY-ROLLA MO
                                          MONTH:    DECEMBER
                                          YEAR:     2011
                                          LATITUDE:   38  7 N
                                          LONGITUDE:  91 46 W

[TEMPERATURE DATA]      [PRECIPITATION DATA]       SYMBOLS USED IN COLUMN 16

AVERAGE MONTHLY: 38.2   TOTAL FOR MONTH:   2.55    1 = FOG OR MIST
DPTR FM NORMAL:   4.5   DPTR FM NORMAL:   -0.02    2 = FOG REDUCING VISIBILITY
HIGHEST:    61 ON  3    GRTST 24HR  0.81 ON 19-20      TO 1/4 MILE OR LESS
LOWEST:     16 ON 10                               3 = THUNDER
                        SNOW, ICE PELLETS, HAIL    4 = ICE PELLETS
                        TOTAL MONTH:   0.0 INCH    5 = HAIL
                        GRTST 24HR     0.0         6 = FREEZING RAIN OR DRIZZLE
                        GRTST DEPTH:   0           7 = DUSTSTORM OR SANDSTORM:
                                                       VSBY 1/2 MILE OR LESS
                                                   8 = SMOKE OR HAZE
[NO. OF DAYS WITH]      [WEATHER - DAYS WITH]      9 = BLOWING SNOW
                                                   X = TORNADO
MAX 32 OR BELOW:   2    0.01 INCH OR MORE:   8
MAX 90 OR ABOVE:   0    0.10 INCH OR MORE:   6
MIN 32 OR BELOW:  23    0.50 INCH OR MORE:   3
MIN  0 OR BELOW:   0    1.00 INCH OR MORE:   0

[HDD (BASE 65) ]
TOTAL THIS MO.   796    CLEAR  (SCALE 0-3)  12
DPTR FM NORMAL  -140    PTCLDY (SCALE 4-7)  10
TOTAL FM JUL 1  1670    CLOUDY (SCALE 8-10)  8
DPTR FM NORMAL  -213

[CDD (BASE 65) ]
TOTAL THIS MO.     0
DPTR FM NORMAL     0    [PRESSURE DATA]
TOTAL FM JAN 1  1508    HIGHEST SLP M ON M
DPTR FM NORMAL   262    LOWEST  SLP 29.66 ON 30

[REMARKS]
