000
CXUS53 KSGF 010800
CF6VIH
PRELIMINARY LOCAL CLIMATOLOGICAL DATA (WS FORM: F-6)

                                          STATION:   VICHY-ROLLA MO
                                          MONTH:     SEPTEMBER
                                          YEAR:      2011
                                          LATITUDE:   38  7 N
                                          LONGITUDE:  91 46 W

  TEMPERATURE IN F:       :PCPN:    SNOW:  WIND      :SUNSHINE: SKY     :PK WND
================================================================================
1   2   3   4   5  6A  6B    7    8   9   10  11  12  13   14  15   16   17  18
                                     12Z  AVG MX 2MIN
DY MAX MIN AVG DEP HDD CDD  WTR  SNW DPTH SPD SPD DIR MIN PSBL S-S WX    SPD DR
================================================================================

 1  95  76  86  13   0  21 0.00    M    M 10.4 15 170   M    M   0 8      20 190
 2  94  70  82   9   0  17 0.00    M    M  7.9 16 220   M    M   0        20 220
 3  92  69  81   8   0  16 0.00    M    M  8.4 20 330   M    M   0        26 360
 4  77  58  68  -4   0   3 0.11    M    M 10.7 20 360   M    M   5 1      24 360
 5  73  51  62 -10   3   0 0.00    M    M 11.4 22  10   M    M   1        29 350
 6  74  45  60 -12   5   0 0.00    M    M  7.5 17  20   M    M   0        26 360
 7  75  45  60 -11   5   0 0.00    M    M  6.7 17  20   M    M   0        23 330
 8  78  47  63  -8   2   0 0.00    M    M  6.2 18 340   M    M   0        25 360
 9  76  56  66  -4   0   1 0.16    M    M  5.8 16 330   M    M   8        23 350
10  74  56  65  -5   0   0 0.14    M    M  2.5 10  20   M    M   6 1      26  90
11  80  56  68  -2   0   3 0.00    M    M  1.7  9  20   M    M   3 128    15  60
12  86  56  71   2   0   6 0.00    M    M  7.4 15 220   M    M   0 18     18 240
13  94  65  80  11   0  15    T    M    M  8.1 16 210   M    M   0 38     21 220
14  70  50  60  -8   5   0 2.16    M    M 10.9 25  10   M    M   7 123    33  20
15  60  41  51 -17  14   0 0.00    M    M  7.8 20  70   M    M   0        24  70
16  63  49  56 -12   9   0 0.07    M    M  3.9 10  70   M    M  10 1      16 170
17  57  52  55 -12  10   0 0.34    M    M  8.8 17 160   M    M   9 1      21 160
18  69  54  62  -5   3   0 0.23    M    M  8.9 21 180   M    M   7 13     28 170
19  71  52  62  -4   3   0 0.05    M    M  5.5 13 320   M    M   6 18     16 320
20  76  48  62  -4   3   0 0.00    M    M  3.1  9 180   M    M   0 128    23 100
21  73  57  65   0   0   0    T    M    M  7.7 14 280   M    M   2 8      31 330
22  60  50  55 -10  10   0 0.15    M    M  5.5 10 210   M    M   3 1      33 320
23  70  47  59  -6   6   0 0.02    M    M  6.6 15 290   M    M   6 1      18 260
24  67  49  58  -6   7   0 0.00    M    M  6.8 13  60   M    M   2 1      16  40
25  68  42  55  -9  10   0 0.00    M    M  6.0 15  60   M    M   2        26  90
26  69  42  56  -7   9   0 0.00    M    M 10.1 22 260   M    M   1        28 260
27  70  51  61  -2   4   0 0.00    M    M  7.0 14 300   M    M   7 8      20 290
28  78  54  66   3   0   1 0.00    M    M  5.8 18 290   M    M   3        32 330
29  83  52  68   6   0   3 0.00    M    M 10.2 22 330   M    M   0 8      29 330
30  70  47  59  -3   6   0 0.00    M    M  9.4 20 310   M    M   0        36  80
================================================================================
SM 2242 1587       114  86  3.43    M    218.7          M       88
================================================================================
AV 74.7 52.9                               7.3 FASTST   M    M   3    MAX(MPH)
                                 MISC ---->  # 25  10               # 36   80
================================================================================
NOTES:
# LAST OF SEVERAL OCCURRENCES

COLUMN 17 PEAK WIND IN M.P.H.

PRELIMINARY LOCAL CLIMATOLOGICAL DATA (WS FORM: F-6) , PAGE 2

                                          STATION:  VICHY-ROLLA MO
                                          MONTH:    SEPTEMBER
                                          YEAR:     2011
                                          LATITUDE:   38  7 N
                                          LONGITUDE:  91 46 W

[TEMPERATURE DATA]      [PRECIPITATION DATA]       SYMBOLS USED IN COLUMN 16

AVERAGE MONTHLY: 63.8   TOTAL FOR MONTH:   3.43    1 = FOG OR MIST
DPTR FM NORMAL:  -3.8   DPTR FM NORMAL:   -0.61    2 = FOG REDUCING VISIBILITY
HIGHEST:    95 ON  1    GRTST 24HR  2.16 ON 14-14      TO 1/4 MILE OR LESS
LOWEST:     41 ON 15                               3 = THUNDER
                        SNOW, ICE PELLETS, HAIL    4 = ICE PELLETS
                        TOTAL MONTH:    M          5 = HAIL
                        GRTST 24HR    M  ON   M    6 = FREEZING RAIN OR DRIZZLE
                        GRTST DEPTH:  M  ON   M    7 = DUSTSTORM OR SANDSTORM:
                                                       VSBY 1/2 MILE OR LESS
                                                   8 = SMOKE OR HAZE
[NO. OF DAYS WITH]      [WEATHER - DAYS WITH]      9 = BLOWING SNOW
                                                   X = TORNADO
MAX 32 OR BELOW:   0    0.01 INCH OR MORE:  10
MAX 90 OR ABOVE:   4    0.10 INCH OR MORE:   7
MIN 32 OR BELOW:   0    0.50 INCH OR MORE:   1
MIN  0 OR BELOW:   0    1.00 INCH OR MORE:   1

[HDD (BASE 65) ]
TOTAL THIS MO.   114    CLEAR  (SCALE 0-3)  19
DPTR FM NORMAL    53    PTCLDY (SCALE 4-7)   8
TOTAL FM JUL 1   114    CLOUDY (SCALE 8-10)  3
DPTR FM NORMAL    50

[CDD (BASE 65) ]
TOTAL THIS MO.    86
DPTR FM NORMAL   -55    [PRESSURE DATA]
TOTAL FM JAN 1  1484    HIGHEST SLP 30.03 ON 10
DPTR FM NORMAL   266    LOWEST  SLP 29.78 ON 25

[REMARKS]
#FINAL-09-11#
