000
CXUS53 KSGF 010800
CF6VIH
PRELIMINARY LOCAL CLIMATOLOGICAL DATA (WS FORM: F-6)

                                          STATION:   VICHY-ROLLA MO
                                          MONTH:     MAY
                                          YEAR:      2011
                                          LATITUDE:   38  7 N
                                          LONGITUDE:  91 46 W

  TEMPERATURE IN F:       :PCPN:    SNOW:  WIND      :SUNSHINE: SKY     :PK WND
================================================================================
1   2   3   4   5  6A  6B    7    8   9   10  11  12  13   14  15   16   17  18
                                     12Z  AVG MX 2MIN
DY MAX MIN AVG DEP HDD CDD  WTR  SNW DPTH SPD SPD DIR MIN PSBL S-S WX    SPD DR
================================================================================

 1  61  42  52  -8  13   0 0.38    M    M  8.9 18 330   M    M   M 1      24 360
 2  52  42  47 -13  18   0 0.00    M    M  3.9 12 340   M    M   M        14 350
 3  61  36  49 -12  16   0 0.00    M    M  8.7 23 290   M    M   M 1      31 290
 4  67  33  50 -11  15   0 0.00    M    M  5.7 14 110   M    M   M        17 110
 5  70  47  59  -2   6   0 0.38    M    M  9.0 25 310   M    M   M 123    36 300
 6  71  43  57  -4   8   0 0.00    M    M  7.5 20 180   M    M   3 12     28 170
 7  77  54  66   4   0   1 0.59    M    M 10.0 23 150   M    M   1 13     26 150
 8  85  56  71   9   0   6 0.00    M    M  8.4 18 160   M    M   0 1      23 160
 9  86  67  77  15   0  12 0.00    M    M 12.8 24 120   M    M   1 138    29 170
10  83  69  76  13   0  11    T    M    M 10.8 21 180   M    M   0 13     25 170
11  87  69  78  15   0  13 0.02    M    M  8.6 20 190   M    M   0 18     24 200
12  83  56  70   7   0   5 1.39    M    M  8.1 36 250   M    M   1 123    46 240
13  65  52  59  -4   6   0 1.21    M    M 10.3 38 280   M    M   9 123    49 270
14  52  48  50 -14  15   0 0.06    M    M 12.7 21 290   M    M  10 1      26 300
15  51  45  48 -16  17   0 0.06    M    M 12.5 21 330   M    M  10 1      28 340
16  62  43  53 -11  12   0 0.00  0.0    0  7.3 17 350   M    M   2 1      22 350
17  64  39  52 -13  13   0 0.00    M    M  4.5 14  20   M    M   0 18     20  40
18  69  40  55 -10  10   0    T    M    M  2.4  8 160   M    M   4        21 140
19  64  54  59  -6   6   0 1.81    M    M 11.1 20 130   M    M  10 13     24 130
20  75  59  67   2   0   2 0.38    M    M 11.0 22 140   M    M   5 13     31 130
21  80  59  70   4   0   5 0.01    M    M 10.8 20 210   M    M   1        26 220
22  82  66  74   8   0   9    T    M    M 14.3 26 190   M    M   3        36 190
23  76  59  68   2   0   3 0.54  0.0    0  9.8 36 250   M    M   1 1238   51 230
24  82  55  69   2   0   4 0.00    M    M  7.7 16 140   M    M   1        21 140
25  80  60  70   3   0   5 1.28  0.0    0 10.6 36 140   M    M   7 138    56 160
26  60  51  56 -11   9   0 0.10  0.0    0  8.3 21 330   M    M  10 1      28 330
27  62  54  58  -9   7   0 0.04    M    M  6.3 16 110   M    M   9 1      21 120
28  75  57  66  -2   0   1 0.01    M    M  6.0 16 180   M    M   9 128    20 180
29  87  67  77   9   0  12 0.00    M    M 14.0 25 180   M    M   1 1      33 190
30  87  72  80  12   0  15 0.00    M    M 15.1 25 190   M    M   0        38 170
31  84  72  78   9   0  13 0.00    M    M  9.2 20 230   M    M   3        28 180
================================================================================
SM 2240 1666       171 117  8.26     0.0 286.3          M      101
================================================================================
AV 72.3 53.7                               9.2 FASTST   M    M   4    MAX(MPH)
                                 MISC ---->  # 38 280               # 56  160
================================================================================
NOTES:
# LAST OF SEVERAL OCCURRENCES

COLUMN 17 PEAK WIND IN M.P.H.

PRELIMINARY LOCAL CLIMATOLOGICAL DATA (WS FORM: F-6) , PAGE 2

                                          STATION:  VICHY-ROLLA MO
                                          MONTH:    MAY
                                          YEAR:     2011
                                          LATITUDE:   38  7 N
                                          LONGITUDE:  91 46 W

[TEMPERATURE DATA]      [PRECIPITATION DATA]       SYMBOLS USED IN COLUMN 16

AVERAGE MONTHLY: 63.0   TOTAL FOR MONTH:   8.26    1 = FOG OR MIST
DPTR FM NORMAL:  -1.3   DPTR FM NORMAL:    3.82    2 = FOG REDUCING VISIBILITY
HIGHEST:    87 ON 30,29 GRTST 24HR  2.60 ON 12-13      TO 1/4 MILE OR LESS
LOWEST:     33 ON  4                               3 = THUNDER
                        SNOW, ICE PELLETS, HAIL    4 = ICE PELLETS
                        TOTAL MONTH:   0.0 INCH    5 = HAIL
                        GRTST 24HR     0.0         6 = FREEZING RAIN OR DRIZZLE
                        GRTST DEPTH:   0           7 = DUSTSTORM OR SANDSTORM:
                                                       VSBY 1/2 MILE OR LESS
                                                   8 = SMOKE OR HAZE
[NO. OF DAYS WITH]      [WEATHER - DAYS WITH]      9 = BLOWING SNOW
                                                   X = TORNADO
MAX 32 OR BELOW:   0    0.01 INCH OR MORE:  16
MAX 90 OR ABOVE:   0    0.10 INCH OR MORE:  10
MIN 32 OR BELOW:   0    0.50 INCH OR MORE:   6
MIN  0 OR BELOW:   0    1.00 INCH OR MORE:   4

[HDD (BASE 65) ]
TOTAL THIS MO.   171    CLEAR  (SCALE 0-3)  15
DPTR FM NORMAL    51    PTCLDY (SCALE 4-7)   4
TOTAL FM JUL 1  4864    CLOUDY (SCALE 8-10)  7
DPTR FM NORMAL    17

[CDD (BASE 65) ]
TOTAL THIS MO.   117
DPTR FM NORMAL    20    [PRESSURE DATA]
TOTAL FM JAN 1   158    HIGHEST SLP 30.26 ON  5
DPTR FM NORMAL    50    LOWEST  SLP 29.42 ON 25

[REMARKS]
#FINAL-05-11#
