000
CXUS53 KSGF 010710
CF6VIH
PRELIMINARY LOCAL CLIMATOLOGICAL DATA (WS FORM: F-6)
STATION: VICHY-ROLLA MO
MONTH: MAY
YEAR: 2021
LATITUDE: 38 7 N
LONGITUDE: 91 46 W
TEMPERATURE IN F: :PCPN: SNOW: WIND :SUNSHINE: SKY :PK WND
================================================================================
1 2 3 4 5 6A 6B 7 8 9 10 11 12 13 14 15 16 17 18
12Z AVG MX 2MIN
DY MAX MIN AVG DEP HDD CDD WTR SNW DPTH SPD SPD DIR MIN PSBL S-S WX SPD DR
================================================================================
1 80 48 64 4 1 0 0.00 M M 11.8 22 230 M M 0 35 190
2 69 61 65 4 0 0 0.09 M M 9.3 20 160 M M 6 18 25 170
3 81 59 70 9 0 5 0.01 M M 8.8 22 220 M M 6 1 29 220
4 64 44 54 -7 11 0 0.58 M M 9.5 23 360 M M 8 1 31 350
5 68 41 55 -7 10 0 0.00 M M 3.7 13 330 M M 0 16 330
6 67 38 53 -9 12 0 T M M 9.6 23 330 M M 4 3 32 290
7 72 38 55 -7 10 0 0.00 M M 8.5 22 290 M M 3 35 300
8 71 53 62 0 3 0 0.01 M M 10.7 23 170 M M 6 29 150
9 67 40 54 -9 11 0 0.96 M M 12.0 30 310 M M 9 13 39 320
10 58 40 49 -14 16 0 0.00 M M 4.3 10 60 M M 1 1 19 90
11 60 35 48 -15 17 0 0.01 M M 6.3 15 40 M M 7 20 50
12 64 44 54 -10 11 0 0.00 M M 8.4 15 30 M M 4 22 30
13 67 40 54 -10 11 0 0.00 M M 5.7 12 100 M M 0 21 80
14 71 46 59 -5 6 0 0.00 M M 8.4 14 140 M M 1 19 130
15 62 53 58 -6 7 0 0.10 M M 8.1 14 160 M M 8 1 19 190
16 78 53 66 1 0 1 0.00 M M 6.0 15 170 M M 7 19 160
17 70 61 66 1 0 1 0.39 M M 10.3 21 170 M M 9 1 30 170
18 73 62 68 3 0 3 0.08 M M 10.7 17 150 M M 10 1 25 140
19 74 64 69 3 0 4 0.00 M M 12.2 25 170 M M 9 35 120
20 78 66 72 6 0 7 T M M 11.7 23 170 M M 6 33 160
21 80 68 74 8 0 9 T M M 9.1 20 180 M M 3 8 26 150
22 80 63 72 6 0 7 0.00 M M 6.1 13 160 M M 4 1 18 160
23 84 60 72 5 0 7 0.00 M M 6.7 12 200 M M 1 18 240
24 82 60 71 4 0 6 T M M 8.2 15 180 M M 1 21 170
25 81 64 73 6 0 8 0.20 M M 7.7 18 190 M M 7 1 28 200
26 84 65 75 7 0 10 0.00 M M 5.3 10 260 M M 5 1 16 200
27 81 61 71 3 0 6 0.77 M M 7.3 45 320 M M 4 123 66 310
28 64 48 56 -12 9 0 0.07 M M 10.7 20 320 M M 10 12 26 330
29 63 40 52 -16 13 0 0.00 M M 7.6 14 10 M M 7 21 40
30 70 38 54 -15 11 0 0.00 M M 4.1 10 100 M M 0 1 17 100
31 75 50 63 -6 2 0 0.00 M M 4.9 13 170 M M 1 17 180
================================================================================
SM 2238 1603 161 74 3.27 M 253.7 M 147
================================================================================
AV 72.2 51.7 8.2 FASTST M M 5 MAX(MPH)
MISC ----> 45 320 66 310
================================================================================
NOTES:
# LAST OF SEVERAL OCCURRENCES
COLUMN 17 PEAK WIND IN M.P.H.
PRELIMINARY LOCAL CLIMATOLOGICAL DATA (WS FORM: F-6) , PAGE 2
STATION: VICHY-ROLLA MO
MONTH: MAY
YEAR: 2021
LATITUDE: 38 7 N
LONGITUDE: 91 46 W
[TEMPERATURE DATA] [PRECIPITATION DATA] SYMBOLS USED IN COLUMN 16
AVERAGE MONTHLY: 62.0 TOTAL FOR MONTH: 3.27 1 = FOG OR MIST
DPTR FM NORMAL: -2.7 DPTR FM NORMAL: -2.08 2 = FOG REDUCING VISIBILITY
HIGHEST: 84 ON 26,23 GRTST 24HR 0.96 ON 8- 9 TO 1/4 MILE OR LESS
LOWEST: 35 ON 11 3 = THUNDER
SNOW, ICE PELLETS, HAIL 4 = ICE PELLETS
TOTAL MONTH: M 5 = HAIL
GRTST 24HR M ON M 6 = FREEZING RAIN OR DRIZZLE
GRTST DEPTH: M ON M 7 = DUSTSTORM OR SANDSTORM:
VSBY 1/2 MILE OR LESS
8 = SMOKE OR HAZE
[NO. OF DAYS WITH] [WEATHER - DAYS WITH] 9 = BLOWING SNOW
X = TORNADO
MAX 32 OR BELOW: 0 0.01 INCH OR MORE: 12
MAX 90 OR ABOVE: 0 0.10 INCH OR MORE: 6
MIN 32 OR BELOW: 0 0.50 INCH OR MORE: 3
MIN 0 OR BELOW: 0 1.00 INCH OR MORE: 0
[HDD (BASE 65) ]
TOTAL THIS MO. 161 CLEAR (SCALE 0-3) 10
DPTR FM NORMAL 54 PTCLDY (SCALE 4-7) 16
TOTAL FM JUL 1 4731 CLOUDY (SCALE 8-10) 5
DPTR FM NORMAL 19
[CDD (BASE 65) ]
TOTAL THIS MO. 74
DPTR FM NORMAL -22 [PRESSURE DATA]
TOTAL FM JAN 1 87 HIGHEST SLP M ON M
DPTR FM NORMAL -38 LOWEST SLP 29.44 ON 9
[REMARKS]
#FINAL-05-21#